66.248.201.0 - - [27/Aug/2026:02:27:23 +0200] "GET /wp-content/themes/Divi/js/scripts.min.js?ver=4.27.4 HTTP/1.1" 304 6570 "http://sucuri.net" "Mozilla/5.0 (compatible; MSIE 8.0; MSIE 9.0; Windows NT 6.0; Trident/4.0; InfoPath.1; SV1; .NET CLR 3.8.36217; WOW64; en-US)" kmu-hofmann.de
208.109.3.0 - - [27/Aug/2026:02:27:25 +0200] "GET /wp-includes/js/mediaelement/wp-mediaelement.min.js?ver=7.0.4 HTTP/1.1" 200 7718 "http://sucuri.net" "Mozilla/5.0 (compatible; MSIE 8.0; MSIE 9.0; Windows NT 6.0; Trident/4.0; InfoPath.1; SV1; .NET CLR 3.8.36217; WOW64; en-US)" kmu-hofmann.de
66.248.201.0 - - [27/Aug/2026:02:27:26 +0200] "GET / HTTP/1.1" 200 42996 "" "Ipad Iphone Safari" kmu-hofmann.de
66.248.201.0 - - [27/Aug/2026:02:27:28 +0200] "GET /404testpage4525d2fdc HTTP/1.1" 301 7051 "http://sucuri.net" "Mozilla/5.0 (compatible; MSIE 8.0; MSIE 9.0; Windows NT 6.0; Trident/4.0; InfoPath.1; SV1; .NET CLR 3.8.36217; WOW64; en-US)" kmu-hofmann.de
66.248.201.0 - - [27/Aug/2026:02:27:29 +0200] "GET / HTTP/1.1" 200 43003 "http://sucuri.net" "Mozilla/5.0 (compatible; MSIE 8.0; MSIE 9.0; Windows NT 6.0; Trident/4.0; InfoPath.1; SV1; .NET CLR 3.8.36217; WOW64; en-US)" kmu-hofmann.de
66.248.201.0 - - [27/Aug/2026:02:27:32 +0200] "GET /404javascript.js HTTP/1.1" 301 7051 "http://www.google.com/url/?sa=t" "Mozilla/5.0 (compatible; MSIE 8.0; MSIE 9.0; Windows NT 6.0; Trident/4.0; InfoPath.1; SV1; .NET CLR 3.8.36217; WOW64; en-US)" kmu-hofmann.de
208.109.3.0 - - [27/Aug/2026:02:27:33 +0200] "GET / HTTP/1.1" 301 6970 "http://www.google.com/url/?sa=t" "Mozilla/5.0 (compatible; MSIE 8.0; MSIE 9.0; Windows NT 6.0; Trident/4.0; InfoPath.1; SV1; .NET CLR 3.8.36217; WOW64; en-US)" www.kmu-hofmann.de
208.109.3.0 - - [27/Aug/2026:02:27:34 +0200] "GET /katja-hofmann/ HTTP/1.1" 200 43893 "-" "Googlebot/2.1; +http://www.google.com/bot.html)" kmu-hofmann.de
208.109.3.0 - - [27/Aug/2026:02:27:37 +0200] "GET /team/ HTTP/1.1" 200 39289 "-" "Mozilla/5.0 (iPhone; U; CPU iPhone OS 3_0 like Mac OS X; en-us) AppleWebKit/528.18 (KHTML, like Gecko) Version/4.0 Mobile/7A341 Safari/528.16; Ipad" kmu-hofmann.de
66.248.201.0 - - [27/Aug/2026:02:27:39 +0200] "GET /auszeichnungen/ HTTP/1.1" 200 48759 "http://www.bing.com/?s=bing" "Mozilla/5.0 (compatible; MSIE 8.0; MSIE 9.0; Windows NT 6.0; Trident/4.0; InfoPath.1; SV1; .NET CLR 3.8.36217; WOW64; en-US)" kmu-hofmann.de
185.93.231.0 - - [27/Aug/2026:02:27:43 +0200] "POST /wp-cron.php?doing_wp_cron=1787790463.2703819274902343750000 HTTP/1.1" 200 6636 "-" "KD6dFWgF8jUb" kmu-hofmann.de
66.248.201.0 - - [27/Aug/2026:02:27:41 +0200] "GET /gesellschaftliche-verantwortung/ HTTP/1.1" 200 49330 "http://www.facebook.com/" "Mozilla/5.0 (compatible; MSIE 8.0; MSIE 9.0; Windows NT 6.0; Trident/4.0; InfoPath.1; SV1; .NET CLR 3.8.36217; WOW64; en-US)" kmu-hofmann.de
66.248.201.0 - - [27/Aug/2026:02:27:44 +0200] "GET /philosophie/ HTTP/1.1" 200 42312 "-" "Mozilla/5.0 (Linux; U; Android 4.0.3; ko-kr; LG-L160L Build/IML74K) AppleWebkit/534.30 (KHTML, like Gecko) Version/4.0 Mobile Safari/534.30" kmu-hofmann.de
66.248.201.0 - - [27/Aug/2026:02:27:46 +0200] "GET /leistungen/ HTTP/1.1" 200 39583 "http://www.facebook.com/" "Mozilla/5.0 (Windows NT 5.1) AppleWebKit/535.11 (KHTML, like Gecko) Chrome/17.0.963.79 Safari/535.11" kmu-hofmann.de
208.109.3.0 - - [27/Aug/2026:02:27:48 +0200] "GET /csr-planer/ HTTP/1.1" 200 48676 "http://sucuri.net" "Mozilla/5.0 (compatible; MSIE 8.0; MSIE 9.0; Windows NT 6.0; Trident/4.0; InfoPath.1; SV1; .NET CLR 3.8.36217; WOW64; en-US)" kmu-hofmann.de
208.109.3.0 - - [27/Aug/2026:02:27:51 +0200] "GET /coaching/ HTTP/1.1" 200 49100 "http://www.google.com/url/?sa=t" "Mozilla/5.0 (compatible; MSIE 8.0; MSIE 9.0; Windows NT 6.0; Trident/4.0; InfoPath.1; SV1; .NET CLR 3.8.36217; WOW64; en-US)" kmu-hofmann.de
66.248.202.0 - - [27/Aug/2026:02:28:34 +0200] "GET /2018/09/haptisches-verkaufserlebnis-braucht-die-welt-so-etwas-noch/ HTTP/1.1" 200 43164 "-" "Mozilla/5.0 (Macintosh; Intel Mac OS X 10_15_7) AppleWebKit/605.1.15 (KHTML, like Gecko) Version/17.4 Safari/605.1.15 (Applebot/0.1; +http://www.apple.com/go/applebot)" kmu-hofmann.de
185.93.231.0 - - [27/Aug/2026:02:28:51 +0200] "POST /wp-cron.php?doing_wp_cron=1787790531.0771579742431640625000 HTTP/1.1" 200 6636 "-" "HUNHR1DdKwip" kmu-hofmann.de
66.248.203.0 - - [27/Aug/2026:02:28:50 +0200] "GET /?sucurianticache=24708000 HTTP/1.1" 301 6995 "-" "Sucuri Uptime Monitor" www.kmu-hofmann.de
66.248.203.0 - - [27/Aug/2026:02:28:51 +0200] "GET /?sucurianticache=24708000 HTTP/1.1" 200 195071 "-" "Sucuri Uptime Monitor" kmu-hofmann.de
66.248.203.0 - - [27/Aug/2026:02:28:54 +0200] "GET /?sucurianticache=1036141307 HTTP/1.1" 301 6997 "-" "Sucuri Uptime Monitor" www.kmu-hofmann.de
66.248.203.0 - - [27/Aug/2026:02:28:55 +0200] "GET /?sucurianticache=1036141307 HTTP/1.1" 200 195071 "-" "Sucuri Uptime Monitor" kmu-hofmann.de
185.93.231.0 - - [27/Aug/2026:02:29:28 +0200] "GET /2014/12/der-kampf-gegen-den-online-handel-osianders-buecherpartys/ HTTP/1.1" 200 195187 "https://kmu-hofmann.de/2014/12/der-kampf-gegen-den-online-handel-osianders-buecherpartys/" "Mozilla/5.0 (Windows NT 10.0; Win64; x64) AppleWebKit/537.36 (KHTML, like Gecko) Chrome/131.0.0.0 Safari/537.36" kmu-hofmann.de
185.93.231.0 - - [27/Aug/2026:02:29:50 +0200] "POST /wp-cron.php?doing_wp_cron=1787790590.1749610900878906250000 HTTP/1.1" 200 6636 "-" "IuXCUaPjsbvW" kmu-hofmann.de
185.93.231.0 - - [27/Aug/2026:02:29:49 +0200] "GET / HTTP/1.1" 200 196788 "https://kmu-hofmann.de/" "Mozilla/5.0 (Windows NT 10.0; Win64; x64) AppleWebKit/537.36 (KHTML, like Gecko) Chrome/130.0.0.0 Safari/537.36 CCleaner/130.0.0.0" kmu-hofmann.de
185.93.231.0 - - [27/Aug/2026:02:29:50 +0200] "POST /wp-admin/admin-ajax.php HTTP/1.1" 200 6963 "https://kmu-hofmann.de/" "Mozilla/5.0 (Windows NT 10.0; Win64; x64) AppleWebKit/537.36 (KHTML, like Gecko) Chrome/130.0.0.0 Safari/537.36 CCleaner/130.0.0.0" kmu-hofmann.de
185.93.231.0 - - [27/Aug/2026:02:31:39 +0200] "POST /wp-cron.php?doing_wp_cron=1787790699.7271120548248291015625 HTTP/1.1" 200 6636 "-" "gKAJsyyn45Uw" kmu-hofmann.de
185.93.231.0 - - [27/Aug/2026:02:31:38 +0200] "GET /2014/02/kmu-wurde-fuer-den-grossen-preis-des-mittelstandes-nominiert/ HTTP/1.1" 200 40812 "-" "Mozilla/5.0 (Windows NT 10.0; Win64; x64) AppleWebKit/537.36 (KHTML, like Gecko) Chrome/148.0.0.0 Safari/537.36" kmu-hofmann.de
208.109.1.0 - - [27/Aug/2026:02:31:40 +0200] "GET /2016/07/zum-dritten-mal-in-folge-ausgezeichnet-kmu-gehoert-zu-den-fuenf-beispielhaften-unternehmen-in-baden-wuerttemberg/ HTTP/1.1" 200 42140 "-" "Mozilla/5.0 (Windows NT 10.0; Win64; x64) AppleWebKit/537.36 (KHTML, like Gecko) Chrome/148.0.0.0 Safari/537.36" kmu-hofmann.de
208.109.1.0 - - [27/Aug/2026:02:31:43 +0200] "GET /wp-content/uploads/2015/07/Seminar-Wie_aus_guten_Ideen_Erfolge_werden.pdf HTTP/1.1" 200 6628999 "-" "Mozilla/5.0 (Windows NT 10.0; Win64; x64) AppleWebKit/537.36 (KHTML, like Gecko) Chrome/148.0.0.0 Safari/537.36" www.kmu-hofmann.de
66.248.203.0 - - [27/Aug/2026:02:31:56 +0200] "GET /?rnd=1787790715815 HTTP/1.1" 301 6988 "-" "Sucuri-UptimeMonitoring" www.kmu-hofmann.de
66.248.202.0 - - [27/Aug/2026:02:31:56 +0200] "GET /2016/03/kmu-katja-hofmann-fuer-vorbildliches-regionales-engagement-ausgezeichnet HTTP/1.1" 301 7098 "https://www.kmu-hofmann.de/gesellschaftliche-verantwortung" "Mozilla/5.0 (Linux; Android 7.0;) AppleWebKit/537.36 (HTML, like Gecko) Mobile Safari/537.36 (compatible; PetalBot;+https://webmaster.petalsearch.com/site/petalbot)" www.kmu-hofmann.de
66.248.203.0 - - [27/Aug/2026:02:31:57 +0200] "GET /?rnd=1787790715815 HTTP/1.1" 200 42427 "https://www.kmu-hofmann.de/?rnd=1787790715815" "Sucuri-UptimeMonitoring" kmu-hofmann.de
66.248.202.0 - - [27/Aug/2026:02:31:58 +0200] "GET /2016/03/kmu-katja-hofmann-fuer-vorbildliches-regionales-engagement-ausgezeichnet/ HTTP/1.1" 200 41165 "https://www.kmu-hofmann.de/gesellschaftliche-verantwortung" "Mozilla/5.0 (Linux; Android 7.0;) AppleWebKit/537.36 (HTML, like Gecko) Mobile Safari/537.36 (compatible; PetalBot;+https://webmaster.petalsearch.com/site/petalbot)" kmu-hofmann.de
102.134.101.0 - - [27/Aug/2026:02:33:17 +0200] "GET /wp-login.php HTTP/2.0" 301 408 "-" "Mozilla/5.0 (Windows NT 10.0; Win64; x64) AppleWebKit/537.36 (KHTML, like Gecko) Chrome/151.0.0.0 Safari/537.36" kmu-csr-planer.de
185.93.231.0 - - [27/Aug/2026:02:33:20 +0200] "POST /wp-cron.php?doing_wp_cron=1787790800.3956859111785888671875 HTTP/1.1" 200 6636 "-" "jjSx1kAQGje2" kmu-hofmann.de
66.248.202.0 - - [27/Aug/2026:02:33:19 +0200] "GET /page/5?p=ugg-boots-von-maur-447540.html HTTP/1.1" 301 7002 "https://kmu-hofmann.de/page/4?p=ugg-boots-von-maur-447540.html" "Mozilla/5.0 (Linux; Android 7.0;) AppleWebKit/537.36 (HTML, like Gecko) Mobile Safari/537.36 (compatible; PetalBot;+https://webmaster.petalsearch.com/site/petalbot)" kmu-hofmann.de
66.248.202.0 - - [27/Aug/2026:02:33:21 +0200] "GET /page/5/?p=ugg-boots-von-maur-447540.html HTTP/1.1" 200 39248 "https://kmu-hofmann.de/page/4?p=ugg-boots-von-maur-447540.html" "Mozilla/5.0 (Linux; Android 7.0;) AppleWebKit/537.36 (HTML, like Gecko) Mobile Safari/537.36 (compatible; PetalBot;+https://webmaster.petalsearch.com/site/petalbot)" kmu-hofmann.de
185.93.231.0 - - [27/Aug/2026:02:34:11 +0200] "POST /wp-cron.php?doing_wp_cron=1787790851.5574190616607666015625 HTTP/1.1" 200 6636 "-" "rjI6Hh90Afj4" kmu-hofmann.de
66.248.203.0 - - [27/Aug/2026:02:34:10 +0200] "GET /?sucurianticache=543930268 HTTP/1.1" 301 6996 "-" "Sucuri Uptime Monitor" www.kmu-hofmann.de
66.248.203.0 - - [27/Aug/2026:02:34:12 +0200] "GET /?sucurianticache=543930268 HTTP/1.1" 200 195071 "-" "Sucuri Uptime Monitor" kmu-hofmann.de
192.88.135.0 - - [27/Aug/2026:02:34:15 +0200] "GET /?sucurianticache=2075523147 HTTP/1.1" 301 6997 "-" "Sucuri Uptime Monitor" www.kmu-hofmann.de
192.88.135.0 - - [27/Aug/2026:02:34:16 +0200] "GET /?sucurianticache=2075523147 HTTP/1.1" 200 195071 "-" "Sucuri Uptime Monitor" kmu-hofmann.de
66.248.203.0 - - [27/Aug/2026:02:34:23 +0200] "GET /robots.txt HTTP/1.1" 200 6829 "-" "Mozilla/5.0 (compatible; um-FC/1.0; https://www.ubermetrics-technologies.com/; Windows NT 6.1; WOW64; rv:125.0) Gecko/20100101 Firefox/125.1" kmu-hofmann.de
66.248.203.0 - - [27/Aug/2026:02:34:24 +0200] "GET /feed/ HTTP/1.1" 200 111978 "-" "Mozilla/5.0 (compatible; um-IC/1.0; https://www.ubermetrics-technologies.com/; Windows NT 6.1; WOW64; rv:125.0) Gecko/20100101 Firefox/125.1" kmu-hofmann.de
185.93.231.0 - - [27/Aug/2026:02:34:41 +0200] "POST /wp-cron.php?doing_wp_cron=1787790881.3667991161346435546875 HTTP/1.1" 200 6636 "-" "zelFaVw8XQhe" kmu-hofmann.de
66.248.202.0 - - [27/Aug/2026:02:34:40 +0200] "GET /page/4/?p=wholesale-womens-uggs-901318.html HTTP/1.1" 200 38532 "https://kmu-hofmann.de/page/3?p=wholesale-womens-uggs-901318.html" "Mozilla/5.0 (Linux; Android 7.0;) AppleWebKit/537.36 (HTML, like Gecko) Mobile Safari/537.36 (compatible; PetalBot;+https://webmaster.petalsearch.com/site/petalbot)" kmu-hofmann.de
185.93.231.0 - - [27/Aug/2026:02:36:05 +0200] "POST /wp-cron.php?doing_wp_cron=1787790965.5233600139617919921875 HTTP/1.1" 200 6636 "-" "P4aGgDHu0TJq" kmu-hofmann.de
66.248.202.0 - - [27/Aug/2026:02:36:04 +0200] "GET /page/31/?p=uggs-earmuffs-013973.html HTTP/1.1" 200 38643 "https://kmu-hofmann.de/page/31/?p=uggs-earmuffs-013973.html" "Mozilla/5.0 (Linux; Android 7.0;) AppleWebKit/537.36 (HTML, like Gecko) Mobile Safari/537.36 (compatible; PetalBot;+https://webmaster.petalsearch.com/site/petalbot)" kmu-hofmann.de
185.93.231.0 - - [27/Aug/2026:02:37:30 +0200] "POST /wp-cron.php?doing_wp_cron=1787791050.5434260368347167968750 HTTP/1.1" 200 6636 "-" "Gzx728WTha3b" kmu-hofmann.de
66.248.202.0 - - [27/Aug/2026:02:37:27 +0200] "GET /coaching/ HTTP/1.1" 200 49099 "https://kmu-hofmann.de/page/3/?p=ugg-outlet-78.html" "Mozilla/5.0 (Linux; Android 7.0;) AppleWebKit/537.36 (HTML, like Gecko) Mobile Safari/537.36 (compatible; PetalBot;+https://webmaster.petalsearch.com/site/petalbot)" kmu-hofmann.de
66.248.203.0 - - [27/Aug/2026:02:37:38 +0200] "GET /?rnd=1787791057639 HTTP/1.1" 301 6988 "-" "Sucuri-UptimeMonitoring" www.kmu-hofmann.de
185.93.231.0 - - [27/Aug/2026:02:37:41 +0200] "POST /wp-cron.php?doing_wp_cron=1787791061.3145759105682373046875 HTTP/1.1" 200 6636 "-" "rHC5M7urvMjH" kmu-hofmann.de
66.248.203.0 - - [27/Aug/2026:02:37:39 +0200] "GET /?rnd=1787791057639 HTTP/1.1" 200 42427 "https://www.kmu-hofmann.de/?rnd=1787791057639" "Sucuri-UptimeMonitoring" kmu-hofmann.de
185.93.231.0 - - [27/Aug/2026:02:38:52 +0200] "POST /wp-cron.php?doing_wp_cron=1787791132.2753610610961914062500 HTTP/1.1" 200 6636 "-" "UX4hgLkVxSek" kmu-hofmann.de
66.248.202.0 - - [27/Aug/2026:02:38:51 +0200] "GET /author/katja-hofmann/page/53 HTTP/1.1" 301 6991 "https://kmu-hofmann.de/author/katja-hofmann/page/53" "Mozilla/5.0 (Linux; Android 7.0;) AppleWebKit/537.36 (HTML, like Gecko) Mobile Safari/537.36 (compatible; PetalBot;+https://webmaster.petalsearch.com/site/petalbot)" kmu-hofmann.de
66.248.202.0 - - [27/Aug/2026:02:38:52 +0200] "GET /author/katja-hofmann/page/53/ HTTP/1.1" 200 37385 "https://kmu-hofmann.de/author/katja-hofmann/page/53" "Mozilla/5.0 (Linux; Android 7.0;) AppleWebKit/537.36 (HTML, like Gecko) Mobile Safari/537.36 (compatible; PetalBot;+https://webmaster.petalsearch.com/site/petalbot)" kmu-hofmann.de
216.73.216.0 - - [27/Aug/2026:02:39:32 +0200] "GET /sitemap.xml HTTP/2.0" 301 103 "-" "Mozilla/5.0 AppleWebKit/537.36 (KHTML, like Gecko; compatible; ClaudeBot/1.0; +claudebot@anthropic.com)" www.kmu-csr-planer.de
185.93.231.0 - - [27/Aug/2026:02:40:18 +0200] "POST /wp-cron.php?doing_wp_cron=1787791218.0909938812255859375000 HTTP/1.1" 200 6636 "-" "5Gil86C6U28y" kmu-hofmann.de
66.248.202.0 - - [27/Aug/2026:02:40:17 +0200] "GET /author/katja-hofmann/page/15/ HTTP/1.1" 200 37497 "https://kmu-hofmann.de/author/katja-hofmann/page/16" "Mozilla/5.0 (Linux; Android 7.0;) AppleWebKit/537.36 (HTML, like Gecko) Mobile Safari/537.36 (compatible; PetalBot;+https://webmaster.petalsearch.com/site/petalbot)" kmu-hofmann.de
208.109.0.0 - - [27/Aug/2026:02:40:34 +0200] "GET /wp-content/uploads/2015/06/Seminar-Innovationsentwicklung.pdf HTTP/1.1" 200 5839839 "-" "Mozilla/5.0 (Windows NT 10.0; Win64; x64) AppleWebKit/537.36 (KHTML, like Gecko) Chrome/148.0.0.0 Safari/537.36" www.kmu-hofmann.de
208.109.1.0 - - [27/Aug/2026:02:40:36 +0200] "GET /wp-content/uploads/2015/06/Vortrag-Marketing_2020.pdf HTTP/1.1" 200 3552237 "-" "Mozilla/5.0 (Windows NT 10.0; Win64; x64) AppleWebKit/537.36 (KHTML, like Gecko) Chrome/148.0.0.0 Safari/537.36" www.kmu-hofmann.de
185.93.231.0 - - [27/Aug/2026:02:40:36 +0200] "GET /wp-content/uploads/2015/06/Vortrag-Erfolg_mit_Ihrem_guten_Namen.pdf HTTP/1.1" 200 6183453 "-" "Mozilla/5.0 (Windows NT 10.0; Win64; x64) AppleWebKit/537.36 (KHTML, like Gecko) Chrome/148.0.0.0 Safari/537.36" www.kmu-hofmann.de
66.248.203.0 - - [27/Aug/2026:02:40:47 +0200] "GET /?sucurianticache=1609461179 HTTP/1.1" 301 6997 "-" "Sucuri Uptime Monitor" www.kmu-hofmann.de
66.248.203.0 - - [27/Aug/2026:02:40:49 +0200] "GET /?sucurianticache=1609461179 HTTP/1.1" 200 195071 "-" "Sucuri Uptime Monitor" kmu-hofmann.de
66.248.203.0 - - [27/Aug/2026:02:40:52 +0200] "GET /?sucurianticache=1915707203 HTTP/1.1" 301 6997 "-" "Sucuri Uptime Monitor" www.kmu-hofmann.de
66.248.203.0 - - [27/Aug/2026:02:40:53 +0200] "GET /?sucurianticache=1915707203 HTTP/1.1" 200 195071 "-" "Sucuri Uptime Monitor" kmu-hofmann.de
66.248.202.0 - - [27/Aug/2026:02:41:12 +0200] "GET / HTTP/1.1" 200 43000 "http://kmu-hofmann.de" "Mozilla/5.0 (iPhone; CPU iPhone OS 13_2_3 like Mac OS X) AppleWebKit/605.1.15 (KHTML, like Gecko) Version/13.0.3 Mobile/15E148 Safari/604.1" kmu-hofmann.de
17.246.23.0 - - [27/Aug/2026:02:41:21 +0200] "GET /fuer-unternehmen/ HTTP/2.0" 200 45686 "-" "Mozilla/5.0 (Macintosh; Intel Mac OS X 10_15_7) AppleWebKit/605.1.15 (KHTML, like Gecko) Version/17.4 Safari/605.1.15 (Applebot/0.1; +http://www.apple.com/go/applebot)" www.kmu-csr-planer.de
185.93.231.0 - - [27/Aug/2026:02:41:39 +0200] "POST /wp-cron.php?doing_wp_cron=1787791299.0749559402465820312500 HTTP/1.1" 200 6636 "-" "Zy1nwU2U5h94" kmu-hofmann.de
66.248.202.0 - - [27/Aug/2026:02:41:38 +0200] "GET /2014/07/website-2014-was-sind-die-wichtigsten-trends-und-worauf-sollte-man-achten/ HTTP/1.1" 200 42369 "https://kmu-hofmann.de/page/18/?p=cheap-zebra-uggs-072913.html" "Mozilla/5.0 (Linux; Android 7.0;) AppleWebKit/537.36 (HTML, like Gecko) Mobile Safari/537.36 (compatible; PetalBot;+https://webmaster.petalsearch.com/site/petalbot)" kmu-hofmann.de
185.93.231.0 - - [27/Aug/2026:02:43:03 +0200] "POST /wp-cron.php?doing_wp_cron=1787791383.3919539451599121093750 HTTP/1.1" 200 6636 "-" "M2sV3rpcZItO" kmu-hofmann.de
66.248.202.0 - - [27/Aug/2026:02:43:01 +0200] "GET /2011/08/presseartikel-im-zollern-alb-kurier-und-im-schwazwalder-bote-uber-die-beeindruckende-laudatio-von-katja-hofmann/ HTTP/1.1" 200 39747 "https://kmu-hofmann.de/category/pressearchiv/page/2/" "Mozilla/5.0 (Linux; Android 7.0;) AppleWebKit/537.36 (HTML, like Gecko) Mobile Safari/537.36 (compatible; PetalBot;+https://webmaster.petalsearch.com/site/petalbot)" kmu-hofmann.de
66.248.203.0 - - [27/Aug/2026:02:43:21 +0200] "GET /?rnd=1787791401337 HTTP/1.1" 301 6988 "-" "Sucuri-UptimeMonitoring" www.kmu-hofmann.de
66.248.203.0 - - [27/Aug/2026:02:43:23 +0200] "GET /?rnd=1787791401337 HTTP/1.1" 200 42427 "https://www.kmu-hofmann.de/?rnd=1787791401337" "Sucuri-UptimeMonitoring" kmu-hofmann.de
185.93.231.0 - - [27/Aug/2026:02:44:29 +0200] "POST /wp-cron.php?doing_wp_cron=1787791469.5845370292663574218750 HTTP/1.1" 200 6636 "-" "fgkVDE5OUs0J" kmu-hofmann.de
66.248.202.0 - - [27/Aug/2026:02:44:28 +0200] "GET /2011/07/kmu-wissensworkshop-1 HTTP/1.1" 301 6992 "https://kmu-hofmann.de/category/offene-seminare" "Mozilla/5.0 (Linux; Android 7.0;) AppleWebKit/537.36 (HTML, like Gecko) Mobile Safari/537.36 (compatible; PetalBot;+https://webmaster.petalsearch.com/site/petalbot)" kmu-hofmann.de
66.248.202.0 - - [27/Aug/2026:02:44:30 +0200] "GET /2011/07/kmu-wissensworkshop-1/ HTTP/1.1" 200 39761 "https://kmu-hofmann.de/category/offene-seminare" "Mozilla/5.0 (Linux; Android 7.0;) AppleWebKit/537.36 (HTML, like Gecko) Mobile Safari/537.36 (compatible; PetalBot;+https://webmaster.petalsearch.com/site/petalbot)" kmu-hofmann.de
62.210.185.0 - - [27/Aug/2026:02:45:18 +0200] "GET /wp-login.php HTTP/2.0" 301 408 "-" "Mozilla/5.0 (Windows NT 10.0; Win64; x64) AppleWebKit/537.36 (KHTML, like Gecko) Chrome/151.0.0.0 Safari/537.36" kmu-csr-planer.de
185.93.231.0 - - [27/Aug/2026:02:45:49 +0200] "POST /wp-cron.php?doing_wp_cron=1787791549.7494568824768066406250 HTTP/1.1" 200 6636 "-" "boXh62Tn1bkn" kmu-hofmann.de
66.248.202.0 - - [27/Aug/2026:02:45:48 +0200] "GET /page/32/?p=cheap-uggs-in-china-655635.html HTTP/1.1" 200 39121 "https://kmu-hofmann.de/page/33/?p=cheap-uggs-in-china-655635.html" "Mozilla/5.0 (Linux; Android 7.0;) AppleWebKit/537.36 (HTML, like Gecko) Mobile Safari/537.36 (compatible; PetalBot;+https://webmaster.petalsearch.com/site/petalbot)" kmu-hofmann.de
185.93.231.0 - - [27/Aug/2026:02:47:08 +0200] "POST /wp-cron.php?doing_wp_cron=1787791628.1913859844207763671875 HTTP/1.1" 200 6636 "-" "GSIJPWYUulie" kmu-hofmann.de
66.248.203.0 - - [27/Aug/2026:02:47:07 +0200] "GET /?sucurianticache=1226017696 HTTP/1.1" 301 6997 "-" "Sucuri Uptime Monitor" www.kmu-hofmann.de
66.248.203.0 - - [27/Aug/2026:02:47:08 +0200] "GET /?sucurianticache=1226017696 HTTP/1.1" 200 195071 "-" "Sucuri Uptime Monitor" kmu-hofmann.de
66.248.203.0 - - [27/Aug/2026:02:47:11 +0200] "GET /?sucurianticache=1165929882 HTTP/1.1" 301 6997 "-" "Sucuri Uptime Monitor" www.kmu-hofmann.de
66.248.203.0 - - [27/Aug/2026:02:47:12 +0200] "GET /?sucurianticache=1165929882 HTTP/1.1" 200 195071 "-" "Sucuri Uptime Monitor" kmu-hofmann.de
185.93.231.0 - - [27/Aug/2026:02:49:08 +0200] "POST /wp-cron.php?doing_wp_cron=1787791748.3067009449005126953125 HTTP/1.1" 200 6636 "-" "0EmHbYjUtsXR" kmu-hofmann.de
66.248.203.0 - - [27/Aug/2026:02:49:07 +0200] "GET /?rnd=1787791746531 HTTP/1.1" 301 6988 "-" "Sucuri-UptimeMonitoring" www.kmu-hofmann.de
66.248.203.0 - - [27/Aug/2026:02:49:09 +0200] "GET /?rnd=1787791746531 HTTP/1.1" 200 42427 "https://www.kmu-hofmann.de/?rnd=1787791746531" "Sucuri-UptimeMonitoring" kmu-hofmann.de
170.247.143.0 - - [27/Aug/2026:02:51:36 +0200] "GET / HTTP/1.1" 301 5820 "https://betwinnermirror.com/all/1242/3.html" "Mozilla/5.0 (Macintosh; Intel Mac OS X 10_15_7) AppleWebKit/537.36 (KHTML, like Gecko) Chrome/121.0.6167.57 Safari/537.36" greenfranchise.de
176.28.76.0 - - [27/Aug/2026:02:51:38 +0200] "GET http://greenfranchise.de/ HTTP/1.1" 301 525 "https://betwinnermirror.com/all/1242/3.html" "Mozilla/5.0 (Macintosh; Intel Mac OS X 10_15_7) AppleWebKit/537.36 (KHTML, like Gecko) Chrome/121.0.6167.57 Safari/537.36" greenfranchise.de
31.220.124.0 - - [27/Aug/2026:02:51:39 +0200] "POST /wp-cron.php?doing_wp_cron=1787791899.4282000064849853515625 HTTP/1.1" 200 308 "-" "WordPress/6.9.4; https://www.kmu-csr-planer.de" www.kmu-csr-planer.de
176.28.76.0 - - [27/Aug/2026:02:51:38 +0200] "GET http://www.kmu-csr-planer.de/ HTTP/1.1" 301 372 "https://betwinnermirror.com/all/1242/3.html" "Mozilla/5.0 (Macintosh; Intel Mac OS X 10_15_7) AppleWebKit/537.36 (KHTML, like Gecko) Chrome/121.0.6167.57 Safari/537.36" www.kmu-csr-planer.de
166.114.164.0 - - [27/Aug/2026:02:51:42 +0200] "GET / HTTP/1.1" 200 47342 "https://betwinnermirror.com/all/1242/3.html" "Mozilla/5.0 (Macintosh; Intel Mac OS X 10_15_7) AppleWebKit/537.36 (KHTML, like Gecko) Chrome/121.0.6167.57 Safari/537.36" www.kmu-csr-planer.de
185.93.231.0 - - [27/Aug/2026:02:53:33 +0200] "POST /wp-cron.php?doing_wp_cron=1787792013.1474800109863281250000 HTTP/1.1" 200 6636 "-" "uFG8afVyWcLf" kmu-hofmann.de
66.248.202.0 - - [27/Aug/2026:02:53:32 +0200] "GET /?p=828 HTTP/1.1" 301 7015 "-" "Mozilla/5.0 (Windows NT 10.0; Win64; x64) AppleWebKit/537.36 (KHTML, like Gecko) Chrome/110.0.0.0 Safari/537.36" kmu-hofmann.de
185.93.228.0 - - [27/Aug/2026:02:53:34 +0200] "GET /2011/08/katja-hofmann-im-roten-sessel-zu-gast-in-der/ HTTP/1.1" 200 39520 "-" "Mozilla/5.0 (Windows NT 10.0; Win64; x64) AppleWebKit/537.36 (KHTML, like Gecko) Chrome/110.0.0.0 Safari/537.36" kmu-hofmann.de
66.248.203.0 - - [27/Aug/2026:02:53:34 +0200] "GET /?sucurianticache=1339844185 HTTP/1.1" 301 6997 "-" "Sucuri Uptime Monitor" www.kmu-hofmann.de
66.248.203.0 - - [27/Aug/2026:02:53:36 +0200] "GET /?sucurianticache=1339844185 HTTP/1.1" 200 195071 "-" "Sucuri Uptime Monitor" kmu-hofmann.de
208.109.3.0 - - [27/Aug/2026:02:53:38 +0200] "GET /?sucurianticache=992029880 HTTP/1.1" 301 6996 "-" "Sucuri Uptime Monitor" www.kmu-hofmann.de
208.109.3.0 - - [27/Aug/2026:02:53:39 +0200] "GET /?sucurianticache=992029880 HTTP/1.1" 200 195071 "-" "Sucuri Uptime Monitor" kmu-hofmann.de
185.93.231.0 - - [27/Aug/2026:02:54:54 +0200] "POST /wp-cron.php?doing_wp_cron=1787792093.9247589111328125000000 HTTP/1.1" 200 6636 "-" "65iM5onICekS" kmu-hofmann.de
66.248.203.0 - - [27/Aug/2026:02:54:53 +0200] "GET /?rnd=1787792092314 HTTP/1.1" 301 6988 "-" "Sucuri-UptimeMonitoring" www.kmu-hofmann.de
66.248.203.0 - - [27/Aug/2026:02:54:54 +0200] "GET /?rnd=1787792092314 HTTP/1.1" 200 42427 "https://www.kmu-hofmann.de/?rnd=1787792092314" "Sucuri-UptimeMonitoring" kmu-hofmann.de
185.93.231.0 - - [27/Aug/2026:02:55:09 +0200] "GET /wp-content/uploads/2014/01/Bildschirmfoto-2016-07-15-um-11.55.34.png HTTP/1.1" 200 477106 "-" "Mozilla/5.0 (Windows NT 10.0; Win64; x64) AppleWebKit/537.36 (KHTML, like Gecko) Chrome/148.0.0.0 Safari/537.36" www.kmu-hofmann.de
208.109.1.0 - - [27/Aug/2026:02:55:09 +0200] "GET /wp-content/uploads/2014/02/Esslinger-Zeitung-BDS-Plochingen-01.02.141.jpg HTTP/1.1" 200 342967 "-" "Mozilla/5.0 (Windows NT 10.0; Win64; x64) AppleWebKit/537.36 (KHTML, like Gecko) Chrome/148.0.0.0 Safari/537.36" www.kmu-hofmann.de
208.109.1.0 - - [27/Aug/2026:02:55:11 +0200] "GET /wp-content/uploads/2015/06/Seminar-Exzellenzstrategie.pdf HTTP/1.1" 200 6964935 "-" "Mozilla/5.0 (Windows NT 10.0; Win64; x64) AppleWebKit/537.36 (KHTML, like Gecko) Chrome/148.0.0.0 Safari/537.36" www.kmu-hofmann.de
66.248.203.0 - - [27/Aug/2026:02:55:33 +0200] "GET / HTTP/1.1" 301 6970 "-" "Mozilla/5.0 (Macintosh; Intel Mac OS X 10_15_7) AppleWebKit/537.36 (KHTML, like Gecko) Chrome/148.0.0.0 Safari/537.36 Edg/148.0.0.0" www.kmu-hofmann.de
185.93.231.0 - - [27/Aug/2026:02:55:53 +0200] "POST /wp-cron.php?doing_wp_cron=1787792153.5072650909423828125000 HTTP/1.1" 200 6636 "-" "MiXRTtMqjCMZ" kmu-hofmann.de
66.248.202.0 - - [27/Aug/2026:02:55:52 +0200] "GET /online-bestellformular-buch-trainermarketing/ HTTP/1.1" 301 7062 "-" "Mozilla/5.0 (Macintosh; Intel Mac OS X 10.15; rv:151.0) Gecko/20100101 Firefox/151.0" www.kmu-hofmann.de
64.89.161.0 - - [27/Aug/2026:02:58:32 +0200] "GET /wp-login.php HTTP/1.1" 302 314 "-" "iPhone; CPU iPhone OS 13_2_3 like Mac OS X) AppleWebKit/605.1.15 (KHTML, like Gecko) Version/13.0.3 Mobile/15E148 Safari/604.1)" www.kmu-csr-planer.de
64.89.161.0 - - [27/Aug/2026:02:58:34 +0200] "GET /wp-login.php HTTP/1.1" 200 7846 "-" "iPhone; CPU iPhone OS 13_2_3 like Mac OS X) AppleWebKit/605.1.15 (KHTML, like Gecko) Version/13.0.3 Mobile/15E148 Safari/604.1)" www.kmu-csr-planer.de
64.89.161.0 - - [27/Aug/2026:02:58:35 +0200] "POST /wp-login.php HTTP/1.1" 302 287 "-" "iPhone; CPU iPhone OS 13_2_3 like Mac OS X) AppleWebKit/605.1.15 (KHTML, like Gecko) Version/13.0.3 Mobile/15E148 Safari/604.1)" www.kmu-csr-planer.de
64.89.161.0 - - [27/Aug/2026:02:58:37 +0200] "GET /wp-login.php HTTP/1.1" 200 3576 "-" "iPhone; CPU iPhone OS 13_2_3 like Mac OS X) AppleWebKit/605.1.15 (KHTML, like Gecko) Version/13.0.3 Mobile/15E148 Safari/604.1)" www.kmu-csr-planer.de
185.93.231.0 - - [27/Aug/2026:02:59:05 +0200] "POST /wp-cron.php?doing_wp_cron=1787792345.3426070213317871093750 HTTP/1.1" 200 6636 "-" "eoy80V3e6Sp0" kmu-hofmann.de
66.248.203.0 - - [27/Aug/2026:02:59:04 +0200] "GET /rss.xml HTTP/1.1" 302 6597 "-" "Mozilla/5.0 (Macintosh; Intel Mac OS X 10.15; rv:135.0) Gecko/20100101 Firefox/135.0" kmu-hofmann.de
66.248.203.0 - - [27/Aug/2026:02:59:14 +0200] "GET /rss.xml HTTP/1.1" 302 6597 "-" "Mozilla/5.0 (Macintosh; Intel Mac OS X 10.15; rv:135.0) Gecko/20100101 Firefox/135.0" kmu-hofmann.de
66.248.203.0 - - [27/Aug/2026:02:59:18 +0200] "GET /sitemap.rss HTTP/1.1" 200 26042 "-" "Mozilla/5.0 (Macintosh; Intel Mac OS X 10.15; rv:135.0) Gecko/20100101 Firefox/135.0" kmu-hofmann.de
23.101.127.0 - - [27/Aug/2026:02:59:48 +0200] "GET / HTTP/1.1" 301 4736 "-" "Mozilla/5.0 (Windows NT 10.0; Win64; x64) AppleWebKit/537.36" kmu-csr-planer.de
185.93.231.0 - - [27/Aug/2026:02:59:50 +0200] "POST /wp-cron.php?doing_wp_cron=1787792390.0728859901428222656250 HTTP/1.1" 200 6636 "-" "zMQeAETbKQBH" kmu-hofmann.de
66.248.203.0 - - [27/Aug/2026:02:59:49 +0200] "GET /?sucurianticache=1427779085 HTTP/1.1" 301 6997 "-" "Sucuri Uptime Monitor" www.kmu-hofmann.de
66.248.203.0 - - [27/Aug/2026:02:59:50 +0200] "GET /?sucurianticache=1427779085 HTTP/1.1" 200 195071 "-" "Sucuri Uptime Monitor" kmu-hofmann.de
185.93.231.0 - - [27/Aug/2026:02:59:55 +0200] "POST /wp-cron.php?doing_wp_cron=1787792395.5761830806732177734375 HTTP/1.1" 200 6636 "-" "f03m7kBI9a7A" kmu-hofmann.de
66.248.203.0 - - [27/Aug/2026:02:59:55 +0200] "GET /?sucurianticache=622517116 HTTP/1.1" 301 6996 "-" "Sucuri Uptime Monitor" www.kmu-hofmann.de
66.248.203.0 - - [27/Aug/2026:02:59:56 +0200] "GET /?sucurianticache=622517116 HTTP/1.1" 200 195071 "-" "Sucuri Uptime Monitor" kmu-hofmann.de
23.101.127.0 - - [27/Aug/2026:03:00:08 +0200] "GET /wp-json/gravitysmtp/v1/tests/mock-data?page=gravitysmtp-settings HTTP/2.0" 301 493 "-" "Mozilla/5.0 (Windows NT 10.0; Win64; x64) AppleWebKit/537.36 (KHTML, like Gecko) Chrome/131.0.0.0 Safari/537.36" kmu-csr-planer.de
23.101.127.0 - - [27/Aug/2026:03:00:23 +0200] "POST /wp-json/batch/v1 HTTP/1.1" 301 4815 "-" "Mozilla/5.0" kmu-csr-planer.de
23.101.127.0 - - [27/Aug/2026:03:00:31 +0200] "POST /?rest_route=/batch/v1 HTTP/1.1" 301 4778 "-" "Mozilla/5.0" kmu-csr-planer.de
66.248.203.0 - - [27/Aug/2026:03:00:37 +0200] "GET /?rnd=1787792436486 HTTP/1.1" 301 6988 "-" "Sucuri-UptimeMonitoring" www.kmu-hofmann.de
66.248.203.0 - - [27/Aug/2026:03:00:38 +0200] "GET /?rnd=1787792436486 HTTP/1.1" 200 42427 "https://www.kmu-hofmann.de/?rnd=1787792436486" "Sucuri-UptimeMonitoring" kmu-hofmann.de
23.101.127.0 - - [27/Aug/2026:03:00:48 +0200] "POST /?rest_route=/batch/v1 HTTP/1.1" 301 4825 "-" "Mozilla/5.0" kmu-csr-planer.de
23.101.127.0 - - [27/Aug/2026:03:01:07 +0200] "POST / HTTP/1.1" 301 4783 "-" "Mozilla/5.0" kmu-csr-planer.de
17.246.19.0 - - [27/Aug/2026:03:01:12 +0200] "GET /wp-includes/css/admin-bar.min.css?ver=6.9.4 HTTP/2.0" 200 20501 "https://www.kmu-csr-planer.de/fuer-unternehmen/" "Mozilla/5.0 (Macintosh; Intel Mac OS X 10_15_7) AppleWebKit/605.1.15 (KHTML, like Gecko) Version/17.4 Safari/605.1.15 (Applebot/0.1; +http://www.apple.com/go/applebot)" www.kmu-csr-planer.de
17.246.19.0 - - [27/Aug/2026:03:01:13 +0200] "GET /wp-content/plugins/revslider/public/assets/css/rs6.css?ver=6.2.23 HTTP/2.0" 200 60177 "https://www.kmu-csr-planer.de/fuer-unternehmen/" "Mozilla/5.0 (Macintosh; Intel Mac OS X 10_15_7) AppleWebKit/605.1.15 (KHTML, like Gecko) Version/17.4 Safari/605.1.15 (Applebot/0.1; +http://www.apple.com/go/applebot)" www.kmu-csr-planer.de
17.246.19.0 - - [27/Aug/2026:03:01:14 +0200] "GET /wp-includes/css/dashicons.min.css?ver=6.9.4 HTTP/2.0" 200 59128 "https://www.kmu-csr-planer.de/fuer-unternehmen/" "Mozilla/5.0 (Macintosh; Intel Mac OS X 10_15_7) AppleWebKit/605.1.15 (KHTML, like Gecko) Version/17.4 Safari/605.1.15 (Applebot/0.1; +http://www.apple.com/go/applebot)" www.kmu-csr-planer.de
208.109.2.0 - - [27/Aug/2026:03:01:15 +0200] "GET /robots.txt HTTP/1.1" 304 6575 "-" "Mozilla/5.0 (compatible; DotBot/1.2; +https://opensiteexplorer.org/dotbot; help@moz.com)" www.kmu-hofmann.de
17.246.19.0 - - [27/Aug/2026:03:01:16 +0200] "GET /wp-content/plugins/contact-form-7/includes/css/styles.css?ver=6.1.5 HTTP/2.0" 200 3042 "https://www.kmu-csr-planer.de/fuer-unternehmen/" "Mozilla/5.0 (Macintosh; Intel Mac OS X 10_15_7) AppleWebKit/605.1.15 (KHTML, like Gecko) Version/17.4 Safari/605.1.15 (Applebot/0.1; +http://www.apple.com/go/applebot)" www.kmu-csr-planer.de
17.246.19.0 - - [27/Aug/2026:03:01:17 +0200] "GET /wp-content/plugins/vc-extensions-bundle/css/admin_icon.css?ver=6.9.4 HTTP/2.0" 200 15141 "https://www.kmu-csr-planer.de/fuer-unternehmen/" "Mozilla/5.0 (Macintosh; Intel Mac OS X 10_15_7) AppleWebKit/605.1.15 (KHTML, like Gecko) Version/17.4 Safari/605.1.15 (Applebot/0.1; +http://www.apple.com/go/applebot)" www.kmu-csr-planer.de
23.101.127.0 - - [27/Aug/2026:03:01:17 +0200] "POST /index.php/wp-json/batch/v1 HTTP/1.1" 301 4788 "-" "Mozilla/5.0" kmu-csr-planer.de
17.246.19.0 - - [27/Aug/2026:03:01:19 +0200] "GET /wp-content/plugins/timeline-and-history-slider/assets/css/slick.css?ver=2.4.5.1 HTTP/2.0" 200 1520 "https://www.kmu-csr-planer.de/fuer-unternehmen/" "Mozilla/5.0 (Macintosh; Intel Mac OS X 10_15_7) AppleWebKit/605.1.15 (KHTML, like Gecko) Version/17.4 Safari/605.1.15 (Applebot/0.1; +http://www.apple.com/go/applebot)" www.kmu-csr-planer.de
17.246.19.0 - - [27/Aug/2026:03:01:20 +0200] "GET /wp-content/plugins/timeline-and-history-slider/assets/css/slick-slider-style.css?ver=2.4.5.1 HTTP/2.0" 200 7576 "https://www.kmu-csr-planer.de/fuer-unternehmen/" "Mozilla/5.0 (Macintosh; Intel Mac OS X 10_15_7) AppleWebKit/605.1.15 (KHTML, like Gecko) Version/17.4 Safari/605.1.15 (Applebot/0.1; +http://www.apple.com/go/applebot)" www.kmu-csr-planer.de
17.246.19.0 - - [27/Aug/2026:03:01:21 +0200] "GET /wp-content/plugins/ultimate-carousel-for-visual-composer-pro//css/font-awesome/css/all.css?ver=6.9.4 HTTP/2.0" 200 1693 "https://www.kmu-csr-planer.de/fuer-unternehmen/" "Mozilla/5.0 (Macintosh; Intel Mac OS X 10_15_7) AppleWebKit/605.1.15 (KHTML, like Gecko) Version/17.4 Safari/605.1.15 (Applebot/0.1; +http://www.apple.com/go/applebot)" www.kmu-csr-planer.de
23.101.127.0 - - [27/Aug/2026:03:01:22 +0200] "POST /index.php/wp-json/batch/v1 HTTP/1.1" 301 4835 "-" "Mozilla/5.0" kmu-csr-planer.de
17.246.19.0 - - [27/Aug/2026:03:01:23 +0200] "GET /wp-content/plugins/modern-polls/resources/assets/css/modern-polls.css?ver=1.0.6 HTTP/2.0" 200 82 "https://www.kmu-csr-planer.de/fuer-unternehmen/" "Mozilla/5.0 (Macintosh; Intel Mac OS X 10_15_7) AppleWebKit/605.1.15 (KHTML, like Gecko) Version/17.4 Safari/605.1.15 (Applebot/0.1; +http://www.apple.com/go/applebot)" www.kmu-csr-planer.de
17.246.19.0 - - [27/Aug/2026:03:01:24 +0200] "GET /wp-content/plugins/modern-polls/resources/assets/css/mpp_iconfont.css?ver=1.0.6 HTTP/2.0" 200 15315 "https://www.kmu-csr-planer.de/fuer-unternehmen/" "Mozilla/5.0 (Macintosh; Intel Mac OS X 10_15_7) AppleWebKit/605.1.15 (KHTML, like Gecko) Version/17.4 Safari/605.1.15 (Applebot/0.1; +http://www.apple.com/go/applebot)" www.kmu-csr-planer.de
17.246.19.0 - - [27/Aug/2026:03:01:26 +0200] "GET /wp-content/themes/betheme/css/be.css?ver=28.5.7 HTTP/2.0" 200 520889 "https://www.kmu-csr-planer.de/fuer-unternehmen/" "Mozilla/5.0 (Macintosh; Intel Mac OS X 10_15_7) AppleWebKit/605.1.15 (KHTML, like Gecko) Version/17.4 Safari/605.1.15 (Applebot/0.1; +http://www.apple.com/go/applebot)" www.kmu-csr-planer.de
17.246.19.0 - - [27/Aug/2026:03:01:27 +0200] "GET /wp-content/themes/betheme/assets/animations/animations.min.css?ver=28.5.7 HTTP/2.0" 200 59554 "https://www.kmu-csr-planer.de/fuer-unternehmen/" "Mozilla/5.0 (Macintosh; Intel Mac OS X 10_15_7) AppleWebKit/605.1.15 (KHTML, like Gecko) Version/17.4 Safari/605.1.15 (Applebot/0.1; +http://www.apple.com/go/applebot)" www.kmu-csr-planer.de
17.246.19.0 - - [27/Aug/2026:03:01:28 +0200] "GET /wp-content/themes/betheme/fonts/fontawesome/fontawesome.css?ver=28.5.7 HTTP/2.0" 200 60825 "https://www.kmu-csr-planer.de/fuer-unternehmen/" "Mozilla/5.0 (Macintosh; Intel Mac OS X 10_15_7) AppleWebKit/605.1.15 (KHTML, like Gecko) Version/17.4 Safari/605.1.15 (Applebot/0.1; +http://www.apple.com/go/applebot)" www.kmu-csr-planer.de
17.246.19.0 - - [27/Aug/2026:03:01:30 +0200] "GET /wp-content/themes/betheme/css/responsive.css?ver=28.5.7 HTTP/2.0" 200 69045 "https://www.kmu-csr-planer.de/fuer-unternehmen/" "Mozilla/5.0 (Macintosh; Intel Mac OS X 10_15_7) AppleWebKit/605.1.15 (KHTML, like Gecko) Version/17.4 Safari/605.1.15 (Applebot/0.1; +http://www.apple.com/go/applebot)" www.kmu-csr-planer.de
17.246.19.0 - - [27/Aug/2026:03:01:31 +0200] "GET /wp-content/cache/borlabs-cookie/borlabs-cookie_1_de.css?ver=2.2.49-14 HTTP/2.0" 200 40254 "https://www.kmu-csr-planer.de/fuer-unternehmen/" "Mozilla/5.0 (Macintosh; Intel Mac OS X 10_15_7) AppleWebKit/605.1.15 (KHTML, like Gecko) Version/17.4 Safari/605.1.15 (Applebot/0.1; +http://www.apple.com/go/applebot)" www.kmu-csr-planer.de
17.246.19.0 - - [27/Aug/2026:03:01:33 +0200] "GET /wp-content/plugins/js_composer/assets/css/js_composer.min.css?ver=6.6.0 HTTP/2.0" 200 485775 "https://www.kmu-csr-planer.de/fuer-unternehmen/" "Mozilla/5.0 (Macintosh; Intel Mac OS X 10_15_7) AppleWebKit/605.1.15 (KHTML, like Gecko) Version/17.4 Safari/605.1.15 (Applebot/0.1; +http://www.apple.com/go/applebot)" www.kmu-csr-planer.de
23.101.127.0 - - [27/Aug/2026:03:01:34 +0200] "POST /wp-json/batch/v1 HTTP/1.1" 301 503 "-" "Mozilla/5.0" kmu-csr-planer.de
17.246.19.0 - - [27/Aug/2026:03:01:34 +0200] "GET /wp-content/themes/kmu-theme/style.css?ver=6.9.4 HTTP/2.0" 200 14699 "https://www.kmu-csr-planer.de/fuer-unternehmen/" "Mozilla/5.0 (Macintosh; Intel Mac OS X 10_15_7) AppleWebKit/605.1.15 (KHTML, like Gecko) Version/17.4 Safari/605.1.15 (Applebot/0.1; +http://www.apple.com/go/applebot)" www.kmu-csr-planer.de
17.246.19.0 - - [27/Aug/2026:03:01:36 +0200] "GET /wp-includes/js/jquery/jquery.min.js?ver=3.7.1 HTTP/2.0" 200 87707 "https://www.kmu-csr-planer.de/fuer-unternehmen/" "Mozilla/5.0 (Macintosh; Intel Mac OS X 10_15_7) AppleWebKit/605.1.15 (KHTML, like Gecko) Version/17.4 Safari/605.1.15 (Applebot/0.1; +http://www.apple.com/go/applebot)" www.kmu-csr-planer.de
17.246.19.0 - - [27/Aug/2026:03:01:37 +0200] "GET /wp-includes/js/jquery/jquery-migrate.min.js?ver=3.4.1 HTTP/2.0" 200 13651 "https://www.kmu-csr-planer.de/fuer-unternehmen/" "Mozilla/5.0 (Macintosh; Intel Mac OS X 10_15_7) AppleWebKit/605.1.15 (KHTML, like Gecko) Version/17.4 Safari/605.1.15 (Applebot/0.1; +http://www.apple.com/go/applebot)" www.kmu-csr-planer.de
17.246.19.0 - - [27/Aug/2026:03:01:38 +0200] "GET /wp-content/plugins/revslider/public/assets/js/rbtools.min.js?ver=6.2.23 HTTP/2.0" 200 119524 "https://www.kmu-csr-planer.de/fuer-unternehmen/" "Mozilla/5.0 (Macintosh; Intel Mac OS X 10_15_7) AppleWebKit/605.1.15 (KHTML, like Gecko) Version/17.4 Safari/605.1.15 (Applebot/0.1; +http://www.apple.com/go/applebot)" www.kmu-csr-planer.de
17.246.19.0 - - [27/Aug/2026:03:01:40 +0200] "GET /wp-content/plugins/revslider/public/assets/js/rs6.min.js?ver=6.2.23 HTTP/2.0" 200 327246 "https://www.kmu-csr-planer.de/fuer-unternehmen/" "Mozilla/5.0 (Macintosh; Intel Mac OS X 10_15_7) AppleWebKit/605.1.15 (KHTML, like Gecko) Version/17.4 Safari/605.1.15 (Applebot/0.1; +http://www.apple.com/go/applebot)" www.kmu-csr-planer.de
17.246.19.0 - - [27/Aug/2026:03:01:41 +0200] "GET /wp-content/plugins/ultimate-carousel-for-visual-composer-pro/css/slick-carousal.css?ver=6.9.4 HTTP/2.0" 200 8204 "https://www.kmu-csr-planer.de/fuer-unternehmen/" "Mozilla/5.0 (Macintosh; Intel Mac OS X 10_15_7) AppleWebKit/605.1.15 (KHTML, like Gecko) Version/17.4 Safari/605.1.15 (Applebot/0.1; +http://www.apple.com/go/applebot)" www.kmu-csr-planer.de
17.246.19.0 - - [27/Aug/2026:03:01:43 +0200] "GET /wp-content/plugins/ultimate-carousel-for-visual-composer-pro/css/jquery.fancybox.min.css?ver=6.9.4 HTTP/2.0" 200 12869 "https://www.kmu-csr-planer.de/fuer-unternehmen/" "Mozilla/5.0 (Macintosh; Intel Mac OS X 10_15_7) AppleWebKit/605.1.15 (KHTML, like Gecko) Version/17.4 Safari/605.1.15 (Applebot/0.1; +http://www.apple.com/go/applebot)" www.kmu-csr-planer.de
17.246.19.0 - - [27/Aug/2026:03:01:44 +0200] "GET /wp-content/plugins/vc-extensions-bundle/expandgrid/css/style.css?ver=6.9.4 HTTP/2.0" 200 14392 "https://www.kmu-csr-planer.de/fuer-unternehmen/" "Mozilla/5.0 (Macintosh; Intel Mac OS X 10_15_7) AppleWebKit/605.1.15 (KHTML, like Gecko) Version/17.4 Safari/605.1.15 (Applebot/0.1; +http://www.apple.com/go/applebot)" www.kmu-csr-planer.de
17.246.19.0 - - [27/Aug/2026:03:01:45 +0200] "GET /wp-content/plugins/vc-extensions-bundle/appmockup/css/tooltipster.css?ver=6.9.4 HTTP/2.0" 200 9356 "https://www.kmu-csr-planer.de/fuer-unternehmen/" "Mozilla/5.0 (Macintosh; Intel Mac OS X 10_15_7) AppleWebKit/605.1.15 (KHTML, like Gecko) Version/17.4 Safari/605.1.15 (Applebot/0.1; +http://www.apple.com/go/applebot)" www.kmu-csr-planer.de
23.101.127.0 - - [27/Aug/2026:03:01:46 +0200] "POST /?rest_route=/batch/v1 HTTP/1.1" 301 513 "-" "Mozilla/5.0" kmu-csr-planer.de
17.246.19.0 - - [27/Aug/2026:03:01:47 +0200] "GET /wp-content/plugins/js_composer/assets/lib/bower/font-awesome/css/v4-shims.min.css?ver=6.6.0 HTTP/2.0" 200 34514 "https://www.kmu-csr-planer.de/fuer-unternehmen/" "Mozilla/5.0 (Macintosh; Intel Mac OS X 10_15_7) AppleWebKit/605.1.15 (KHTML, like Gecko) Version/17.4 Safari/605.1.15 (Applebot/0.1; +http://www.apple.com/go/applebot)" www.kmu-csr-planer.de
17.246.19.0 - - [27/Aug/2026:03:01:48 +0200] "GET /wp-content/plugins/js_composer/assets/lib/bower/font-awesome/css/all.min.css?ver=6.6.0 HTTP/2.0" 200 56549 "https://www.kmu-csr-planer.de/fuer-unternehmen/" "Mozilla/5.0 (Macintosh; Intel Mac OS X 10_15_7) AppleWebKit/605.1.15 (KHTML, like Gecko) Version/17.4 Safari/605.1.15 (Applebot/0.1; +http://www.apple.com/go/applebot)" www.kmu-csr-planer.de
17.246.19.0 - - [27/Aug/2026:03:01:50 +0200] "GET /wp-content/plugins/js_composer/assets/css/lib/vc-entypo/vc_entypo.min.css?ver=6.6.0 HTTP/2.0" 200 13313 "https://www.kmu-csr-planer.de/fuer-unternehmen/" "Mozilla/5.0 (Macintosh; Intel Mac OS X 10_15_7) AppleWebKit/605.1.15 (KHTML, like Gecko) Version/17.4 Safari/605.1.15 (Applebot/0.1; +http://www.apple.com/go/applebot)" www.kmu-csr-planer.de
17.246.19.0 - - [27/Aug/2026:03:01:51 +0200] "GET /wp-includes/js/dist/hooks.min.js?ver=dd5603f07f9220ed27f1 HTTP/2.0" 200 5756 "https://www.kmu-csr-planer.de/fuer-unternehmen/" "Mozilla/5.0 (Macintosh; Intel Mac OS X 10_15_7) AppleWebKit/605.1.15 (KHTML, like Gecko) Version/17.4 Safari/605.1.15 (Applebot/0.1; +http://www.apple.com/go/applebot)" www.kmu-csr-planer.de
17.246.19.0 - - [27/Aug/2026:03:01:52 +0200] "GET /wp-includes/js/dist/i18n.min.js?ver=c26c3dc7bed366793375 HTTP/2.0" 200 5387 "https://www.kmu-csr-planer.de/fuer-unternehmen/" "Mozilla/5.0 (Macintosh; Intel Mac OS X 10_15_7) AppleWebKit/605.1.15 (KHTML, like Gecko) Version/17.4 Safari/605.1.15 (Applebot/0.1; +http://www.apple.com/go/applebot)" www.kmu-csr-planer.de
17.246.19.0 - - [27/Aug/2026:03:01:54 +0200] "GET /wp-content/plugins/contact-form-7/includes/swv/js/index.js?ver=6.1.5 HTTP/2.0" 200 12586 "https://www.kmu-csr-planer.de/fuer-unternehmen/" "Mozilla/5.0 (Macintosh; Intel Mac OS X 10_15_7) AppleWebKit/605.1.15 (KHTML, like Gecko) Version/17.4 Safari/605.1.15 (Applebot/0.1; +http://www.apple.com/go/applebot)" www.kmu-csr-planer.de
17.246.19.0 - - [27/Aug/2026:03:01:55 +0200] "GET /wp-content/plugins/contact-form-7/includes/js/index.js?ver=6.1.5 HTTP/2.0" 200 13526 "https://www.kmu-csr-planer.de/fuer-unternehmen/" "Mozilla/5.0 (Macintosh; Intel Mac OS X 10_15_7) AppleWebKit/605.1.15 (KHTML, like Gecko) Version/17.4 Safari/605.1.15 (Applebot/0.1; +http://www.apple.com/go/applebot)" www.kmu-csr-planer.de
17.246.19.0 - - [27/Aug/2026:03:01:57 +0200] "GET /wp-content/plugins/modern-polls/resources/assets/js/modern-polls.js?ver=1.0.6 HTTP/2.0" 200 7325 "https://www.kmu-csr-planer.de/fuer-unternehmen/" "Mozilla/5.0 (Macintosh; Intel Mac OS X 10_15_7) AppleWebKit/605.1.15 (KHTML, like Gecko) Version/17.4 Safari/605.1.15 (Applebot/0.1; +http://www.apple.com/go/applebot)" www.kmu-csr-planer.de
17.246.19.0 - - [27/Aug/2026:03:01:58 +0200] "GET /wp-content/plugins/modern-polls/resources/assets/js/Chart.min.js?ver=6.9.4 HTTP/2.0" 200 159794 "https://www.kmu-csr-planer.de/fuer-unternehmen/" "Mozilla/5.0 (Macintosh; Intel Mac OS X 10_15_7) AppleWebKit/605.1.15 (KHTML, like Gecko) Version/17.4 Safari/605.1.15 (Applebot/0.1; +http://www.apple.com/go/applebot)" www.kmu-csr-planer.de
23.101.127.0 - - [27/Aug/2026:03:01:59 +0200] "POST / HTTP/1.1" 301 471 "-" "Mozilla/5.0" kmu-csr-planer.de
17.246.19.0 - - [27/Aug/2026:03:01:59 +0200] "GET /wp-content/plugins/modern-polls/resources/assets/js/chartjs-plugin-datalabels.min.js?ver=6.9.4 HTTP/2.0" 200 13353 "https://www.kmu-csr-planer.de/fuer-unternehmen/" "Mozilla/5.0 (Macintosh; Intel Mac OS X 10_15_7) AppleWebKit/605.1.15 (KHTML, like Gecko) Version/17.4 Safari/605.1.15 (Applebot/0.1; +http://www.apple.com/go/applebot)" www.kmu-csr-planer.de
17.246.19.0 - - [27/Aug/2026:03:02:01 +0200] "GET /wp-includes/js/jquery/ui/core.min.js?ver=1.13.3 HTTP/2.0" 200 21547 "https://www.kmu-csr-planer.de/fuer-unternehmen/" "Mozilla/5.0 (Macintosh; Intel Mac OS X 10_15_7) AppleWebKit/605.1.15 (KHTML, like Gecko) Version/17.4 Safari/605.1.15 (Applebot/0.1; +http://www.apple.com/go/applebot)" www.kmu-csr-planer.de
17.246.19.0 - - [27/Aug/2026:03:02:02 +0200] "GET /wp-includes/js/jquery/ui/tabs.min.js?ver=1.13.3 HTTP/2.0" 200 12104 "https://www.kmu-csr-planer.de/fuer-unternehmen/" "Mozilla/5.0 (Macintosh; Intel Mac OS X 10_15_7) AppleWebKit/605.1.15 (KHTML, like Gecko) Version/17.4 Safari/605.1.15 (Applebot/0.1; +http://www.apple.com/go/applebot)" www.kmu-csr-planer.de
17.246.19.0 - - [27/Aug/2026:03:02:03 +0200] "GET /wp-content/themes/betheme/js/plugins/debouncedresize.min.js?ver=28.5.7 HTTP/2.0" 200 544 "https://www.kmu-csr-planer.de/fuer-unternehmen/" "Mozilla/5.0 (Macintosh; Intel Mac OS X 10_15_7) AppleWebKit/605.1.15 (KHTML, like Gecko) Version/17.4 Safari/605.1.15 (Applebot/0.1; +http://www.apple.com/go/applebot)" www.kmu-csr-planer.de
17.246.19.0 - - [27/Aug/2026:03:02:05 +0200] "GET /wp-content/themes/betheme/js/plugins/magnificpopup.min.js?ver=28.5.7 HTTP/2.0" 200 20925 "https://www.kmu-csr-planer.de/fuer-unternehmen/" "Mozilla/5.0 (Macintosh; Intel Mac OS X 10_15_7) AppleWebKit/605.1.15 (KHTML, like Gecko) Version/17.4 Safari/605.1.15 (Applebot/0.1; +http://www.apple.com/go/applebot)" www.kmu-csr-planer.de
23.101.127.0 - - [27/Aug/2026:03:02:06 +0200] "POST /index.php/wp-json/batch/v1 HTTP/1.1" 301 523 "-" "Mozilla/5.0" kmu-csr-planer.de
17.246.19.0 - - [27/Aug/2026:03:02:06 +0200] "GET /wp-content/themes/betheme/js/menu.js?ver=28.5.7 HTTP/2.0" 200 2919 "https://www.kmu-csr-planer.de/fuer-unternehmen/" "Mozilla/5.0 (Macintosh; Intel Mac OS X 10_15_7) AppleWebKit/605.1.15 (KHTML, like Gecko) Version/17.4 Safari/605.1.15 (Applebot/0.1; +http://www.apple.com/go/applebot)" www.kmu-csr-planer.de
17.246.19.0 - - [27/Aug/2026:03:02:08 +0200] "GET /wp-content/themes/betheme/js/plugins/visible.min.js?ver=28.5.7 HTTP/2.0" 200 680 "https://www.kmu-csr-planer.de/fuer-unternehmen/" "Mozilla/5.0 (Macintosh; Intel Mac OS X 10_15_7) AppleWebKit/605.1.15 (KHTML, like Gecko) Version/17.4 Safari/605.1.15 (Applebot/0.1; +http://www.apple.com/go/applebot)" www.kmu-csr-planer.de
17.246.19.0 - - [27/Aug/2026:03:02:09 +0200] "GET /wp-content/themes/betheme/assets/animations/animations.min.js?ver=28.5.7 HTTP/2.0" 200 1911 "https://www.kmu-csr-planer.de/fuer-unternehmen/" "Mozilla/5.0 (Macintosh; Intel Mac OS X 10_15_7) AppleWebKit/605.1.15 (KHTML, like Gecko) Version/17.4 Safari/605.1.15 (Applebot/0.1; +http://www.apple.com/go/applebot)" www.kmu-csr-planer.de
17.246.19.0 - - [27/Aug/2026:03:02:10 +0200] "GET /wp-content/themes/betheme/js/plugins/enllax.min.js?ver=28.5.7 HTTP/2.0" 200 1612 "https://www.kmu-csr-planer.de/fuer-unternehmen/" "Mozilla/5.0 (Macintosh; Intel Mac OS X 10_15_7) AppleWebKit/605.1.15 (KHTML, like Gecko) Version/17.4 Safari/605.1.15 (Applebot/0.1; +http://www.apple.com/go/applebot)" www.kmu-csr-planer.de
17.246.19.0 - - [27/Aug/2026:03:02:12 +0200] "GET /wp-content/themes/betheme/js/parallax/translate3d.js?ver=28.5.7 HTTP/2.0" 200 4276 "https://www.kmu-csr-planer.de/fuer-unternehmen/" "Mozilla/5.0 (Macintosh; Intel Mac OS X 10_15_7) AppleWebKit/605.1.15 (KHTML, like Gecko) Version/17.4 Safari/605.1.15 (Applebot/0.1; +http://www.apple.com/go/applebot)" www.kmu-csr-planer.de
17.246.19.0 - - [27/Aug/2026:03:02:13 +0200] "GET /wp-content/themes/betheme/js/scripts.js?ver=28.5.7 HTTP/2.0" 200 190903 "https://www.kmu-csr-planer.de/fuer-unternehmen/" "Mozilla/5.0 (Macintosh; Intel Mac OS X 10_15_7) AppleWebKit/605.1.15 (KHTML, like Gecko) Version/17.4 Safari/605.1.15 (Applebot/0.1; +http://www.apple.com/go/applebot)" www.kmu-csr-planer.de
17.246.19.0 - - [27/Aug/2026:03:02:15 +0200] "GET /wp-content/plugins/js_composer/assets/js/dist/js_composer_front.min.js?ver=6.6.0 HTTP/2.0" 200 20743 "https://www.kmu-csr-planer.de/fuer-unternehmen/" "Mozilla/5.0 (Macintosh; Intel Mac OS X 10_15_7) AppleWebKit/605.1.15 (KHTML, like Gecko) Version/17.4 Safari/605.1.15 (Applebot/0.1; +http://www.apple.com/go/applebot)" www.kmu-csr-planer.de
17.246.19.0 - - [27/Aug/2026:03:02:16 +0200] "GET /wp-content/plugins/ultimate-carousel-for-visual-composer-pro/js/slick.js?ver=6.9.4 HTTP/2.0" 200 90124 "https://www.kmu-csr-planer.de/fuer-unternehmen/" "Mozilla/5.0 (Macintosh; Intel Mac OS X 10_15_7) AppleWebKit/605.1.15 (KHTML, like Gecko) Version/17.4 Safari/605.1.15 (Applebot/0.1; +http://www.apple.com/go/applebot)" www.kmu-csr-planer.de
17.246.19.0 - - [27/Aug/2026:03:02:17 +0200] "GET /wp-content/plugins/ultimate-carousel-for-visual-composer-pro/js/jquery.fancybox.min.js?ver=6.9.4 HTTP/2.0" 200 68306 "https://www.kmu-csr-planer.de/fuer-unternehmen/" "Mozilla/5.0 (Macintosh; Intel Mac OS X 10_15_7) AppleWebKit/605.1.15 (KHTML, like Gecko) Version/17.4 Safari/605.1.15 (Applebot/0.1; +http://www.apple.com/go/applebot)" www.kmu-csr-planer.de
23.101.127.0 - - [27/Aug/2026:03:02:18 +0200] "POST /wp-json/batch/v1 HTTP/1.1" 301 4815 "-" "Mozilla/5.0" kmu-csr-planer.de
17.246.19.0 - - [27/Aug/2026:03:02:19 +0200] "GET /wp-content/plugins/ultimate-carousel-for-visual-composer-pro/js/custom-tm.js?ver=6.9.4 HTTP/2.0" 200 2169 "https://www.kmu-csr-planer.de/fuer-unternehmen/" "Mozilla/5.0 (Macintosh; Intel Mac OS X 10_15_7) AppleWebKit/605.1.15 (KHTML, like Gecko) Version/17.4 Safari/605.1.15 (Applebot/0.1; +http://www.apple.com/go/applebot)" www.kmu-csr-planer.de
17.246.19.0 - - [27/Aug/2026:03:02:20 +0200] "GET /wp-content/plugins/ultimate-carousel-for-visual-composer-pro/js/customPrettyPhoto.js?ver=6.9.4 HTTP/2.0" 200 629 "https://www.kmu-csr-planer.de/fuer-unternehmen/" "Mozilla/5.0 (Macintosh; Intel Mac OS X 10_15_7) AppleWebKit/605.1.15 (KHTML, like Gecko) Version/17.4 Safari/605.1.15 (Applebot/0.1; +http://www.apple.com/go/applebot)" www.kmu-csr-planer.de
17.246.19.0 - - [27/Aug/2026:03:02:21 +0200] "GET /wp-content/plugins/vc-extensions-bundle/appmockup/js/jquery.tooltipster.min.js?ver=6.9.4 HTTP/2.0" 200 17606 "https://www.kmu-csr-planer.de/fuer-unternehmen/" "Mozilla/5.0 (Macintosh; Intel Mac OS X 10_15_7) AppleWebKit/605.1.15 (KHTML, like Gecko) Version/17.4 Safari/605.1.15 (Applebot/0.1; +http://www.apple.com/go/applebot)" www.kmu-csr-planer.de
17.246.19.0 - - [27/Aug/2026:03:02:23 +0200] "GET /wp-content/plugins/vc-extensions-bundle/expandgrid/js/init.min.js?ver=6.9.4 HTTP/2.0" 200 3509 "https://www.kmu-csr-planer.de/fuer-unternehmen/" "Mozilla/5.0 (Macintosh; Intel Mac OS X 10_15_7) AppleWebKit/605.1.15 (KHTML, like Gecko) Version/17.4 Safari/605.1.15 (Applebot/0.1; +http://www.apple.com/go/applebot)" www.kmu-csr-planer.de
17.246.19.0 - - [27/Aug/2026:03:02:24 +0200] "GET /wp-content/plugins/borlabs-cookie/assets/javascript/borlabs-cookie.min.js?ver=2.2.49 HTTP/2.0" 200 25054 "https://www.kmu-csr-planer.de/fuer-unternehmen/" "Mozilla/5.0 (Macintosh; Intel Mac OS X 10_15_7) AppleWebKit/605.1.15 (KHTML, like Gecko) Version/17.4 Safari/605.1.15 (Applebot/0.1; +http://www.apple.com/go/applebot)" www.kmu-csr-planer.de
