66.248.202.0 - - [26/Aug/2026:10:32:17 +0200] "GET /robots.txt HTTP/1.1" 403 6838 "-" "Mozilla/5.0 (iPhone; CPU iPhone OS 7_1_2 like Mac OS X) AppleWebKit/537.36 (KHTML, like Gecko) Version/7.0 Mobile Safari/537.36 (compatible; Bytespider; https://bytedance.sg.larkoffice.com/docx/K5bxdypulop3IIxrJb0lOjLVgFe)" kmu-hofmann.de
192.88.135.0 - - [26/Aug/2026:10:32:31 +0200] "GET /wp-content/uploads/2015/08/narrative-794978_1280-1024x576.jpg HTTP/1.1" 200 164619 "-" "Mozilla/5.0 (compatible; crawler)" kmu-hofmann.de
185.93.231.0 - - [26/Aug/2026:10:33:13 +0200] "GET /robots.txt HTTP/1.1" 304 6567 "-" "Mozilla/5.0 (Windows NT 10.0; Win64; x64) AppleWebKit/537.36 (KHTML, like Gecko) Chrome/151.0.0.0 Safari/537.36" kmu-hofmann.de
185.93.231.0 - - [26/Aug/2026:10:33:18 +0200] "POST /wp-cron.php?doing_wp_cron=1787733198.0817129611968994140625 HTTP/1.1" 200 6636 "-" "Yw2bjaFDOLCP" kmu-hofmann.de
66.248.203.0 - - [26/Aug/2026:10:33:16 +0200] "GET /?sucurianticache=177705639 HTTP/1.1" 301 6996 "-" "Sucuri Uptime Monitor" www.kmu-hofmann.de
66.248.203.0 - - [26/Aug/2026:10:33:18 +0200] "GET /?sucurianticache=177705639 HTTP/1.1" 200 195071 "-" "Sucuri Uptime Monitor" kmu-hofmann.de
66.248.203.0 - - [26/Aug/2026:10:33:23 +0200] "GET /?sucurianticache=147688880 HTTP/1.1" 301 6996 "-" "Sucuri Uptime Monitor" www.kmu-hofmann.de
66.248.203.0 - - [26/Aug/2026:10:33:25 +0200] "GET /?sucurianticache=147688880 HTTP/1.1" 200 195071 "-" "Sucuri Uptime Monitor" kmu-hofmann.de
66.248.203.0 - - [26/Aug/2026:10:33:42 +0200] "GET /?rnd=1787733221516 HTTP/1.1" 301 6988 "-" "Sucuri-UptimeMonitoring" www.kmu-hofmann.de
66.248.203.0 - - [26/Aug/2026:10:33:44 +0200] "GET /?rnd=1787733221516 HTTP/1.1" 200 42426 "https://www.kmu-hofmann.de/?rnd=1787733221516" "Sucuri-UptimeMonitoring" kmu-hofmann.de
18.235.126.0 - - [26/Aug/2026:10:34:11 +0200] "GET / HTTP/1.1" 301 277 "-" "Mozilla/5.0 (Macintosh; Intel Mac OS X 10_15_7) AppleWebKit/605.1.15 (KHTML, like Gecko) Chrome/139.0.0.0 Safari/605.1.15" www.kmu-csr-planer.de
107.23.52.0 - - [26/Aug/2026:10:34:12 +0200] "GET / HTTP/1.1" 200 46272 "-" "Mozilla/5.0 (Macintosh; Intel Mac OS X 10_15_7) AppleWebKit/605.1.15 (KHTML, like Gecko) Chrome/139.0.0.0 Safari/605.1.15" www.kmu-csr-planer.de
51.68.111.0 - - [26/Aug/2026:10:37:37 +0200] "GET /robots.txt HTTP/1.1" 403 559 "-" "Mozilla/5.0 (compatible; MJ12bot/v2.0.5; http://mj12bot.com/)" www.kmu-csr-planer.de
185.93.231.0 - - [26/Aug/2026:10:38:45 +0200] "POST /wp-cron.php?doing_wp_cron=1787733525.7447481155395507812500 HTTP/1.1" 200 6615 "-" "Sy9hr7I8XW0k" kmu-hofmann.de
66.248.203.0 - - [26/Aug/2026:10:38:43 +0200] "GET /?rnd=1787733522979 HTTP/1.1" 301 6988 "-" "Sucuri-UptimeMonitoring" www.kmu-hofmann.de
66.248.203.0 - - [26/Aug/2026:10:38:46 +0200] "GET /?rnd=1787733522979 HTTP/1.1" 200 42405 "https://www.kmu-hofmann.de/?rnd=1787733522979" "Sucuri-UptimeMonitoring" kmu-hofmann.de
168.144.30.0 - - [26/Aug/2026:10:39:08 +0200] "GET /wp-json/wc/v3/customers?per_page=100&_fields=username,email HTTP/2.0" 301 492 "-" "Mozilla/5.0 (Windows NT 10.0; Win64; x64) AppleWebKit/537.36 (KHTML, like Gecko) Chrome/151.0.0.0 Safari/537.36" kmu-csr-planer.de
168.144.30.0 - - [26/Aug/2026:10:39:15 +0200] "GET /?rest_route=/wp/v2/users&_jsonp=callback&per_page=100&_fields=id,slug HTTP/2.0" 301 518 "-" "Mozilla/5.0 (Windows NT 10.0; Win64; x64) AppleWebKit/537.36 (KHTML, like Gecko) Chrome/151.0.0.0 Safari/537.36" kmu-csr-planer.de
103.74.116.0 - - [26/Aug/2026:10:39:19 +0200] "POST /xmlrpc.php HTTP/2.0" 301 404 "-" "Mozilla/5.0 (Windows NT 10.0; Win64; x64) AppleWebKit/537.36 (KHTML, like Gecko) Chrome/151.0.0.0 Safari/537.36" kmu-csr-planer.de
185.93.231.0 - - [26/Aug/2026:10:40:24 +0200] "POST /wp-cron.php?doing_wp_cron=1787733624.1754109859466552734375 HTTP/1.1" 200 6615 "-" "wkAPgVclGnQk" kmu-hofmann.de
66.248.203.0 - - [26/Aug/2026:10:40:21 +0200] "GET /?sucurianticache=1568161613 HTTP/1.1" 301 6997 "-" "Sucuri Uptime Monitor" www.kmu-hofmann.de
66.248.203.0 - - [26/Aug/2026:10:40:25 +0200] "GET /?sucurianticache=1568161613 HTTP/1.1" 200 195020 "-" "Sucuri Uptime Monitor" kmu-hofmann.de
66.248.203.0 - - [26/Aug/2026:10:40:34 +0200] "GET /?sucurianticache=2006299149 HTTP/1.1" 301 6997 "-" "Sucuri Uptime Monitor" www.kmu-hofmann.de
66.248.203.0 - - [26/Aug/2026:10:40:40 +0200] "GET /?sucurianticache=2006299149 HTTP/1.1" 200 195050 "-" "Sucuri Uptime Monitor" kmu-hofmann.de
66.248.203.0 - - [26/Aug/2026:10:41:55 +0200] "GET /robots.txt HTTP/1.1" 304 6567 "-" "Mozilla/5.0 (compatible; um-FC/1.0; https://www.ubermetrics-technologies.com/; Windows NT 6.1; WOW64; rv:125.0) Gecko/20100101 Firefox/125.1" kmu-hofmann.de
185.93.231.0 - - [26/Aug/2026:10:41:57 +0200] "POST /wp-cron.php?doing_wp_cron=1787733717.5851240158081054687500 HTTP/1.1" 200 6615 "-" "pZCCUIuYCHln" kmu-hofmann.de
66.248.203.0 - - [26/Aug/2026:10:41:55 +0200] "GET /feed/ HTTP/1.1" 200 111978 "-" "Mozilla/5.0 (compatible; um-IC/1.0; https://www.ubermetrics-technologies.com/; Windows NT 6.1; WOW64; rv:125.0) Gecko/20100101 Firefox/125.1" kmu-hofmann.de
51.68.236.0 - - [26/Aug/2026:10:43:45 +0200] "GET /robots.txt HTTP/1.1" 403 559 "-" "Mozilla/5.0 (compatible; MJ12bot/v2.0.5; http://mj12bot.com/)" www.kmu-csr-planer.de
185.93.231.0 - - [26/Aug/2026:10:43:45 +0200] "POST /wp-cron.php?doing_wp_cron=1787733825.7596940994262695312500 HTTP/1.1" 200 6615 "-" "BJPh9o9gazN1" kmu-hofmann.de
66.248.203.0 - - [26/Aug/2026:10:43:43 +0200] "GET /?rnd=1787733823013 HTTP/1.1" 301 6988 "-" "Sucuri-UptimeMonitoring" www.kmu-hofmann.de
66.248.203.0 - - [26/Aug/2026:10:43:46 +0200] "GET /?rnd=1787733823013 HTTP/1.1" 200 42405 "https://www.kmu-hofmann.de/?rnd=1787733823013" "Sucuri-UptimeMonitoring" kmu-hofmann.de
185.93.231.0 - - [26/Aug/2026:10:45:56 +0200] "POST /wp-cron.php?doing_wp_cron=1787733956.1908559799194335937500 HTTP/1.1" 200 6615 "-" "YV3fw8wPNk0s" kmu-hofmann.de
66.248.202.0 - - [26/Aug/2026:10:45:55 +0200] "GET /wp-admin/index.php HTTP/1.1" 302 6598 "http://www.kmu-hofmann.de/wp-login.php" "Mozilla/5.0 (Windows NT 11.0; Win64; x64) AppleWebKit/537.36 (KHTML, like Gecko) Chrome/118.0.0.0 Safari/537.36" www.kmu-hofmann.de
66.248.202.0 - - [26/Aug/2026:10:46:05 +0200] "GET /404/ HTTP/1.1" 301 7051 "http://www.kmu-hofmann.de/wp-login.php" "Mozilla/5.0 (Windows NT 11.0; Win64; x64) AppleWebKit/537.36 (KHTML, like Gecko) Chrome/118.0.0.0 Safari/537.36" kmu-hofmann.de
66.248.203.0 - - [26/Aug/2026:10:46:07 +0200] "GET /?sucurianticache=1716452778 HTTP/1.1" 301 6997 "-" "Sucuri Uptime Monitor" www.kmu-hofmann.de
66.248.203.0 - - [26/Aug/2026:10:46:08 +0200] "GET /?sucurianticache=1716452778 HTTP/1.1" 200 195050 "-" "Sucuri Uptime Monitor" kmu-hofmann.de
66.248.203.0 - - [26/Aug/2026:10:46:12 +0200] "GET /?sucurianticache=1112096548 HTTP/1.1" 301 6997 "-" "Sucuri Uptime Monitor" www.kmu-hofmann.de
66.248.203.0 - - [26/Aug/2026:10:46:13 +0200] "GET /?sucurianticache=1112096548 HTTP/1.1" 200 195050 "-" "Sucuri Uptime Monitor" kmu-hofmann.de
66.248.202.0 - - [26/Aug/2026:10:46:21 +0200] "GET / HTTP/1.1" 301 6970 "http://www.kmu-hofmann.de/wp-login.php" "Mozilla/5.0 (Windows NT 11.0; Win64; x64) AppleWebKit/537.36 (KHTML, like Gecko) Chrome/118.0.0.0 Safari/537.36" www.kmu-hofmann.de
66.248.202.0 - - [26/Aug/2026:10:46:36 +0200] "GET / HTTP/1.1" 200 42980 "http://www.kmu-hofmann.de/wp-login.php" "Mozilla/5.0 (Windows NT 11.0; Win64; x64) AppleWebKit/537.36 (KHTML, like Gecko) Chrome/118.0.0.0 Safari/537.36" kmu-hofmann.de
185.93.231.0 - - [26/Aug/2026:10:46:44 +0200] "POST /wp-cron.php?doing_wp_cron=1787734004.1627008914947509765625 HTTP/1.1" 200 6615 "-" "WjcmhMSqKmsA" kmu-hofmann.de
66.248.202.0 - - [26/Aug/2026:10:46:43 +0200] "GET /2015/05/rheinische-post-speaker-katja-hofmann-entzuendet-ein-ideenfeuerwerk/ HTTP/1.1" 200 41593 "https://kmu-hofmann.de/page/13?p=a" "Mozilla/5.0 (Linux; Android 7.0;) AppleWebKit/537.36 (HTML, like Gecko) Mobile Safari/537.36 (compatible; PetalBot;+https://webmaster.petalsearch.com/site/petalbot)" kmu-hofmann.de
66.248.202.0 - - [26/Aug/2026:10:46:45 +0200] "GET /wp-admin/profile.php HTTP/1.1" 302 6598 "http://www.kmu-hofmann.de/wp-login.php" "Mozilla/5.0 (Windows NT 11.0; Win64; x64) AppleWebKit/537.36 (KHTML, like Gecko) Chrome/118.0.0.0 Safari/537.36" www.kmu-hofmann.de
66.248.202.0 - - [26/Aug/2026:10:46:53 +0200] "GET /404/ HTTP/1.1" 301 7051 "http://www.kmu-hofmann.de/wp-login.php" "Mozilla/5.0 (Windows NT 11.0; Win64; x64) AppleWebKit/537.36 (KHTML, like Gecko) Chrome/118.0.0.0 Safari/537.36" kmu-hofmann.de
66.248.202.0 - - [26/Aug/2026:10:47:10 +0200] "GET / HTTP/1.1" 301 6970 "http://www.kmu-hofmann.de/wp-login.php" "Mozilla/5.0 (Windows NT 11.0; Win64; x64) AppleWebKit/537.36 (KHTML, like Gecko) Chrome/118.0.0.0 Safari/537.36" www.kmu-hofmann.de
66.248.202.0 - - [26/Aug/2026:10:47:24 +0200] "GET / HTTP/1.1" 200 42981 "http://www.kmu-hofmann.de/wp-login.php" "Mozilla/5.0 (Windows NT 11.0; Win64; x64) AppleWebKit/537.36 (KHTML, like Gecko) Chrome/118.0.0.0 Safari/537.36" kmu-hofmann.de
66.248.202.0 - - [26/Aug/2026:10:47:34 +0200] "GET /wp-admin/edit.php HTTP/1.1" 302 6598 "http://www.kmu-hofmann.de/wp-login.php" "Mozilla/5.0 (Windows NT 11.0; Win64; x64) AppleWebKit/537.36 (KHTML, like Gecko) Chrome/118.0.0.0 Safari/537.36" www.kmu-hofmann.de
185.93.231.0 - - [26/Aug/2026:10:48:06 +0200] "POST /wp-cron.php?doing_wp_cron=1787734086.1224009990692138671875 HTTP/1.1" 200 6615 "-" "SMezBUZiGvDK" kmu-hofmann.de
66.248.202.0 - - [26/Aug/2026:10:48:05 +0200] "GET /2011/11/social-business-der-kmu-kommt-dr-eder-molle-stiftung-zugute-jeder-kann-etwas-andern-in-der-welt HTTP/1.1" 301 7066 "https://kmu-hofmann.de/page/25?p=ugg-outlet-78.html" "Mozilla/5.0 (Linux; Android 7.0;) AppleWebKit/537.36 (HTML, like Gecko) Mobile Safari/537.36 (compatible; PetalBot;+https://webmaster.petalsearch.com/site/petalbot)" kmu-hofmann.de
66.248.202.0 - - [26/Aug/2026:10:48:06 +0200] "GET /2011/11/social-business-der-kmu-kommt-dr-eder-molle-stiftung-zugute-jeder-kann-etwas-andern-in-der-welt/ HTTP/1.1" 200 39506 "https://kmu-hofmann.de/page/25?p=ugg-outlet-78.html" "Mozilla/5.0 (Linux; Android 7.0;) AppleWebKit/537.36 (HTML, like Gecko) Mobile Safari/537.36 (compatible; PetalBot;+https://webmaster.petalsearch.com/site/petalbot)" kmu-hofmann.de
66.248.202.0 - - [26/Aug/2026:10:48:15 +0200] "GET /wp-admin/plugins.php HTTP/1.1" 302 6598 "http://www.kmu-hofmann.de/wp-login.php" "Mozilla/5.0 (Windows NT 11.0; Win64; x64) AppleWebKit/537.36 (KHTML, like Gecko) Chrome/118.0.0.0 Safari/537.36" www.kmu-hofmann.de
185.93.231.0 - - [26/Aug/2026:10:48:44 +0200] "POST /wp-cron.php?doing_wp_cron=1787734124.7621879577636718750000 HTTP/1.1" 200 6615 "-" "WaE6mgoYyUvm" kmu-hofmann.de
66.248.203.0 - - [26/Aug/2026:10:48:43 +0200] "GET /?rnd=1787734123144 HTTP/1.1" 301 6988 "-" "Sucuri-UptimeMonitoring" www.kmu-hofmann.de
66.248.203.0 - - [26/Aug/2026:10:48:45 +0200] "GET /?rnd=1787734123144 HTTP/1.1" 200 42405 "https://www.kmu-hofmann.de/?rnd=1787734123144" "Sucuri-UptimeMonitoring" kmu-hofmann.de
208.109.0.0 - - [26/Aug/2026:10:48:49 +0200] "GET /robots.txt HTTP/1.1" 304 6567 "-" "Mozilla/5.0 (Macintosh; Intel Mac OS X 10_15_7) AppleWebKit/537.36 (KHTML, like Gecko) Chrome/111.0.0.0 Safari/537.36" kmu-hofmann.de
208.109.0.0 - - [26/Aug/2026:10:48:53 +0200] "GET / HTTP/1.1" 200 42977 "https://gluecksrad.meinstuttgart-meinewelt.de/" "Mozilla/5.0 (Macintosh; Intel Mac OS X 10_15_7) AppleWebKit/537.36 (KHTML, like Gecko) Chrome/111.0.0.0 Safari/537.36" kmu-hofmann.de
66.248.202.0 - - [26/Aug/2026:10:49:10 +0200] "GET /wp-admin/index.php HTTP/1.1" 302 6598 "http://www.kmu-hofmann.de/wp-login.php" "Mozilla/5.0 (Macintosh; Intel Mac OS X 13_6_1; rv:118.0) Gecko/20100101 Firefox/118.0" www.kmu-hofmann.de
208.109.0.0 - - [26/Aug/2026:10:49:15 +0200] "GET /katja-hofmann/ HTTP/1.1" 200 43872 "https://kmu-hofmann.de/" "Mozilla/5.0 (Macintosh; Intel Mac OS X 10_15_7) AppleWebKit/537.36 (KHTML, like Gecko) Chrome/111.0.0.0 Safari/537.36" kmu-hofmann.de
66.248.202.0 - - [26/Aug/2026:10:49:18 +0200] "GET /404/ HTTP/1.1" 301 7051 "http://www.kmu-hofmann.de/wp-login.php" "Mozilla/5.0 (Macintosh; Intel Mac OS X 13_6_1; rv:118.0) Gecko/20100101 Firefox/118.0" kmu-hofmann.de
66.248.202.0 - - [26/Aug/2026:10:49:33 +0200] "GET / HTTP/1.1" 301 6970 "http://www.kmu-hofmann.de/wp-login.php" "Mozilla/5.0 (Macintosh; Intel Mac OS X 13_6_1; rv:118.0) Gecko/20100101 Firefox/118.0" www.kmu-hofmann.de
185.93.231.0 - - [26/Aug/2026:10:49:49 +0200] "POST /wp-cron.php?doing_wp_cron=1787734189.7526259422302246093750 HTTP/1.1" 200 6615 "-" "baBnHS5oYqvP" kmu-hofmann.de
208.109.0.0 - - [26/Aug/2026:10:49:47 +0200] "GET /team/ HTTP/1.1" 200 39267 "https://kmu-hofmann.de/" "Mozilla/5.0 (Macintosh; Intel Mac OS X 10_15_7) AppleWebKit/537.36 (KHTML, like Gecko) Chrome/111.0.0.0 Safari/537.36" kmu-hofmann.de
66.248.202.0 - - [26/Aug/2026:10:49:47 +0200] "GET / HTTP/1.1" 200 42978 "http://www.kmu-hofmann.de/wp-login.php" "Mozilla/5.0 (Macintosh; Intel Mac OS X 13_6_1; rv:118.0) Gecko/20100101 Firefox/118.0" kmu-hofmann.de
185.93.231.0 - - [26/Aug/2026:10:49:58 +0200] "POST /wp-cron.php?doing_wp_cron=1787734197.9432981014251708984375 HTTP/1.1" 200 6615 "-" "xyEQ3KZzv0gE" kmu-hofmann.de
66.248.202.0 - - [26/Aug/2026:10:49:57 +0200] "GET /wp-admin/profile.php HTTP/1.1" 302 6598 "http://www.kmu-hofmann.de/wp-login.php" "Mozilla/5.0 (Macintosh; Intel Mac OS X 13_6_1; rv:118.0) Gecko/20100101 Firefox/118.0" www.kmu-hofmann.de
66.248.202.0 - - [26/Aug/2026:10:50:06 +0200] "GET /404/ HTTP/1.1" 301 7051 "http://www.kmu-hofmann.de/wp-login.php" "Mozilla/5.0 (Macintosh; Intel Mac OS X 13_6_1; rv:118.0) Gecko/20100101 Firefox/118.0" kmu-hofmann.de
91.92.241.0 - - [26/Aug/2026:10:50:09 +0200] "GET /.git/HEAD HTTP/1.1" 403 6467 "-" "Mozilla/5.0 (Windows NT 10.0; Win64; x64) AppleWebKit/537.36" csr-planer.de
91.92.241.0 - - [26/Aug/2026:10:50:10 +0200] "GET /.git/config HTTP/1.1" 403 6467 "-" "Mozilla/5.0 (Windows NT 10.0; Win64; x64) AppleWebKit/537.36" csr-planer.de
91.92.241.0 - - [26/Aug/2026:10:50:10 +0200] "GET /.git/HEAD HTTP/1.1" 403 1141 "-" "Mozilla/5.0 (Windows NT 10.0; Win64; x64) AppleWebKit/537.36" csr-planer.de
91.92.241.0 - - [26/Aug/2026:10:50:10 +0200] "GET /.git/config HTTP/1.1" 403 1141 "-" "Mozilla/5.0 (Windows NT 10.0; Win64; x64) AppleWebKit/537.36" csr-planer.de
91.92.241.0 - - [26/Aug/2026:10:50:11 +0200] "GET /.git/HEAD HTTP/1.1" 403 6467 "-" "Mozilla/5.0 (Windows NT 10.0; Win64; x64) AppleWebKit/537.36" csr-planer.com
91.92.241.0 - - [26/Aug/2026:10:50:11 +0200] "GET /.git/config HTTP/1.1" 403 6467 "-" "Mozilla/5.0 (Windows NT 10.0; Win64; x64) AppleWebKit/537.36" csr-planer.com
91.92.241.0 - - [26/Aug/2026:10:50:11 +0200] "GET /.git/HEAD HTTP/1.1" 403 1141 "-" "Mozilla/5.0 (Windows NT 10.0; Win64; x64) AppleWebKit/537.36" csr-planer.com
91.92.241.0 - - [26/Aug/2026:10:50:12 +0200] "GET /.git/config HTTP/1.1" 403 1141 "-" "Mozilla/5.0 (Windows NT 10.0; Win64; x64) AppleWebKit/537.36" csr-planer.com
66.248.202.0 - - [26/Aug/2026:10:50:24 +0200] "GET / HTTP/1.1" 301 6970 "http://www.kmu-hofmann.de/wp-login.php" "Mozilla/5.0 (Macintosh; Intel Mac OS X 13_6_1; rv:118.0) Gecko/20100101 Firefox/118.0" www.kmu-hofmann.de
66.248.202.0 - - [26/Aug/2026:10:50:40 +0200] "GET / HTTP/1.1" 200 42977 "http://www.kmu-hofmann.de/wp-login.php" "Mozilla/5.0 (Macintosh; Intel Mac OS X 13_6_1; rv:118.0) Gecko/20100101 Firefox/118.0" kmu-hofmann.de
66.248.202.0 - - [26/Aug/2026:10:50:50 +0200] "GET /wp-admin/edit.php HTTP/1.1" 302 6598 "http://www.kmu-hofmann.de/wp-login.php" "Mozilla/5.0 (Macintosh; Intel Mac OS X 13_6_1; rv:118.0) Gecko/20100101 Firefox/118.0" www.kmu-hofmann.de
185.93.231.0 - - [26/Aug/2026:10:51:35 +0200] "POST /wp-cron.php?doing_wp_cron=1787734295.8730180263519287109375 HTTP/1.1" 200 6615 "-" "NsPASbeDySSG" kmu-hofmann.de
66.248.202.0 - - [26/Aug/2026:10:51:34 +0200] "GET /wp-admin/plugins.php HTTP/1.1" 302 6598 "http://www.kmu-hofmann.de/wp-login.php" "Mozilla/5.0 (Macintosh; Intel Mac OS X 13_6_1; rv:118.0) Gecko/20100101 Firefox/118.0" www.kmu-hofmann.de
185.93.231.0 - - [26/Aug/2026:10:52:32 +0200] "POST /wp-cron.php?doing_wp_cron=1787734352.4651939868927001953125 HTTP/1.1" 200 6615 "-" "i82px21FHEKU" kmu-hofmann.de
66.248.202.0 - - [26/Aug/2026:10:52:31 +0200] "GET /wp-admin/index.php HTTP/1.1" 302 6598 "http://www.kmu-hofmann.de/wp-login.php" "Mozilla/5.0 (Macintosh; Intel Mac OS X 10_15_7) AppleWebKit/537.36 (KHTML, like Gecko) Chrome/118.0.0.0 Safari/537.36" www.kmu-hofmann.de
66.248.202.0 - - [26/Aug/2026:10:52:39 +0200] "GET /404/ HTTP/1.1" 301 7051 "http://www.kmu-hofmann.de/wp-login.php" "Mozilla/5.0 (Macintosh; Intel Mac OS X 10_15_7) AppleWebKit/537.36 (KHTML, like Gecko) Chrome/118.0.0.0 Safari/537.36" kmu-hofmann.de
185.93.231.0 - - [26/Aug/2026:10:52:48 +0200] "POST /wp-cron.php?doing_wp_cron=1787734368.2855639457702636718750 HTTP/1.1" 200 6615 "-" "hhdTCarpsKP7" kmu-hofmann.de
66.248.203.0 - - [26/Aug/2026:10:52:46 +0200] "GET /?sucurianticache=221558798 HTTP/1.1" 301 6996 "-" "Sucuri Uptime Monitor" www.kmu-hofmann.de
66.248.203.0 - - [26/Aug/2026:10:52:48 +0200] "GET /?sucurianticache=221558798 HTTP/1.1" 200 195050 "-" "Sucuri Uptime Monitor" kmu-hofmann.de
66.248.203.0 - - [26/Aug/2026:10:52:54 +0200] "GET /?sucurianticache=1691473749 HTTP/1.1" 301 6997 "-" "Sucuri Uptime Monitor" www.kmu-hofmann.de
185.93.231.0 - - [26/Aug/2026:10:52:58 +0200] "GET /wp-content/uploads/2014/01/herz1.jpg HTTP/1.1" 200 57570 "-" "Mozilla/5.0 (compatible; SeznamBot/4.0; +https://o-seznam.cz/napoveda/vyhledavani/en/seznambot-crawler/)" kmu-hofmann.de
66.248.203.0 - - [26/Aug/2026:10:52:56 +0200] "GET /?sucurianticache=1691473749 HTTP/1.1" 200 195050 "-" "Sucuri Uptime Monitor" kmu-hofmann.de
66.248.202.0 - - [26/Aug/2026:10:53:08 +0200] "GET / HTTP/1.1" 301 6970 "http://www.kmu-hofmann.de/wp-login.php" "Mozilla/5.0 (Macintosh; Intel Mac OS X 10_15_7) AppleWebKit/537.36 (KHTML, like Gecko) Chrome/118.0.0.0 Safari/537.36" www.kmu-hofmann.de
208.109.2.0 - - [26/Aug/2026:10:53:20 +0200] "GET /robots.txt HTTP/1.1" 304 6575 "-" "Mozilla/5.0 (compatible; DotBot/1.2; +https://opensiteexplorer.org/dotbot; help@moz.com)" www.kmu-hofmann.de
66.248.202.0 - - [26/Aug/2026:10:53:24 +0200] "GET / HTTP/1.1" 200 42979 "http://www.kmu-hofmann.de/wp-login.php" "Mozilla/5.0 (Macintosh; Intel Mac OS X 10_15_7) AppleWebKit/537.36 (KHTML, like Gecko) Chrome/118.0.0.0 Safari/537.36" kmu-hofmann.de
66.248.202.0 - - [26/Aug/2026:10:53:36 +0200] "GET /wp-admin/profile.php HTTP/1.1" 302 6598 "http://www.kmu-hofmann.de/wp-login.php" "Mozilla/5.0 (Macintosh; Intel Mac OS X 10_15_7) AppleWebKit/537.36 (KHTML, like Gecko) Chrome/118.0.0.0 Safari/537.36" www.kmu-hofmann.de
185.93.231.0 - - [26/Aug/2026:10:53:45 +0200] "POST /wp-cron.php?doing_wp_cron=1787734425.2162349224090576171875 HTTP/1.1" 200 6615 "-" "Sd7plJVHut42" kmu-hofmann.de
66.248.203.0 - - [26/Aug/2026:10:53:43 +0200] "GET /?rnd=1787734423381 HTTP/1.1" 301 6988 "-" "Sucuri-UptimeMonitoring" www.kmu-hofmann.de
66.248.202.0 - - [26/Aug/2026:10:53:44 +0200] "GET /404/ HTTP/1.1" 301 7051 "http://www.kmu-hofmann.de/wp-login.php" "Mozilla/5.0 (Macintosh; Intel Mac OS X 10_15_7) AppleWebKit/537.36 (KHTML, like Gecko) Chrome/118.0.0.0 Safari/537.36" kmu-hofmann.de
66.248.203.0 - - [26/Aug/2026:10:53:45 +0200] "GET /?rnd=1787734423381 HTTP/1.1" 200 42405 "https://www.kmu-hofmann.de/?rnd=1787734423381" "Sucuri-UptimeMonitoring" kmu-hofmann.de
66.248.202.0 - - [26/Aug/2026:10:54:01 +0200] "GET / HTTP/1.1" 301 6970 "http://www.kmu-hofmann.de/wp-login.php" "Mozilla/5.0 (Macintosh; Intel Mac OS X 10_15_7) AppleWebKit/537.36 (KHTML, like Gecko) Chrome/118.0.0.0 Safari/537.36" www.kmu-hofmann.de
66.248.203.0 - - [26/Aug/2026:10:54:04 +0200] "GET /rss.xml HTTP/1.1" 302 6597 "-" "Mozilla/5.0 (Macintosh; Intel Mac OS X 10.15; rv:135.0) Gecko/20100101 Firefox/135.0" kmu-hofmann.de
66.248.203.0 - - [26/Aug/2026:10:54:05 +0200] "GET /sitemap.rss HTTP/1.1" 200 26042 "-" "Mozilla/5.0 (Macintosh; Intel Mac OS X 10.15; rv:135.0) Gecko/20100101 Firefox/135.0" kmu-hofmann.de
66.248.202.0 - - [26/Aug/2026:10:54:20 +0200] "GET / HTTP/1.1" 200 42979 "http://www.kmu-hofmann.de/wp-login.php" "Mozilla/5.0 (Macintosh; Intel Mac OS X 10_15_7) AppleWebKit/537.36 (KHTML, like Gecko) Chrome/118.0.0.0 Safari/537.36" kmu-hofmann.de
66.248.202.0 - - [26/Aug/2026:10:54:32 +0200] "GET /wp-admin/edit.php HTTP/1.1" 302 6598 "http://www.kmu-hofmann.de/wp-login.php" "Mozilla/5.0 (Macintosh; Intel Mac OS X 10_15_7) AppleWebKit/537.36 (KHTML, like Gecko) Chrome/118.0.0.0 Safari/537.36" www.kmu-hofmann.de
170.106.113.0 - - [26/Aug/2026:10:54:52 +0200] "GET / HTTP/1.1" 301 488 "-" "Mozilla/5.0 (iPhone; CPU iPhone OS 13_2_3 like Mac OS X) AppleWebKit/605.1.15 (KHTML, like Gecko) Version/13.0.3 Mobile/15E148 Safari/604.1" www.csr-planer.com
31.220.124.0 - - [26/Aug/2026:10:54:54 +0200] "POST /wp-cron.php?doing_wp_cron=1787734494.1719861030578613281250 HTTP/1.1" 200 287 "-" "WordPress/6.9.4; https://www.kmu-csr-planer.de" www.kmu-csr-planer.de
170.106.113.0 - - [26/Aug/2026:10:54:53 +0200] "GET / HTTP/1.1" 301 277 "http://www.csr-planer.com" "Mozilla/5.0 (iPhone; CPU iPhone OS 13_2_3 like Mac OS X) AppleWebKit/605.1.15 (KHTML, like Gecko) Version/13.0.3 Mobile/15E148 Safari/604.1" www.kmu-csr-planer.de
170.106.113.0 - - [26/Aug/2026:10:54:55 +0200] "GET / HTTP/1.1" 200 47286 "http://www.kmu-csr-planer.de" "Mozilla/5.0 (iPhone; CPU iPhone OS 13_2_3 like Mac OS X) AppleWebKit/605.1.15 (KHTML, like Gecko) Version/13.0.3 Mobile/15E148 Safari/604.1" www.kmu-csr-planer.de
185.93.231.0 - - [26/Aug/2026:10:55:28 +0200] "POST /wp-cron.php?doing_wp_cron=1787734528.2570669651031494140625 HTTP/1.1" 200 6615 "-" "sxIDt6HhhelF" kmu-hofmann.de
66.248.202.0 - - [26/Aug/2026:10:55:27 +0200] "GET /wp-admin/plugins.php HTTP/1.1" 302 6598 "http://www.kmu-hofmann.de/wp-login.php" "Mozilla/5.0 (Macintosh; Intel Mac OS X 10_15_7) AppleWebKit/537.36 (KHTML, like Gecko) Chrome/118.0.0.0 Safari/537.36" www.kmu-hofmann.de
185.93.231.0 - - [26/Aug/2026:10:56:00 +0200] "POST /wp-cron.php?doing_wp_cron=1787734560.8363270759582519531250 HTTP/1.1" 200 6615 "-" "FooHfI1DDey4" kmu-hofmann.de
66.248.202.0 - - [26/Aug/2026:10:55:59 +0200] "GET /2015/09/der-nutzen-der-unzufriedenheit/ HTTP/1.1" 200 42955 "-" "Mozilla/5.0 (Macintosh; Intel Mac OS X 10_15_7) AppleWebKit/605.1.15 (KHTML, like Gecko) Version/17.4 Safari/605.1.15 (Applebot/0.1; +http://www.apple.com/go/applebot)" kmu-hofmann.de
208.109.3.0 - - [26/Aug/2026:10:56:05 +0200] "GET /feed/ HTTP/1.1" 304 6569 "-" "Mozilla/5.0 (iPhone; CPU iPhone OS 18_0_1 like Mac OS X) AppleWebKit/605.1.15 (KHTML, like Gecko) FxiOS/133.4 Mobile/15E148 Safari/605.1.15" www.kmu-hofmann.de
192.178.6.0 - - [26/Aug/2026:10:56:17 +0200] "GET /robots.txt HTTP/1.1" 200 4636 "-" "Mozilla/5.0 (compatible; Googlebot/2.1; +http://www.google.com/bot.html)" www.kmu-csr-planer.de
192.178.6.0 - - [26/Aug/2026:10:56:18 +0200] "GET /wp-content/uploads/2020/12/core_dhl_slider_1.jpg HTTP/1.1" 200 93311 "-" "Googlebot-Image/1.0" www.kmu-csr-planer.de
66.248.202.0 - - [26/Aug/2026:10:56:34 +0200] "GET /wp-admin/index.php HTTP/1.1" 302 6598 "http://www.kmu-hofmann.de/wp-login.php" "Mozilla/5.0 (Macintosh; Intel Mac OS X 10_15_7) AppleWebKit/537.36 (KHTML, like Gecko) Chrome/120.0.0.0 Safari/537.36" www.kmu-hofmann.de
185.93.231.0 - - [26/Aug/2026:10:56:44 +0200] "POST /wp-cron.php?doing_wp_cron=1787734603.9997351169586181640625 HTTP/1.1" 200 6636 "-" "XkohFtW1YVDT" kmu-hofmann.de
66.248.202.0 - - [26/Aug/2026:10:56:43 +0200] "GET /404/ HTTP/1.1" 301 7051 "http://www.kmu-hofmann.de/wp-login.php" "Mozilla/5.0 (Macintosh; Intel Mac OS X 10_15_7) AppleWebKit/537.36 (KHTML, like Gecko) Chrome/120.0.0.0 Safari/537.36" kmu-hofmann.de
185.93.231.0 - - [26/Aug/2026:10:56:59 +0200] "POST /wp-cron.php?doing_wp_cron=1787734619.7880311012268066406250 HTTP/1.1" 200 6636 "-" "Me6m9SpxE0y9" kmu-hofmann.de
66.248.202.0 - - [26/Aug/2026:10:56:58 +0200] "GET / HTTP/1.1" 301 6970 "http://www.kmu-hofmann.de/wp-login.php" "Mozilla/5.0 (Macintosh; Intel Mac OS X 10_15_7) AppleWebKit/537.36 (KHTML, like Gecko) Chrome/120.0.0.0 Safari/537.36" www.kmu-hofmann.de
66.248.202.0 - - [26/Aug/2026:10:57:13 +0200] "GET / HTTP/1.1" 200 42998 "http://www.kmu-hofmann.de/wp-login.php" "Mozilla/5.0 (Macintosh; Intel Mac OS X 10_15_7) AppleWebKit/537.36 (KHTML, like Gecko) Chrome/120.0.0.0 Safari/537.36" kmu-hofmann.de
192.178.6.0 - - [26/Aug/2026:10:58:32 +0200] "GET /wp-content/uploads/2020/12/core_dhl_slider_2.jpg HTTP/1.1" 200 120689 "-" "Googlebot-Image/1.0" www.kmu-csr-planer.de
185.93.231.0 - - [26/Aug/2026:10:58:43 +0200] "POST /wp-cron.php?doing_wp_cron=1787734723.0153388977050781250000 HTTP/1.1" 200 6636 "-" "fHm3sNBwAzP6" kmu-hofmann.de
66.248.203.0 - - [26/Aug/2026:10:58:42 +0200] "GET /?sucurianticache=99054803 HTTP/1.1" 301 6995 "-" "Sucuri Uptime Monitor" www.kmu-hofmann.de
66.248.203.0 - - [26/Aug/2026:10:58:45 +0200] "GET /?rnd=1787734724302 HTTP/1.1" 301 6988 "-" "Sucuri-UptimeMonitoring" www.kmu-hofmann.de
66.248.203.0 - - [26/Aug/2026:10:58:43 +0200] "GET /?sucurianticache=99054803 HTTP/1.1" 200 195071 "-" "Sucuri Uptime Monitor" kmu-hofmann.de
66.248.203.0 - - [26/Aug/2026:10:58:46 +0200] "GET /?rnd=1787734724302 HTTP/1.1" 200 42426 "https://www.kmu-hofmann.de/?rnd=1787734724302" "Sucuri-UptimeMonitoring" kmu-hofmann.de
66.248.203.0 - - [26/Aug/2026:10:58:48 +0200] "GET /?sucurianticache=249319251 HTTP/1.1" 301 6996 "-" "Sucuri Uptime Monitor" www.kmu-hofmann.de
66.248.203.0 - - [26/Aug/2026:10:58:49 +0200] "GET /?sucurianticache=249319251 HTTP/1.1" 200 195071 "-" "Sucuri Uptime Monitor" kmu-hofmann.de
31.220.124.0 - - [26/Aug/2026:10:59:22 +0200] "POST /wp-cron.php?doing_wp_cron=1787734762.2640259265899658203125 HTTP/1.1" 200 308 "-" "WordPress/6.9.4; https://www.kmu-csr-planer.de" www.kmu-csr-planer.de
119.91.58.0 - - [26/Aug/2026:10:59:20 +0200] "HEAD / HTTP/1.1" 301 251 "https://m.baidu.com/s?word=www.vzth.cn" "Mozilla/5.0 (Linux; U; Android 9; zh-cn; BKL-AL20 Build/HUAWEIBKL-AL20) AppleWebKit/537.36 (KHTML, like Gecko) Version/4.0 Chrome/57.0.2987.132 MQQBrowser/9.1 Mobile Safari/537.36" www.kmu-csr-planer.de
119.91.58.0 - - [26/Aug/2026:10:59:23 +0200] "HEAD / HTTP/1.1" 200 4228 "https://m.baidu.com/s?word=www.vzth.cn" "Mozilla/5.0 (Linux; U; Android 9; zh-cn; BKL-AL20 Build/HUAWEIBKL-AL20) AppleWebKit/537.36 (KHTML, like Gecko) Version/4.0 Chrome/57.0.2987.132 MQQBrowser/9.1 Mobile Safari/537.36" www.kmu-csr-planer.de
119.28.140.0 - - [26/Aug/2026:11:02:49 +0200] "GET / HTTP/1.1" 403 1141 "-" "Mozilla/5.0 (iPhone; CPU iPhone OS 13_2_3 like Mac OS X) AppleWebKit/605.1.15 (KHTML, like Gecko) Version/13.0.3 Mobile/15E148 Safari/604.1" kmu-csr-planer.com
98.84.64.0 - - [26/Aug/2026:11:03:10 +0200] "GET /robots.txt HTTP/1.1" 404 5486 "-" "Mozilla/5.0 (Macintosh; Intel Mac OS X 10_10_1) AppleWebKit/600.2.5 (KHTML, like Gecko) Version/8.0.2 Safari/600.2.5 (Gort)" csr-planer.com
185.93.231.0 - - [26/Aug/2026:11:03:48 +0200] "POST /wp-cron.php?doing_wp_cron=1787735028.2114360332489013671875 HTTP/1.1" 200 6636 "-" "CBPUFQoJJKQH" kmu-hofmann.de
66.248.203.0 - - [26/Aug/2026:11:03:46 +0200] "GET /?rnd=1787735025813 HTTP/1.1" 301 6988 "-" "Sucuri-UptimeMonitoring" www.kmu-hofmann.de
66.248.203.0 - - [26/Aug/2026:11:03:49 +0200] "GET /?rnd=1787735025813 HTTP/1.1" 200 42426 "https://www.kmu-hofmann.de/?rnd=1787735025813" "Sucuri-UptimeMonitoring" kmu-hofmann.de
66.248.203.0 - - [26/Aug/2026:11:04:29 +0200] "GET /?sucurianticache=903173625 HTTP/1.1" 301 6996 "-" "Sucuri Uptime Monitor" www.kmu-hofmann.de
66.248.203.0 - - [26/Aug/2026:11:04:31 +0200] "GET /?sucurianticache=903173625 HTTP/1.1" 200 195071 "-" "Sucuri Uptime Monitor" kmu-hofmann.de
66.248.201.0 - - [26/Aug/2026:11:04:33 +0200] "GET /?sucurianticache=1918464721 HTTP/1.1" 301 6997 "-" "Sucuri Uptime Monitor" www.kmu-hofmann.de
208.109.3.0 - - [26/Aug/2026:11:04:34 +0200] "GET /?sucurianticache=1918464721 HTTP/1.1" 200 195041 "-" "Sucuri Uptime Monitor" kmu-hofmann.de
66.248.203.0 - - [26/Aug/2026:11:08:12 +0200] "GET /robots.txt HTTP/1.1" 304 6575 "-" "Mozilla/5.0 (compatible; ExaSearchBot/1.0; +https://crawler.exa.ai/)" www.kmu-hofmann.de
185.93.231.0 - - [26/Aug/2026:11:08:48 +0200] "POST /wp-cron.php?doing_wp_cron=1787735327.9610280990600585937500 HTTP/1.1" 200 6636 "-" "43iuFMwpavbx" kmu-hofmann.de
66.248.203.0 - - [26/Aug/2026:11:08:46 +0200] "GET /?rnd=1787735326156 HTTP/1.1" 301 6988 "-" "Sucuri-UptimeMonitoring" www.kmu-hofmann.de
66.248.203.0 - - [26/Aug/2026:11:08:48 +0200] "GET /?rnd=1787735326156 HTTP/1.1" 200 42426 "https://www.kmu-hofmann.de/?rnd=1787735326156" "Sucuri-UptimeMonitoring" kmu-hofmann.de
208.109.2.0 - - [26/Aug/2026:11:10:29 +0200] "GET /wp-content/uploads/2014/11/IMG_2256.jpg HTTP/1.1" 200 2519288 "-" "Mozilla/5.0 (compatible; DotBot/1.2; +https://opensiteexplorer.org/dotbot; help@moz.com)" www.kmu-hofmann.de
185.93.231.0 - - [26/Aug/2026:11:10:32 +0200] "POST /wp-cron.php?doing_wp_cron=1787735432.4671959877014160156250 HTTP/1.1" 200 6615 "-" "tDV4EzjzxFGd" kmu-hofmann.de
66.248.203.0 - - [26/Aug/2026:11:10:30 +0200] "GET /online-bestellformular-buch/ HTTP/1.1" 301 7045 "-" "Mozilla/5.0 (compatible; Googlebot/2.1; +http://www.google.com/bot.html)" www.kmu-hofmann.de
66.248.203.0 - - [26/Aug/2026:11:11:09 +0200] "GET /?sucurianticache=586321458 HTTP/1.1" 301 6996 "-" "Sucuri Uptime Monitor" www.kmu-hofmann.de
66.248.203.0 - - [26/Aug/2026:11:11:11 +0200] "GET /?sucurianticache=586321458 HTTP/1.1" 200 195050 "-" "Sucuri Uptime Monitor" kmu-hofmann.de
208.109.3.0 - - [26/Aug/2026:11:11:14 +0200] "GET /?sucurianticache=330174233 HTTP/1.1" 301 6996 "-" "Sucuri Uptime Monitor" www.kmu-hofmann.de
66.248.201.0 - - [26/Aug/2026:11:11:16 +0200] "GET /?sucurianticache=330174233 HTTP/1.1" 200 195050 "-" "Sucuri Uptime Monitor" kmu-hofmann.de
185.93.231.0 - - [26/Aug/2026:11:11:46 +0200] "POST /wp-cron.php?doing_wp_cron=1787735506.2784349918365478515625 HTTP/1.1" 200 6636 "-" "wVJmu4L7gg0m" kmu-hofmann.de
185.93.231.0 - - [26/Aug/2026:11:11:45 +0200] "GET /bestellanfragen-buch-neue-unternehmen/ HTTP/1.1" 301 7008 "-" "Mozilla/5.0 (compatible; Googlebot/2.1; +http://www.google.com/bot.html)" www.kmu-hofmann.de
185.93.231.0 - - [26/Aug/2026:11:13:48 +0200] "POST /wp-cron.php?doing_wp_cron=1787735628.6175019741058349609375 HTTP/1.1" 200 6636 "-" "W7anu0ADYMdZ" kmu-hofmann.de
66.248.203.0 - - [26/Aug/2026:11:13:47 +0200] "GET /?rnd=1787735626959 HTTP/1.1" 301 6988 "-" "Sucuri-UptimeMonitoring" www.kmu-hofmann.de
66.248.203.0 - - [26/Aug/2026:11:13:49 +0200] "GET /?rnd=1787735626959 HTTP/1.1" 200 42425 "https://www.kmu-hofmann.de/?rnd=1787735626959" "Sucuri-UptimeMonitoring" kmu-hofmann.de
216.73.216.0 - - [26/Aug/2026:11:15:35 +0200] "GET /robots.txt HTTP/2.0" 200 181 "-" "Mozilla/5.0 AppleWebKit/537.36 (KHTML, like Gecko; compatible; ClaudeBot/1.0; +claudebot@anthropic.com)" www.kmu-csr-planer.de
31.220.124.0 - - [26/Aug/2026:11:15:36 +0200] "POST /wp-cron.php?doing_wp_cron=1787735736.3436388969421386718750 HTTP/1.1" 200 4620 "-" "WordPress/6.9.4; https://www.kmu-csr-planer.de" www.kmu-csr-planer.de
216.73.216.0 - - [26/Aug/2026:11:15:35 +0200] "GET /sitemap.xml HTTP/2.0" 301 65 "-" "Mozilla/5.0 AppleWebKit/537.36 (KHTML, like Gecko; compatible; ClaudeBot/1.0; +claudebot@anthropic.com)" www.kmu-csr-planer.de
185.93.231.0 - - [26/Aug/2026:11:16:58 +0200] "POST /wp-cron.php?doing_wp_cron=1787735818.8704319000244140625000 HTTP/1.1" 200 6636 "-" "tMOWklhmyfy6" kmu-hofmann.de
66.248.203.0 - - [26/Aug/2026:11:16:57 +0200] "GET /?sucurianticache=1602591824 HTTP/1.1" 301 6997 "-" "Sucuri Uptime Monitor" www.kmu-hofmann.de
66.248.203.0 - - [26/Aug/2026:11:16:59 +0200] "GET /?sucurianticache=1602591824 HTTP/1.1" 200 195041 "-" "Sucuri Uptime Monitor" kmu-hofmann.de
208.109.3.0 - - [26/Aug/2026:11:17:02 +0200] "GET /?sucurianticache=1246800772 HTTP/1.1" 301 6997 "-" "Sucuri Uptime Monitor" www.kmu-hofmann.de
208.109.3.0 - - [26/Aug/2026:11:17:03 +0200] "GET /?sucurianticache=1246800772 HTTP/1.1" 200 195071 "-" "Sucuri Uptime Monitor" kmu-hofmann.de
66.248.202.0 - - [26/Aug/2026:11:17:22 +0200] "GET /wp-admin/plugins.php HTTP/1.1" 302 6598 "http://www.kmu-hofmann.de/wp-login.php" "Mozilla/5.0 (Windows NT 10.0; Win64; x64) AppleWebKit/537.36 (KHTML, like Gecko) Chrome/119.0.0.0 Safari/537.36" www.kmu-hofmann.de
66.248.202.0 - - [26/Aug/2026:11:17:29 +0200] "GET /404/ HTTP/1.1" 301 7051 "http://www.kmu-hofmann.de/wp-login.php" "Mozilla/5.0 (Windows NT 10.0; Win64; x64) AppleWebKit/537.36 (KHTML, like Gecko) Chrome/119.0.0.0 Safari/537.36" kmu-hofmann.de
185.93.231.0 - - [26/Aug/2026:11:17:43 +0200] "POST /wp-cron.php?doing_wp_cron=1787735863.5073289871215820312500 HTTP/1.1" 200 6636 "-" "GS07yuEg3p96" kmu-hofmann.de
66.248.202.0 - - [26/Aug/2026:11:17:42 +0200] "GET / HTTP/1.1" 301 6970 "http://www.kmu-hofmann.de/wp-login.php" "Mozilla/5.0 (Windows NT 10.0; Win64; x64) AppleWebKit/537.36 (KHTML, like Gecko) Chrome/119.0.0.0 Safari/537.36" www.kmu-hofmann.de
66.248.202.0 - - [26/Aug/2026:11:17:56 +0200] "GET / HTTP/1.1" 200 43002 "http://www.kmu-hofmann.de/wp-login.php" "Mozilla/5.0 (Windows NT 10.0; Win64; x64) AppleWebKit/537.36 (KHTML, like Gecko) Chrome/119.0.0.0 Safari/537.36" kmu-hofmann.de
66.248.202.0 - - [26/Aug/2026:11:18:30 +0200] "GET /wp-admin/index.php HTTP/1.1" 302 6598 "http://www.kmu-hofmann.de/wp-login.php" "Mozilla/5.0 (Macintosh; Intel Mac OS X 10_15_7; rv:119.0) Gecko/20100101 Firefox/119.0" www.kmu-hofmann.de
66.248.202.0 - - [26/Aug/2026:11:18:38 +0200] "GET /404/ HTTP/1.1" 301 7051 "http://www.kmu-hofmann.de/wp-login.php" "Mozilla/5.0 (Macintosh; Intel Mac OS X 10_15_7; rv:119.0) Gecko/20100101 Firefox/119.0" kmu-hofmann.de
185.93.231.0 - - [26/Aug/2026:11:18:48 +0200] "POST /wp-cron.php?doing_wp_cron=1787735928.4849390983581542968750 HTTP/1.1" 200 6636 "-" "LmNLsapFzfZq" kmu-hofmann.de
66.248.203.0 - - [26/Aug/2026:11:18:47 +0200] "GET /?rnd=1787735927147 HTTP/1.1" 301 6988 "-" "Sucuri-UptimeMonitoring" www.kmu-hofmann.de
66.248.203.0 - - [26/Aug/2026:11:18:49 +0200] "GET /?rnd=1787735927147 HTTP/1.1" 200 42427 "https://www.kmu-hofmann.de/?rnd=1787735927147" "Sucuri-UptimeMonitoring" kmu-hofmann.de
66.248.202.0 - - [26/Aug/2026:11:18:54 +0200] "GET / HTTP/1.1" 301 6970 "http://www.kmu-hofmann.de/wp-login.php" "Mozilla/5.0 (Macintosh; Intel Mac OS X 10_15_7; rv:119.0) Gecko/20100101 Firefox/119.0" www.kmu-hofmann.de
66.248.202.0 - - [26/Aug/2026:11:19:09 +0200] "GET / HTTP/1.1" 200 42999 "http://www.kmu-hofmann.de/wp-login.php" "Mozilla/5.0 (Macintosh; Intel Mac OS X 10_15_7; rv:119.0) Gecko/20100101 Firefox/119.0" kmu-hofmann.de
66.248.202.0 - - [26/Aug/2026:11:19:18 +0200] "GET /wp-admin/profile.php HTTP/1.1" 302 6598 "http://www.kmu-hofmann.de/wp-login.php" "Mozilla/5.0 (Macintosh; Intel Mac OS X 10_15_7; rv:119.0) Gecko/20100101 Firefox/119.0" www.kmu-hofmann.de
66.248.202.0 - - [26/Aug/2026:11:19:26 +0200] "GET /404/ HTTP/1.1" 301 7051 "http://www.kmu-hofmann.de/wp-login.php" "Mozilla/5.0 (Macintosh; Intel Mac OS X 10_15_7; rv:119.0) Gecko/20100101 Firefox/119.0" kmu-hofmann.de
185.93.231.0 - - [26/Aug/2026:11:19:41 +0200] "POST /wp-cron.php?doing_wp_cron=1787735981.8861179351806640625000 HTTP/1.1" 200 6636 "-" "txjr3PbZi6zR" kmu-hofmann.de
66.248.202.0 - - [26/Aug/2026:11:19:41 +0200] "GET / HTTP/1.1" 301 6970 "http://www.kmu-hofmann.de/wp-login.php" "Mozilla/5.0 (Macintosh; Intel Mac OS X 10_15_7; rv:119.0) Gecko/20100101 Firefox/119.0" www.kmu-hofmann.de
185.93.231.0 - - [26/Aug/2026:11:19:57 +0200] "POST /wp-cron.php?doing_wp_cron=1787735997.3360619544982910156250 HTTP/1.1" 200 6636 "-" "nvKH8iGViyQ8" kmu-hofmann.de
66.248.202.0 - - [26/Aug/2026:11:19:56 +0200] "GET / HTTP/1.1" 200 42999 "http://www.kmu-hofmann.de/wp-login.php" "Mozilla/5.0 (Macintosh; Intel Mac OS X 10_15_7; rv:119.0) Gecko/20100101 Firefox/119.0" kmu-hofmann.de
66.248.202.0 - - [26/Aug/2026:11:20:08 +0200] "GET /wp-admin/edit.php HTTP/1.1" 302 6598 "http://www.kmu-hofmann.de/wp-login.php" "Mozilla/5.0 (Macintosh; Intel Mac OS X 10_15_7; rv:119.0) Gecko/20100101 Firefox/119.0" www.kmu-hofmann.de
185.93.231.0 - - [26/Aug/2026:11:20:58 +0200] "POST /wp-cron.php?doing_wp_cron=1787736057.9624419212341308593750 HTTP/1.1" 200 6636 "-" "dU3DwzFiVXBh" kmu-hofmann.de
66.248.202.0 - - [26/Aug/2026:11:20:57 +0200] "GET /wp-admin/plugins.php HTTP/1.1" 302 6598 "http://www.kmu-hofmann.de/wp-login.php" "Mozilla/5.0 (Macintosh; Intel Mac OS X 10_15_7; rv:119.0) Gecko/20100101 Firefox/119.0" www.kmu-hofmann.de
185.93.231.0 - - [26/Aug/2026:11:21:56 +0200] "POST /wp-cron.php?doing_wp_cron=1787736116.3878910541534423828125 HTTP/1.1" 200 6636 "-" "BeffLUteaE5w" kmu-hofmann.de
66.248.202.0 - - [26/Aug/2026:11:21:55 +0200] "GET /wp-admin/index.php HTTP/1.1" 302 6598 "http://www.kmu-hofmann.de/wp-login.php" "Mozilla/5.0 (X11; Ubuntu; Linux x86_64) AppleWebKit/537.36 (KHTML, like Gecko) Chrome/118.0.0.0 Safari/537.36" www.kmu-hofmann.de
66.248.202.0 - - [26/Aug/2026:11:22:03 +0200] "GET /404/ HTTP/1.1" 301 7051 "http://www.kmu-hofmann.de/wp-login.php" "Mozilla/5.0 (X11; Ubuntu; Linux x86_64) AppleWebKit/537.36 (KHTML, like Gecko) Chrome/118.0.0.0 Safari/537.36" kmu-hofmann.de
66.248.202.0 - - [26/Aug/2026:11:22:18 +0200] "GET / HTTP/1.1" 301 6970 "http://www.kmu-hofmann.de/wp-login.php" "Mozilla/5.0 (X11; Ubuntu; Linux x86_64) AppleWebKit/537.36 (KHTML, like Gecko) Chrome/118.0.0.0 Safari/537.36" www.kmu-hofmann.de
66.248.202.0 - - [26/Aug/2026:11:22:30 +0200] "GET / HTTP/1.1" 200 42999 "http://www.kmu-hofmann.de/wp-login.php" "Mozilla/5.0 (X11; Ubuntu; Linux x86_64) AppleWebKit/537.36 (KHTML, like Gecko) Chrome/118.0.0.0 Safari/537.36" kmu-hofmann.de
66.248.202.0 - - [26/Aug/2026:11:22:38 +0200] "GET /wp-admin/profile.php HTTP/1.1" 302 6598 "http://www.kmu-hofmann.de/wp-login.php" "Mozilla/5.0 (X11; Ubuntu; Linux x86_64) AppleWebKit/537.36 (KHTML, like Gecko) Chrome/118.0.0.0 Safari/537.36" www.kmu-hofmann.de
185.93.231.0 - - [26/Aug/2026:11:22:45 +0200] "POST /wp-cron.php?doing_wp_cron=1787736165.6775228977203369140625 HTTP/1.1" 200 6636 "-" "dlg8Zf5UhpjP" kmu-hofmann.de
66.248.202.0 - - [26/Aug/2026:11:22:45 +0200] "GET /404/ HTTP/1.1" 301 7051 "http://www.kmu-hofmann.de/wp-login.php" "Mozilla/5.0 (X11; Ubuntu; Linux x86_64) AppleWebKit/537.36 (KHTML, like Gecko) Chrome/118.0.0.0 Safari/537.36" kmu-hofmann.de
66.248.202.0 - - [26/Aug/2026:11:22:58 +0200] "GET / HTTP/1.1" 301 6970 "http://www.kmu-hofmann.de/wp-login.php" "Mozilla/5.0 (X11; Ubuntu; Linux x86_64) AppleWebKit/537.36 (KHTML, like Gecko) Chrome/118.0.0.0 Safari/537.36" www.kmu-hofmann.de
208.109.3.0 - - [26/Aug/2026:11:23:06 +0200] "GET /?sucurianticache=86205431 HTTP/1.1" 301 6995 "-" "Sucuri Uptime Monitor" www.kmu-hofmann.de
185.93.231.0 - - [26/Aug/2026:11:23:07 +0200] "GET /pressekontakt HTTP/1.1" 301 7031 "-" "Mozilla/5.0 (compatible; Googlebot/2.1; +http://www.google.com/bot.html)" www.kmu-hofmann.de
208.109.3.0 - - [26/Aug/2026:11:23:08 +0200] "GET /?sucurianticache=86205431 HTTP/1.1" 200 195071 "-" "Sucuri Uptime Monitor" kmu-hofmann.de
66.248.203.0 - - [26/Aug/2026:11:23:12 +0200] "GET /?sucurianticache=239472499 HTTP/1.1" 301 6996 "-" "Sucuri Uptime Monitor" www.kmu-hofmann.de
66.248.203.0 - - [26/Aug/2026:11:23:13 +0200] "GET /?sucurianticache=239472499 HTTP/1.1" 200 195071 "-" "Sucuri Uptime Monitor" kmu-hofmann.de
66.248.202.0 - - [26/Aug/2026:11:23:14 +0200] "GET / HTTP/1.1" 200 43001 "http://www.kmu-hofmann.de/wp-login.php" "Mozilla/5.0 (X11; Ubuntu; Linux x86_64) AppleWebKit/537.36 (KHTML, like Gecko) Chrome/118.0.0.0 Safari/537.36" kmu-hofmann.de
66.248.202.0 - - [26/Aug/2026:11:23:24 +0200] "GET /wp-admin/edit.php HTTP/1.1" 302 6598 "http://www.kmu-hofmann.de/wp-login.php" "Mozilla/5.0 (X11; Ubuntu; Linux x86_64) AppleWebKit/537.36 (KHTML, like Gecko) Chrome/118.0.0.0 Safari/537.36" www.kmu-hofmann.de
185.93.231.0 - - [26/Aug/2026:11:23:37 +0200] "GET /jobs HTTP/1.1" 301 7022 "-" "Mozilla/5.0 (compatible; Googlebot/2.1; +http://www.google.com/bot.html)" www.kmu-hofmann.de
185.93.231.0 - - [26/Aug/2026:11:23:48 +0200] "POST /wp-cron.php?doing_wp_cron=1787736228.5135769844055175781250 HTTP/1.1" 200 6636 "-" "pEORHqcHHvlT" kmu-hofmann.de
66.248.203.0 - - [26/Aug/2026:11:23:47 +0200] "GET /?rnd=1787736226904 HTTP/1.1" 301 6988 "-" "Sucuri-UptimeMonitoring" www.kmu-hofmann.de
66.248.203.0 - - [26/Aug/2026:11:23:49 +0200] "GET /?rnd=1787736226904 HTTP/1.1" 200 42426 "https://www.kmu-hofmann.de/?rnd=1787736226904" "Sucuri-UptimeMonitoring" kmu-hofmann.de
185.93.231.0 - - [26/Aug/2026:11:24:07 +0200] "GET /videos HTTP/1.1" 301 7024 "-" "Mozilla/5.0 (compatible; Googlebot/2.1; +http://www.google.com/bot.html)" www.kmu-hofmann.de
66.248.202.0 - - [26/Aug/2026:11:24:12 +0200] "GET /wp-admin/plugins.php HTTP/1.1" 302 6598 "http://www.kmu-hofmann.de/wp-login.php" "Mozilla/5.0 (X11; Ubuntu; Linux x86_64) AppleWebKit/537.36 (KHTML, like Gecko) Chrome/118.0.0.0 Safari/537.36" www.kmu-hofmann.de
185.93.231.0 - - [26/Aug/2026:11:24:37 +0200] "GET /impressum HTTP/1.1" 301 7027 "-" "Mozilla/5.0 (compatible; Googlebot/2.1; +http://www.google.com/bot.html)" www.kmu-hofmann.de
185.93.231.0 - - [26/Aug/2026:11:25:00 +0200] "POST /wp-cron.php?doing_wp_cron=1787736300.2424719333648681640625 HTTP/1.1" 200 6636 "-" "gFyZQHSLl8WX" kmu-hofmann.de
66.248.202.0 - - [26/Aug/2026:11:24:59 +0200] "GET /wp-admin/index.php HTTP/1.1" 302 6598 "http://www.kmu-hofmann.de/wp-login.php" "Mozilla/5.0 (Windows NT 11.0; Win64; x64; rv:118.0) Gecko/20100101 Firefox/118.0" www.kmu-hofmann.de
66.248.203.0 - - [26/Aug/2026:11:25:08 +0200] "GET /ueber-uns HTTP/1.1" 301 7027 "-" "Mozilla/5.0 (compatible; Googlebot/2.1; +http://www.google.com/bot.html)" www.kmu-hofmann.de
66.248.202.0 - - [26/Aug/2026:11:25:11 +0200] "GET /404/ HTTP/1.1" 301 7051 "http://www.kmu-hofmann.de/wp-login.php" "Mozilla/5.0 (Windows NT 11.0; Win64; x64; rv:118.0) Gecko/20100101 Firefox/118.0" kmu-hofmann.de
223.123.73.0 - - [26/Aug/2026:11:25:18 +0200] "GET / HTTP/1.1" 301 5820 "https://betwinnermirror.com/all/1242/3.html" "Mozilla/5.0 (Windows NT 10.0; Win64; x64) AppleWebKit/537.36 (KHTML, like Gecko) Chrome/121.0.0.0 Safari/537.36 Edg/121.0.0.0" greenfranchise.de
179.42.57.0 - - [26/Aug/2026:11:25:22 +0200] "GET http://greenfranchise.de/ HTTP/1.1" 301 525 "https://betwinnermirror.com/all/1242/3.html" "Mozilla/5.0 (Windows NT 10.0; Win64; x64) AppleWebKit/537.36 (KHTML, like Gecko) Chrome/121.0.0.0 Safari/537.36 Edg/121.0.0.0" greenfranchise.de
66.248.203.0 - - [26/Aug/2026:11:25:22 +0200] "GET /2018/05/verstaerkung-bei-der-kmu-oliver-raach-stellt-sich-vor/ HTTP/1.1" 403 6838 "-" "Mozilla/5.0 AppleWebKit/537.36 (KHTML, like Gecko; compatible; Amazonbot/0.1; +https://developer.amazon.com/support/amazonbot) Chrome/119.0.6045.214 Safari/537.36" kmu-hofmann.de
179.42.57.0 - - [26/Aug/2026:11:25:22 +0200] "GET http://www.kmu-csr-planer.de/ HTTP/1.1" 301 372 "https://betwinnermirror.com/all/1242/3.html" "Mozilla/5.0 (Windows NT 10.0; Win64; x64) AppleWebKit/537.36 (KHTML, like Gecko) Chrome/121.0.0.0 Safari/537.36 Edg/121.0.0.0" www.kmu-csr-planer.de
66.248.202.0 - - [26/Aug/2026:11:25:25 +0200] "GET / HTTP/1.1" 301 6970 "http://www.kmu-hofmann.de/wp-login.php" "Mozilla/5.0 (Windows NT 11.0; Win64; x64; rv:118.0) Gecko/20100101 Firefox/118.0" www.kmu-hofmann.de
152.230.249.0 - - [26/Aug/2026:11:25:27 +0200] "GET / HTTP/1.1" 200 47342 "https://betwinnermirror.com/all/1242/3.html" "Mozilla/5.0 (Windows NT 10.0; Win64; x64) AppleWebKit/537.36 (KHTML, like Gecko) Chrome/121.0.0.0 Safari/537.36 Edg/121.0.0.0" www.kmu-csr-planer.de
185.93.231.0 - - [26/Aug/2026:11:25:42 +0200] "POST /wp-cron.php?doing_wp_cron=1787736342.5834820270538330078125 HTTP/1.1" 200 6636 "-" "pqdv7ZJTlKtM" kmu-hofmann.de
66.248.202.0 - - [26/Aug/2026:11:25:40 +0200] "GET / HTTP/1.1" 200 43001 "http://www.kmu-hofmann.de/wp-login.php" "Mozilla/5.0 (Windows NT 11.0; Win64; x64; rv:118.0) Gecko/20100101 Firefox/118.0" kmu-hofmann.de
66.248.202.0 - - [26/Aug/2026:11:25:49 +0200] "GET /wp-admin/profile.php HTTP/1.1" 302 6598 "http://www.kmu-hofmann.de/wp-login.php" "Mozilla/5.0 (Windows NT 11.0; Win64; x64; rv:118.0) Gecko/20100101 Firefox/118.0" www.kmu-hofmann.de
66.248.202.0 - - [26/Aug/2026:11:25:57 +0200] "GET /404/ HTTP/1.1" 301 7051 "http://www.kmu-hofmann.de/wp-login.php" "Mozilla/5.0 (Windows NT 11.0; Win64; x64; rv:118.0) Gecko/20100101 Firefox/118.0" kmu-hofmann.de
66.248.202.0 - - [26/Aug/2026:11:26:11 +0200] "GET / HTTP/1.1" 301 6970 "http://www.kmu-hofmann.de/wp-login.php" "Mozilla/5.0 (Windows NT 11.0; Win64; x64; rv:118.0) Gecko/20100101 Firefox/118.0" www.kmu-hofmann.de
66.248.202.0 - - [26/Aug/2026:11:26:25 +0200] "GET / HTTP/1.1" 200 43002 "http://www.kmu-hofmann.de/wp-login.php" "Mozilla/5.0 (Windows NT 11.0; Win64; x64; rv:118.0) Gecko/20100101 Firefox/118.0" kmu-hofmann.de
66.248.202.0 - - [26/Aug/2026:11:26:36 +0200] "GET /wp-admin/edit.php HTTP/1.1" 302 6598 "http://www.kmu-hofmann.de/wp-login.php" "Mozilla/5.0 (Windows NT 11.0; Win64; x64; rv:118.0) Gecko/20100101 Firefox/118.0" www.kmu-hofmann.de
185.93.231.0 - - [26/Aug/2026:11:27:15 +0200] "POST /wp-cron.php?doing_wp_cron=1787736435.8157010078430175781250 HTTP/1.1" 200 6615 "-" "wMMj41tl4TZg" kmu-hofmann.de
66.248.202.0 - - [26/Aug/2026:11:27:14 +0200] "GET /wp-admin/plugins.php HTTP/1.1" 302 6605 "http://www.kmu-hofmann.de/wp-login.php" "Mozilla/5.0 (Windows NT 11.0; Win64; x64; rv:118.0) Gecko/20100101 Firefox/118.0" www.kmu-hofmann.de
66.248.202.0 - - [26/Aug/2026:11:27:16 +0200] "GET /wp-content/uploads/2015/06/Bildschirmfoto-2015-07-01-um-11.36.46-e1435743411835.png HTTP/1.1" 200 158167 "-" "Mozilla/5.0 (Macintosh; Intel Mac OS X 10_15_7) AppleWebKit/537.36 (KHTML, like Gecko) Chrome/150.0.0.0 Safari/537.36" www.kmu-hofmann.de
66.248.202.0 - - [26/Aug/2026:11:27:23 +0200] "GET /wp-content/uploads/2016/08/spot-862274_960_720-400x250.jpg HTTP/1.1" 200 33657 "-" "Mozilla/5.0 (Macintosh; Intel Mac OS X 10_15_7) AppleWebKit/537.36 (KHTML, like Gecko) Chrome/150.0.0.0 Safari/537.36" www.kmu-hofmann.de
185.93.231.0 - - [26/Aug/2026:11:28:02 +0200] "POST /wp-cron.php?doing_wp_cron=1787736482.1269509792327880859375 HTTP/1.1" 200 6615 "-" "XFVzARknz3SF" kmu-hofmann.de
66.248.202.0 - - [26/Aug/2026:11:28:01 +0200] "GET /wp-admin/index.php HTTP/1.1" 302 6598 "http://www.kmu-hofmann.de/wp-login.php" "Mozilla/5.0 (X11; Ubuntu; Linux x86_64) AppleWebKit/537.36 (KHTML, like Gecko) Chrome/120.0.0.0 Safari/537.36" www.kmu-hofmann.de
66.248.202.0 - - [26/Aug/2026:11:28:09 +0200] "GET /404/ HTTP/1.1" 301 7051 "http://www.kmu-hofmann.de/wp-login.php" "Mozilla/5.0 (X11; Ubuntu; Linux x86_64) AppleWebKit/537.36 (KHTML, like Gecko) Chrome/120.0.0.0 Safari/537.36" kmu-hofmann.de
66.248.202.0 - - [26/Aug/2026:11:28:22 +0200] "GET / HTTP/1.1" 301 6970 "http://www.kmu-hofmann.de/wp-login.php" "Mozilla/5.0 (X11; Ubuntu; Linux x86_64) AppleWebKit/537.36 (KHTML, like Gecko) Chrome/120.0.0.0 Safari/537.36" www.kmu-hofmann.de
66.248.202.0 - - [26/Aug/2026:11:28:36 +0200] "GET / HTTP/1.1" 200 42978 "http://www.kmu-hofmann.de/wp-login.php" "Mozilla/5.0 (X11; Ubuntu; Linux x86_64) AppleWebKit/537.36 (KHTML, like Gecko) Chrome/120.0.0.0 Safari/537.36" kmu-hofmann.de
185.93.231.0 - - [26/Aug/2026:11:28:46 +0200] "POST /wp-cron.php?doing_wp_cron=1787736526.2790029048919677734375 HTTP/1.1" 200 6615 "-" "LG7p9BT2yDd7" kmu-hofmann.de
66.248.202.0 - - [26/Aug/2026:11:28:45 +0200] "GET /wp-admin/profile.php HTTP/1.1" 302 6598 "http://www.kmu-hofmann.de/wp-login.php" "Mozilla/5.0 (X11; Ubuntu; Linux x86_64) AppleWebKit/537.36 (KHTML, like Gecko) Chrome/120.0.0.0 Safari/537.36" www.kmu-hofmann.de
66.248.203.0 - - [26/Aug/2026:11:28:48 +0200] "GET /?rnd=1787736527140 HTTP/1.1" 301 6988 "-" "Sucuri-UptimeMonitoring" www.kmu-hofmann.de
137.184.198.0 - - [26/Aug/2026:11:28:52 +0200] "GET /wp-content/uploads/2021/07/CSR-Weiterbildung.jpg HTTP/1.1" 200 656685 "https://www.kmu-csr-planer.de/" "Mozilla/5.0 (Windows NT 10.0; Win64; x64) AppleWebKit/537.36 (KHTML, like Gecko) Chrome/104.0.5112.81 Safari/537.36" www.kmu-csr-planer.de
66.248.203.0 - - [26/Aug/2026:11:28:49 +0200] "GET /?rnd=1787736527140 HTTP/1.1" 200 42405 "https://www.kmu-hofmann.de/?rnd=1787736527140" "Sucuri-UptimeMonitoring" kmu-hofmann.de
66.248.202.0 - - [26/Aug/2026:11:28:52 +0200] "GET /404/ HTTP/1.1" 301 7051 "http://www.kmu-hofmann.de/wp-login.php" "Mozilla/5.0 (X11; Ubuntu; Linux x86_64) AppleWebKit/537.36 (KHTML, like Gecko) Chrome/120.0.0.0 Safari/537.36" kmu-hofmann.de
208.109.3.0 - - [26/Aug/2026:11:29:05 +0200] "GET /?sucurianticache=1190539077 HTTP/1.1" 301 6997 "-" "Sucuri Uptime Monitor" www.kmu-hofmann.de
66.248.202.0 - - [26/Aug/2026:11:29:06 +0200] "GET / HTTP/1.1" 301 6970 "http://www.kmu-hofmann.de/wp-login.php" "Mozilla/5.0 (X11; Ubuntu; Linux x86_64) AppleWebKit/537.36 (KHTML, like Gecko) Chrome/120.0.0.0 Safari/537.36" www.kmu-hofmann.de
208.109.3.0 - - [26/Aug/2026:11:29:08 +0200] "GET /?sucurianticache=1190539077 HTTP/1.1" 200 195020 "-" "Sucuri Uptime Monitor" kmu-hofmann.de
208.109.3.0 - - [26/Aug/2026:11:29:16 +0200] "GET /?sucurianticache=1674729671 HTTP/1.1" 301 6997 "-" "Sucuri Uptime Monitor" www.kmu-hofmann.de
208.109.3.0 - - [26/Aug/2026:11:29:19 +0200] "GET /?sucurianticache=1674729671 HTTP/1.1" 200 195020 "-" "Sucuri Uptime Monitor" kmu-hofmann.de
66.248.202.0 - - [26/Aug/2026:11:29:23 +0200] "GET / HTTP/1.1" 200 42978 "http://www.kmu-hofmann.de/wp-login.php" "Mozilla/5.0 (X11; Ubuntu; Linux x86_64) AppleWebKit/537.36 (KHTML, like Gecko) Chrome/120.0.0.0 Safari/537.36" kmu-hofmann.de
66.248.202.0 - - [26/Aug/2026:11:29:36 +0200] "GET /wp-admin/edit.php HTTP/1.1" 302 6598 "http://www.kmu-hofmann.de/wp-login.php" "Mozilla/5.0 (X11; Ubuntu; Linux x86_64) AppleWebKit/537.36 (KHTML, like Gecko) Chrome/120.0.0.0 Safari/537.36" www.kmu-hofmann.de
185.93.231.0 - - [26/Aug/2026:11:30:09 +0200] "POST /wp-cron.php?doing_wp_cron=1787736609.4413940906524658203125 HTTP/1.1" 200 6615 "-" "sP56RIkWr0Rj" kmu-hofmann.de
