66.248.203.0 - - [26/Aug/2026:09:57:31 +0200] "GET /?sucurianticache=665720387 HTTP/1.1" 301 6996 "-" "Sucuri Uptime Monitor" www.kmu-hofmann.de
66.248.203.0 - - [26/Aug/2026:09:57:33 +0200] "GET /?sucurianticache=665720387 HTTP/1.1" 200 195050 "-" "Sucuri Uptime Monitor" kmu-hofmann.de
185.93.231.0 - - [26/Aug/2026:09:58:37 +0200] "POST /wp-cron.php?doing_wp_cron=1787731117.3838219642639160156250 HTTP/1.1" 200 6615 "-" "BQqDs6OVCg0s" kmu-hofmann.de
66.248.203.0 - - [26/Aug/2026:09:58:36 +0200] "GET /?rnd=1787731115834 HTTP/1.1" 301 6988 "-" "Sucuri-UptimeMonitoring" www.kmu-hofmann.de
66.248.203.0 - - [26/Aug/2026:09:58:38 +0200] "GET /?rnd=1787731115834 HTTP/1.1" 200 42405 "https://www.kmu-hofmann.de/?rnd=1787731115834" "Sucuri-UptimeMonitoring" kmu-hofmann.de
84.247.178.0 - - [26/Aug/2026:10:01:45 +0200] "GET /?q=%27%3E%22%3E%3C%2fscript%3E%3Csvg%2fonload=confirm(%27xsss-q1%27)%3E&s=%27%3E%22%3E%3C%2fscript%3E%3Csvg%2fonload=confirm(%27xsss-s2%27)%3E&search=%27%3E%22%3E%3C%2fscript%3E%3Csvg%2fonload=confirm(%27xsss-search3%27)%3E&id=%27%3E%22%3E%3C%2fscript%3E%3Csvg%2fonload=confirm(%27xsss-id4%27)%3E&action=%27%3E%22%3E%3C%2fscript%3E%3Csvg%2fonload=confirm(%27xsss-action5%27)%3E&keyword=%27%3E%22%3E%3C%2fscript%3E%3Csvg%2fonload=confirm(%27xsss-keyword6%27)%3E&query=%27%3E%22%3E%3C%2fscript%3E%3Csvg%2fonload=confirm(%27xsss-query7%27)%3E&page=%27%3E%22%3E%3C%2fscript%3E%3Csvg%2fonload=confirm(%27xsss-page8%27)%3E&keywords=%27%3E%22%3E%3C%2fscript%3E%3Csvg%2fonload=confirm(%27xsss-keywords9%27)%3E&url=%27%3E%22%3E%3C%2fscript%3E%3Csvg%2fonload=confirm(%27xsss-url10%27)%3E&view=%27%3E%22%3E%3C%2fscript%3E%3Csvg%2fonload=confirm(%27xsss-view11%27)%3E&cat=%27%3E%22%3E%3C%2fscript%3E%3Csvg%2fonload=confirm(%27xsss-cat12%27)%3E&name=%27%3E%22%3E%3C%2fscript%3E%3Csvg%2fonload=confirm(%27xsss-name13%27)%3E&key=%27%3E%22%3E%3C%2fscript%3E%3Csvg%2fonload=confirm(%27xsss-key14%27)%3E&p=%27%3E%22%3E%3C%2fscript%3E%3Csvg%2fonload=confirm(%27xsss-p15%27)%3E&m=%27%3E%22%3E%3C%2fscript%3E%3Csvg%2fonload=confirm(%27xsss-m16%27)%3E&email=%27%3E%22%3E%3C%2fscript%3E%3Csvg%2fonload=confirm(%27xsss-email17%27)%3E&utm_source=%27%3E%22%3E%3C%2fscript%3E%3Csvg%2fonload=confirm(%27xsss-utm_source18%27)%3E&ref=%27%3E%22%3E%3C%2fscript%3E%3Csvg%2fonload=confirm(%27xsss-ref19%27)%3E&debug=%27%3E%22%3E%3C%2fscript%3E%3Csvg%2fonload=confirm(%27xsss-debug20%27)%3E&seite=%27%3E%22%3E%3C%2fscript%3E%3Csvg%2fonload=confirm(%27xsss-seite21%27)%3E&orderby=%27%3E%22%3E%3C%2fscript%3E%3Csvg%2fonload=confirm(%27xsss-orderby22%27)%3E&pagetitle=%27%3E%22%3E%3C%2fscript%3E%3Csvg%2fonload=confirm(%27xsss-pagetitle23%27)%3E&style=%27%3E%22%3E%3C%2fscript%3E%3Csvg%2fonload=confirm(%27xsss-style24%27)%3E&mid=%27%3E%22%3E%3C%2fscript%3E%3Csvg%2fonload=confirm(%27xsss-mid25%27)%3E&token=%27%3E%22%3E%3C%2fscript%3E%3Csvg%2fonload=confirm(%27xsss-token26%27)%3E&title=%27%3E%22%3E%3C%2fscript%3E%3Csvg%2fonload=confirm(%27xsss-title27%27)%3E&show=%27%3E%22%3E%3C%2fscript%3E%3Csvg%2fonload=confirm(%27xsss-show28%27)%3E&menu=%27%3E%22%3E%3C%2fscript%3E%3Csvg%2fonload=confirm(%27xsss-menu29%27)%3E&module=%27%3E%22%3E%3C%2fscript%3E%3Csvg%2fonload=confirm(%27xsss-module30%27)%3E&searchString=%27%3E%22%3E%3C%2fscript%3E%3Csvg%2fonload=confirm(%27xsss-searchst31%27)%3E&year=%27%3E%22%3E%3C%2fscript%3E%3Csvg%2fonload=confirm(%27xsss-year32%27)%3E&language=%27%3E%22%3E%3C%2fscript%3E%3Csvg%2fonload=confirm(%27xsss-language33%27)%3E&go=%27%3E%22%3E%3C%2fscript%3E%3Csvg%2fonload=confirm(%27xsss-go34%27)%3E&goto=%27%3E%22%3E%3C%2fscript%3E%3Csvg%2fonload=confirm(%27xsss-goto35%27)%3E&type=%27%3E%22%3E%3C%2fscript%3E%3Csvg%2fonload=confirm(%27xsss-type36%27)%3E&langID=%27%3E%22%3E%3C%2fscript%3E%3Csvg%2fonload=confirm(%27xsss-langID37%27)%3E&target=%27%3E%22%3E%3C%2fscript%3E%3Csvg%2fonload=confirm(%27xsss-target38%27)%3E&sort=%27%3E%22%3E%3C%2fscript%3E%3Csvg%2fonload=confirm(%27xsss-sort39%27)%3E&utm_campaign=%27%3E%22%3E%3C%2fscript%3E%3Csvg%2fonload=confirm(%27xsss-campaign40%27)%3E&utm_id=%27%3E%22%3E%3C%2fscript%3E%3Csvg%2fonload=confirm(%27xsss-utm_id41%27)%3E&utm_content=%27%3E%22%3E%3C%2fscript%3E%3Csvg%2fonload=confirm(%27xsss-utm_content42%27)%3E&order=%27%3E%22%3E%3C%2fscript%3E%3Csvg%2fonload=confirm(%27xsss-order43%27)%3E&msg=%27%3E%22%3E%3C%2fscript%3E%3Csvg%2fonload=confirm(%27xsss-msg44%27)%3E&message=%27%3E%22%3E%3C%2fscript%3E%3Csvg%2fonload=confirm(%27xsss-mesg45%27)%3E&pg=%27%3E%22%3E%3C%2fscript%3E%3Csvg%2fonload=confirm(%27xsss-pg46%27)%3E&src=%27%3E%22%3E%3C%2fscript%3E%3Csvg%2fonload=confirm(%27xsss-src47%27)%3E&content=%27%3E%22%3E%3C%2fscript%3E%3Csvg%2fonload=confirm(%27xsss-conent48%27)%3E&username=%27%3E%22%3E%3C%2fscript%3E%3Csvg%2fonload=confirm(%27xsss-pg49%27)%3E&password=%27%3E%22%3E%3C%2fscript%3E%3Csvg%2fonload=confirm(%27xsss-pg50%27)%3E HTTP/1.1" 301 13945 "-" "Mozilla/5.0 (Windows NT 10.0; Win64; x64) AppleWebKit/537.36" greenfranchise.de
84.247.178.0 - - [26/Aug/2026:10:01:45 +0200] "GET /?q=%27%3E%22%3E%3C%2fscript%3E%3Csvg%2fonload=confirm(%27xsss-q1%27)%3E&s=%27%3E%22%3E%3C%2fscript%3E%3Csvg%2fonload=confirm(%27xsss-s2%27)%3E&search=%27%3E%22%3E%3C%2fscript%3E%3Csvg%2fonload=confirm(%27xsss-search3%27)%3E&id=%27%3E%22%3E%3C%2fscript%3E%3Csvg%2fonload=confirm(%27xsss-id4%27)%3E&action=%27%3E%22%3E%3C%2fscript%3E%3Csvg%2fonload=confirm(%27xsss-action5%27)%3E&keyword=%27%3E%22%3E%3C%2fscript%3E%3Csvg%2fonload=confirm(%27xsss-keyword6%27)%3E&query=%27%3E%22%3E%3C%2fscript%3E%3Csvg%2fonload=confirm(%27xsss-query7%27)%3E&page=%27%3E%22%3E%3C%2fscript%3E%3Csvg%2fonload=confirm(%27xsss-page8%27)%3E&keywords=%27%3E%22%3E%3C%2fscript%3E%3Csvg%2fonload=confirm(%27xsss-keywords9%27)%3E&url=%27%3E%22%3E%3C%2fscript%3E%3Csvg%2fonload=confirm(%27xsss-url10%27)%3E&view=%27%3E%22%3E%3C%2fscript%3E%3Csvg%2fonload=confirm(%27xsss-view11%27)%3E&cat=%27%3E%22%3E%3C%2fscript%3E%3Csvg%2fonload=confirm(%27xsss-cat12%27)%3E&name=%27%3E%22%3E%3C%2fscript%3E%3Csvg%2fonload=confirm(%27xsss-name13%27)%3E&key=%27%3E%22%3E%3C%2fscript%3E%3Csvg%2fonload=confirm(%27xsss-key14%27)%3E&p=%27%3E%22%3E%3C%2fscript%3E%3Csvg%2fonload=confirm(%27xsss-p15%27)%3E&m=%27%3E%22%3E%3C%2fscript%3E%3Csvg%2fonload=confirm(%27xsss-m16%27)%3E&email=%27%3E%22%3E%3C%2fscript%3E%3Csvg%2fonload=confirm(%27xsss-email17%27)%3E&utm_source=%27%3E%22%3E%3C%2fscript%3E%3Csvg%2fonload=confirm(%27xsss-utm_source18%27)%3E&ref=%27%3E%22%3E%3C%2fscript%3E%3Csvg%2fonload=confirm(%27xsss-ref19%27)%3E&debug=%27%3E%22%3E%3C%2fscript%3E%3Csvg%2fonload=confirm(%27xsss-debug20%27)%3E&seite=%27%3E%22%3E%3C%2fscript%3E%3Csvg%2fonload=confirm(%27xsss-seite21%27)%3E&orderby=%27%3E%22%3E%3C%2fscript%3E%3Csvg%2fonload=confirm(%27xsss-orderby22%27)%3E&pagetitle=%27%3E%22%3E%3C%2fscript%3E%3Csvg%2fonload=confirm(%27xsss-pagetitle23%27)%3E&style=%27%3E%22%3E%3C%2fscript%3E%3Csvg%2fonload=confirm(%27xsss-style24%27)%3E&mid=%27%3E%22%3E%3C%2fscript%3E%3Csvg%2fonload=confirm(%27xsss-mid25%27)%3E&token=%27%3E%22%3E%3C%2fscript%3E%3Csvg%2fonload=confirm(%27xsss-token26%27)%3E&title=%27%3E%22%3E%3C%2fscript%3E%3Csvg%2fonload=confirm(%27xsss-title27%27)%3E&show=%27%3E%22%3E%3C%2fscript%3E%3Csvg%2fonload=confirm(%27xsss-show28%27)%3E&menu=%27%3E%22%3E%3C%2fscript%3E%3Csvg%2fonload=confirm(%27xsss-menu29%27)%3E&module=%27%3E%22%3E%3C%2fscript%3E%3Csvg%2fonload=confirm(%27xsss-module30%27)%3E&searchString=%27%3E%22%3E%3C%2fscript%3E%3Csvg%2fonload=confirm(%27xsss-searchst31%27)%3E&year=%27%3E%22%3E%3C%2fscript%3E%3Csvg%2fonload=confirm(%27xsss-year32%27)%3E&language=%27%3E%22%3E%3C%2fscript%3E%3Csvg%2fonload=confirm(%27xsss-language33%27)%3E&go=%27%3E%22%3E%3C%2fscript%3E%3Csvg%2fonload=confirm(%27xsss-go34%27)%3E&goto=%27%3E%22%3E%3C%2fscript%3E%3Csvg%2fonload=confirm(%27xsss-goto35%27)%3E&type=%27%3E%22%3E%3C%2fscript%3E%3Csvg%2fonload=confirm(%27xsss-type36%27)%3E&langID=%27%3E%22%3E%3C%2fscript%3E%3Csvg%2fonload=confirm(%27xsss-langID37%27)%3E&target=%27%3E%22%3E%3C%2fscript%3E%3Csvg%2fonload=confirm(%27xsss-target38%27)%3E&sort=%27%3E%22%3E%3C%2fscript%3E%3Csvg%2fonload=confirm(%27xsss-sort39%27)%3E&utm_campaign=%27%3E%22%3E%3C%2fscript%3E%3Csvg%2fonload=confirm(%27xsss-campaign40%27)%3E&utm_id=%27%3E%22%3E%3C%2fscript%3E%3Csvg%2fonload=confirm(%27xsss-utm_id41%27)%3E&utm_content=%27%3E%22%3E%3C%2fscript%3E%3Csvg%2fonload=confirm(%27xsss-utm_content42%27)%3E&order=%27%3E%22%3E%3C%2fscript%3E%3Csvg%2fonload=confirm(%27xsss-order43%27)%3E&msg=%27%3E%22%3E%3C%2fscript%3E%3Csvg%2fonload=confirm(%27xsss-msg44%27)%3E&message=%27%3E%22%3E%3C%2fscript%3E%3Csvg%2fonload=confirm(%27xsss-mesg45%27)%3E&pg=%27%3E%22%3E%3C%2fscript%3E%3Csvg%2fonload=confirm(%27xsss-pg46%27)%3E&src=%27%3E%22%3E%3C%2fscript%3E%3Csvg%2fonload=confirm(%27xsss-src47%27)%3E&content=%27%3E%22%3E%3C%2fscript%3E%3Csvg%2fonload=confirm(%27xsss-conent48%27)%3E&username=%27%3E%22%3E%3C%2fscript%3E%3Csvg%2fonload=confirm(%27xsss-pg49%27)%3E&password=%27%3E%22%3E%3C%2fscript%3E%3Csvg%2fonload=confirm(%27xsss-pg50%27)%3E HTTP/1.1" 301 8628 "-" "Mozilla/5.0 (Windows NT 10.0; Win64; x64) AppleWebKit/537.36" greenfranchise.de
208.109.2.0 - - [26/Aug/2026:10:02:40 +0200] "GET /robots.txt HTTP/1.1" 304 6575 "-" "Mozilla/5.0 (X11; Linux x86_64) AppleWebKit/537.36 (KHTML, like Gecko) Chrome/136.0.0.0 Safari/537.36" www.kmu-hofmann.de
208.109.2.0 - - [26/Aug/2026:10:02:41 +0200] "GET /wp-content/uploads/2015/02/pixx_4_12_das_ascent_ag_1.pdf HTTP/1.1" 200 179607 "-" "Mozilla/5.0 AppleWebKit/537.36 (KHTML, like Gecko); compatible; ShapBot/0.1.0" www.kmu-hofmann.de
208.109.2.0 - - [26/Aug/2026:10:02:41 +0200] "GET /wp-content/uploads/2015/02/pixx_4_12_das_ascent_ag_1.pdf HTTP/1.1" 200 469366 "-" "Mozilla/5.0 AppleWebKit/537.36 (KHTML, like Gecko); compatible; ShapBot/0.1.0" www.kmu-hofmann.de
216.73.216.0 - - [26/Aug/2026:10:02:48 +0200] "GET /robots.txt HTTP/2.0" 200 181 "-" "Mozilla/5.0 AppleWebKit/537.36 (KHTML, like Gecko; compatible; ClaudeBot/1.0; +claudebot@anthropic.com)" www.kmu-csr-planer.de
185.93.231.0 - - [26/Aug/2026:10:02:49 +0200] "POST /wp-cron.php?doing_wp_cron=1787731369.3638279438018798828125 HTTP/1.1" 200 6636 "-" "KWfyUSBv2ARq" kmu-hofmann.de
66.248.203.0 - - [26/Aug/2026:10:02:47 +0200] "GET /?sucurianticache=965783351 HTTP/1.1" 301 6996 "-" "Sucuri Uptime Monitor" www.kmu-hofmann.de
31.220.124.0 - - [26/Aug/2026:10:02:51 +0200] "POST /wp-cron.php?doing_wp_cron=1787731371.2031180858612060546875 HTTP/1.1" 200 4620 "-" "WordPress/6.9.4; https://www.kmu-csr-planer.de" www.kmu-csr-planer.de
216.73.216.0 - - [26/Aug/2026:10:02:48 +0200] "GET /sitemap.xml HTTP/2.0" 301 65 "-" "Mozilla/5.0 AppleWebKit/537.36 (KHTML, like Gecko; compatible; ClaudeBot/1.0; +claudebot@anthropic.com)" www.kmu-csr-planer.de
66.248.202.0 - - [26/Aug/2026:10:02:53 +0200] "GET /wp-content/uploads/2014/01/Grafik-5b.jpg HTTP/1.1" 200 60946 "https://www.kmu-hofmann.de/auszeichnungen" "Mozilla/5.0 (Linux; Android 7.0;) AppleWebKit/537.36 (HTML, like Gecko) Mobile Safari/537.36 (compatible; PetalBot;+https://webmaster.petalsearch.com/site/petalbot)" www.kmu-hofmann.de
66.248.203.0 - - [26/Aug/2026:10:02:50 +0200] "GET /?sucurianticache=965783351 HTTP/1.1" 200 195071 "-" "Sucuri Uptime Monitor" kmu-hofmann.de
66.248.203.0 - - [26/Aug/2026:10:02:55 +0200] "GET /?sucurianticache=1115224142 HTTP/1.1" 301 6997 "-" "Sucuri Uptime Monitor" www.kmu-hofmann.de
66.248.203.0 - - [26/Aug/2026:10:02:57 +0200] "GET /?sucurianticache=1115224142 HTTP/1.1" 200 195071 "-" "Sucuri Uptime Monitor" kmu-hofmann.de
66.248.203.0 - - [26/Aug/2026:10:03:37 +0200] "GET /?rnd=1787731416657 HTTP/1.1" 301 6995 "-" "Sucuri-UptimeMonitoring" www.kmu-hofmann.de
66.248.203.0 - - [26/Aug/2026:10:03:39 +0200] "GET /?rnd=1787731416657 HTTP/1.1" 200 42405 "https://www.kmu-hofmann.de/?rnd=1787731416657" "Sucuri-UptimeMonitoring" kmu-hofmann.de
3.93.128.0 - - [26/Aug/2026:10:03:48 +0200] "GET /robots.txt HTTP/1.1" 301 4790 "-" "Mozilla/5.0 (Macintosh; Intel Mac OS X 10_10_1) AppleWebKit/600.2.5 (KHTML, like Gecko) Version/8.0.2 Safari/600.2.5 (Gort)" sinnstiftendes-marketing.de
3.225.222.0 - - [26/Aug/2026:10:03:48 +0200] "GET /robots.txt HTTP/1.1" 301 542 "-" "Mozilla/5.0 (Macintosh; Intel Mac OS X 10_10_1) AppleWebKit/600.2.5 (KHTML, like Gecko) Version/8.0.2 Safari/600.2.5 (Gort)" sinnstiftendes-marketing.de
185.93.231.0 - - [26/Aug/2026:10:03:50 +0200] "POST /wp-cron.php?doing_wp_cron=1787731430.5352671146392822265625 HTTP/1.1" 200 6615 "-" "CoAJb0K9M4uZ" kmu-hofmann.de
66.248.203.0 - - [26/Aug/2026:10:03:49 +0200] "GET /beratung-umsetzung/robots.txt HTTP/1.1" 301 7059 "-" "Mozilla/5.0 (Macintosh; Intel Mac OS X 10_10_1) AppleWebKit/600.2.5 (KHTML, like Gecko) Version/8.0.2 Safari/600.2.5 (Gort)" www.kmu-hofmann.de
66.248.203.0 - - [26/Aug/2026:10:03:51 +0200] "GET / HTTP/1.1" 301 6970 "-" "Mozilla/5.0 (Macintosh; Intel Mac OS X 10_10_1) AppleWebKit/600.2.5 (KHTML, like Gecko) Version/8.0.2 Safari/600.2.5 (Gort)" www.kmu-hofmann.de
66.248.203.0 - - [26/Aug/2026:10:03:53 +0200] "GET / HTTP/1.1" 200 42977 "-" "Mozilla/5.0 (Macintosh; Intel Mac OS X 10_10_1) AppleWebKit/600.2.5 (KHTML, like Gecko) Version/8.0.2 Safari/600.2.5 (Gort)" kmu-hofmann.de
185.93.231.0 - - [26/Aug/2026:10:04:06 +0200] "GET /ueber-uns HTTP/1.1" 301 7019 "https://kmu-hofmann.de/" "Mozilla/5.0 (Macintosh; Intel Mac OS X 10_15_7) AppleWebKit/605.1.15 (KHTML, like Gecko) Version/17.0 Safari/605.1.15" kmu-hofmann.de
185.93.231.0 - - [26/Aug/2026:10:04:08 +0200] "GET /ueber-uns/ HTTP/1.1" 200 42475 "https://kmu-hofmann.de/" "Mozilla/5.0 (Macintosh; Intel Mac OS X 10_15_7) AppleWebKit/605.1.15 (KHTML, like Gecko) Version/17.0 Safari/605.1.15" kmu-hofmann.de
185.93.231.0 - - [26/Aug/2026:10:04:46 +0200] "POST /wp-cron.php?doing_wp_cron=1787731486.2301580905914306640625 HTTP/1.1" 200 6615 "-" "WxlFnSQf0d2g" kmu-hofmann.de
66.248.202.0 - - [26/Aug/2026:10:04:43 +0200] "GET /page/3/?p=ugg-outlet-78.html HTTP/1.1" 200 39073 "https://kmu-hofmann.de/page/4?p=ugg-outlet-78.html" "Mozilla/5.0 (Linux; Android 7.0;) AppleWebKit/537.36 (HTML, like Gecko) Mobile Safari/537.36 (compatible; PetalBot;+https://webmaster.petalsearch.com/site/petalbot)" kmu-hofmann.de
185.93.231.0 - - [26/Aug/2026:10:08:38 +0200] "POST /wp-cron.php?doing_wp_cron=1787731718.2422370910644531250000 HTTP/1.1" 200 6615 "-" "OVdIU6XlDDZ3" kmu-hofmann.de
66.248.203.0 - - [26/Aug/2026:10:08:37 +0200] "GET /?rnd=1787731716815 HTTP/1.1" 301 6988 "-" "Sucuri-UptimeMonitoring" www.kmu-hofmann.de
66.248.203.0 - - [26/Aug/2026:10:08:38 +0200] "GET /?rnd=1787731716815 HTTP/1.1" 200 42406 "https://www.kmu-hofmann.de/?rnd=1787731716815" "Sucuri-UptimeMonitoring" kmu-hofmann.de
185.93.231.0 - - [26/Aug/2026:10:09:15 +0200] "POST /wp-cron.php?doing_wp_cron=1787731755.1033349037170410156250 HTTP/1.1" 200 6615 "-" "ctjE0tlFvvoT" kmu-hofmann.de
66.248.203.0 - - [26/Aug/2026:10:09:13 +0200] "GET /?sucurianticache=1071895993 HTTP/1.1" 301 6997 "-" "Sucuri Uptime Monitor" www.kmu-hofmann.de
66.248.203.0 - - [26/Aug/2026:10:09:15 +0200] "GET /?sucurianticache=1071895993 HTTP/1.1" 200 195050 "-" "Sucuri Uptime Monitor" kmu-hofmann.de
66.248.203.0 - - [26/Aug/2026:10:09:19 +0200] "GET /?sucurianticache=1646629891 HTTP/1.1" 301 6997 "-" "Sucuri Uptime Monitor" www.kmu-hofmann.de
66.248.203.0 - - [26/Aug/2026:10:09:21 +0200] "GET /?sucurianticache=1646629891 HTTP/1.1" 200 195050 "-" "Sucuri Uptime Monitor" kmu-hofmann.de
66.248.202.0 - - [26/Aug/2026:10:10:51 +0200] "GET /wp-content/uploads/2019/03/business-2651346_1920-400x250.png HTTP/1.1" 200 155280 "https://kmu-hofmann.de/" "Mozilla/5.0 (Windows NT 10.0; Win64; x64) AppleWebKit/537.36 (KHTML, like Gecko) Chrome/131.0.0.0 Safari/537.36" kmu-hofmann.de
23.20.178.0 - - [26/Aug/2026:10:11:20 +0200] "GET /robots.txt HTTP/1.1" 301 4808 "-" "Mozilla/5.0 AppleWebKit/537.36 (KHTML, like Gecko; compatible; Amazonbot/0.1; +https://developer.amazon.com/support/amazonbot) Chrome/119.0.6045.214 Safari/537.36" kmu-csr-planer.de
185.93.231.0 - - [26/Aug/2026:10:11:58 +0200] "POST /wp-cron.php?doing_wp_cron=1787731918.2960939407348632812500 HTTP/1.1" 200 6615 "-" "cl892PAgcu3X" kmu-hofmann.de
66.248.203.0 - - [26/Aug/2026:10:11:57 +0200] "GET /category/artikel-fuer-team-seite/feed HTTP/1.1" 301 7106 "-" "Mozilla/5.0 (Windows NT 6.1; Win64; x64) AppleWebKit/537.36 (KHTML, like Gecko) Chrome/58.0.3029.110 Safari/537.36" www.kmu-hofmann.de
66.248.203.0 - - [26/Aug/2026:10:11:59 +0200] "GET /category/artikel-fuer-team-seite/feed/ HTTP/1.1" 200 108115 "-" "Mozilla/5.0 (Windows NT 6.1; Win64; x64) AppleWebKit/537.36 (KHTML, like Gecko) Chrome/58.0.3029.110 Safari/537.36" kmu-hofmann.de
66.248.203.0 - - [26/Aug/2026:10:12:01 +0200] "GET /category/kmu-blog/feed HTTP/1.1" 301 7091 "-" "Mozilla/5.0 (Windows NT 6.1; Win64; x64) AppleWebKit/537.36 (KHTML, like Gecko) Chrome/58.0.3029.110 Safari/537.36" www.kmu-hofmann.de
66.248.203.0 - - [26/Aug/2026:10:12:03 +0200] "GET /category/kmu-blog/feed/ HTTP/1.1" 200 112110 "-" "Mozilla/5.0 (Windows NT 6.1; Win64; x64) AppleWebKit/537.36 (KHTML, like Gecko) Chrome/58.0.3029.110 Safari/537.36" kmu-hofmann.de
66.248.203.0 - - [26/Aug/2026:10:12:05 +0200] "GET /category/vortraege/feed HTTP/1.1" 301 7092 "-" "Mozilla/5.0 (Windows NT 6.1; Win64; x64) AppleWebKit/537.36 (KHTML, like Gecko) Chrome/58.0.3029.110 Safari/537.36" www.kmu-hofmann.de
208.109.2.0 - - [26/Aug/2026:10:12:04 +0200] "GET / HTTP/1.1" 200 42977 "-" "Mozilla/5.0 (Macintosh; Intel Mac OS X 10_15_7) AppleWebKit/537.36 (KHTML, like Gecko) Chrome/147.0.0.0 Safari/537.36 CloudflareWebScanner/1.0" kmu-hofmann.de
66.248.203.0 - - [26/Aug/2026:10:12:07 +0200] "GET /category/vortraege/feed/ HTTP/1.1" 200 13707 "-" "Mozilla/5.0 (Windows NT 6.1; Win64; x64) AppleWebKit/537.36 (KHTML, like Gecko) Chrome/58.0.3029.110 Safari/537.36" kmu-hofmann.de
66.248.203.0 - - [26/Aug/2026:10:12:10 +0200] "GET /feed HTTP/1.1" 301 7073 "-" "Mozilla/5.0 (Windows NT 6.1; Win64; x64) AppleWebKit/537.36 (KHTML, like Gecko) Chrome/58.0.3029.110 Safari/537.36" www.kmu-hofmann.de
66.248.203.0 - - [26/Aug/2026:10:12:12 +0200] "GET /feed/ HTTP/1.1" 200 111978 "-" "Mozilla/5.0 (Windows NT 6.1; Win64; x64) AppleWebKit/537.36 (KHTML, like Gecko) Chrome/58.0.3029.110 Safari/537.36" kmu-hofmann.de
66.248.203.0 - - [26/Aug/2026:10:12:14 +0200] "GET /category/allgemein/feed HTTP/1.1" 301 7092 "-" "Mozilla/5.0 (Windows NT 6.1; Win64; x64) AppleWebKit/537.36 (KHTML, like Gecko) Chrome/58.0.3029.110 Safari/537.36" www.kmu-hofmann.de
66.248.203.0 - - [26/Aug/2026:10:12:15 +0200] "GET /category/allgemein/feed/ HTTP/1.1" 200 113926 "-" "Mozilla/5.0 (Windows NT 6.1; Win64; x64) AppleWebKit/537.36 (KHTML, like Gecko) Chrome/58.0.3029.110 Safari/537.36" kmu-hofmann.de
66.248.203.0 - - [26/Aug/2026:10:12:18 +0200] "GET /category/meine-arbeiten/feed HTTP/1.1" 301 7097 "-" "Mozilla/5.0 (Windows NT 6.1; Win64; x64) AppleWebKit/537.36 (KHTML, like Gecko) Chrome/58.0.3029.110 Safari/537.36" www.kmu-hofmann.de
66.248.202.0 - - [26/Aug/2026:10:12:19 +0200] "GET /wp-login.php HTTP/1.1" 301 7059 "https://www.facebook.com/" "Mozilla/5.0 (Macintosh; Intel Mac OS X 13_6_1) AppleWebKit/605.1.15 (KHTML, like Gecko) Version/16.6 Safari/605.1.15" www.kmu-hofmann.de
66.248.203.0 - - [26/Aug/2026:10:12:19 +0200] "GET /category/meine-arbeiten/feed/ HTTP/1.1" 200 45561 "-" "Mozilla/5.0 (Windows NT 6.1; Win64; x64) AppleWebKit/537.36 (KHTML, like Gecko) Chrome/58.0.3029.110 Safari/537.36" kmu-hofmann.de
66.248.203.0 - - [26/Aug/2026:10:12:22 +0200] "GET /category/news-presse/feed HTTP/1.1" 301 7094 "-" "Mozilla/5.0 (Windows NT 6.1; Win64; x64) AppleWebKit/537.36 (KHTML, like Gecko) Chrome/58.0.3029.110 Safari/537.36" www.kmu-hofmann.de
66.248.203.0 - - [26/Aug/2026:10:12:23 +0200] "GET /category/news-presse/feed/ HTTP/1.1" 200 102503 "-" "Mozilla/5.0 (Windows NT 6.1; Win64; x64) AppleWebKit/537.36 (KHTML, like Gecko) Chrome/58.0.3029.110 Safari/537.36" kmu-hofmann.de
66.248.203.0 - - [26/Aug/2026:10:12:25 +0200] "GET /category/pressearchiv/feed HTTP/1.1" 301 7095 "-" "Mozilla/5.0 (Windows NT 6.1; Win64; x64) AppleWebKit/537.36 (KHTML, like Gecko) Chrome/58.0.3029.110 Safari/537.36" www.kmu-hofmann.de
66.248.203.0 - - [26/Aug/2026:10:12:26 +0200] "GET /category/pressearchiv/feed/ HTTP/1.1" 200 34211 "-" "Mozilla/5.0 (Windows NT 6.1; Win64; x64) AppleWebKit/537.36 (KHTML, like Gecko) Chrome/58.0.3029.110 Safari/537.36" kmu-hofmann.de
66.248.202.0 - - [26/Aug/2026:10:12:31 +0200] "GET / HTTP/1.1" 301 6970 "https://www.facebook.com/" "Mozilla/5.0 (Macintosh; Intel Mac OS X 13_6_1) AppleWebKit/605.1.15 (KHTML, like Gecko) Version/16.6 Safari/605.1.15" www.kmu-hofmann.de
66.248.202.0 - - [26/Aug/2026:10:12:43 +0200] "GET / HTTP/1.1" 200 42979 "https://www.facebook.com/" "Mozilla/5.0 (Macintosh; Intel Mac OS X 13_6_1) AppleWebKit/605.1.15 (KHTML, like Gecko) Version/16.6 Safari/605.1.15" kmu-hofmann.de
208.109.1.0 - - [26/Aug/2026:10:12:43 +0200] "GET / HTTP/1.1" 200 42977 "-" "Mozilla/5.0 (Macintosh; Intel Mac OS X 10_15_7) AppleWebKit/537.36 (KHTML, like Gecko) Chrome/146.0.0.0 Safari/537.36" kmu-hofmann.de
66.248.202.0 - - [26/Aug/2026:10:12:54 +0200] "GET /?author=1 HTTP/1.1" 301 7085 "https://www.google.com/search?q=wordpress" "Mozilla/5.0 (Macintosh; Intel Mac OS X 13_6_1) AppleWebKit/605.1.15 (KHTML, like Gecko) Version/17.0 Safari/605.1.15" www.kmu-hofmann.de
185.93.231.0 - - [26/Aug/2026:10:13:05 +0200] "POST /wp-cron.php?doing_wp_cron=1787731985.4061110019683837890625 HTTP/1.1" 200 6615 "-" "yfBx749HMx2y" kmu-hofmann.de
66.248.202.0 - - [26/Aug/2026:10:13:04 +0200] "GET / HTTP/1.1" 301 6970 "https://www.google.com/search?q=wordpress" "Mozilla/5.0 (Macintosh; Intel Mac OS X 13_6_1) AppleWebKit/605.1.15 (KHTML, like Gecko) Version/17.0 Safari/605.1.15" www.kmu-hofmann.de
66.248.202.0 - - [26/Aug/2026:10:13:21 +0200] "GET / HTTP/1.1" 200 42977 "https://www.google.com/search?q=wordpress" "Mozilla/5.0 (Macintosh; Intel Mac OS X 13_6_1) AppleWebKit/605.1.15 (KHTML, like Gecko) Version/17.0 Safari/605.1.15" kmu-hofmann.de
66.248.202.0 - - [26/Aug/2026:10:13:32 +0200] "GET /?author=2 HTTP/1.1" 301 6991 "https://www.google.com/search?q=wordpress" "Mozilla/5.0 (Windows NT 11.0; Win64; x64; rv:118.0) Gecko/20100101 Firefox/118.0" www.kmu-hofmann.de
66.248.203.0 - - [26/Aug/2026:10:13:39 +0200] "GET /?rnd=1787732018081 HTTP/1.1" 301 6988 "-" "Sucuri-UptimeMonitoring" www.kmu-hofmann.de
185.93.231.0 - - [26/Aug/2026:10:13:43 +0200] "POST /wp-cron.php?doing_wp_cron=1787732022.9890410900115966796875 HTTP/1.1" 200 6615 "-" "e41WBWrpxDtI" kmu-hofmann.de
66.248.202.0 - - [26/Aug/2026:10:13:40 +0200] "GET /author/katja-hofmann/ HTTP/1.1" 200 37322 "https://www.google.com/search?q=wordpress" "Mozilla/5.0 (Windows NT 11.0; Win64; x64; rv:118.0) Gecko/20100101 Firefox/118.0" kmu-hofmann.de
185.93.231.0 - - [26/Aug/2026:10:13:44 +0200] "POST /wp-cron.php?doing_wp_cron=1787732024.4858920574188232421875 HTTP/1.1" 200 6615 "-" "CpnhM7k13QcC" kmu-hofmann.de
66.248.203.0 - - [26/Aug/2026:10:13:40 +0200] "GET /?rnd=1787732018081 HTTP/1.1" 200 42405 "https://www.kmu-hofmann.de/?rnd=1787732018081" "Sucuri-UptimeMonitoring" kmu-hofmann.de
66.248.202.0 - - [26/Aug/2026:10:13:50 +0200] "GET /?author=3 HTTP/1.1" 301 7085 "https://www.facebook.com/" "Mozilla/5.0 (Windows NT 11.0; Win64; x64) AppleWebKit/537.36 (KHTML, like Gecko) Chrome/121.0.0.0 Safari/537.36" www.kmu-hofmann.de
66.248.202.0 - - [26/Aug/2026:10:13:58 +0200] "GET / HTTP/1.1" 301 6970 "https://www.facebook.com/" "Mozilla/5.0 (Windows NT 11.0; Win64; x64) AppleWebKit/537.36 (KHTML, like Gecko) Chrome/121.0.0.0 Safari/537.36" www.kmu-hofmann.de
115.72.179.0 - - [26/Aug/2026:10:14:25 +0200] "GET /sitemap.xml HTTP/2.0" 301 406 "-" "Mozilla/5.0 (Windows NT 10.0; Win64; x64) AppleWebKit/537.36 (KHTML, like Gecko) Chrome/151.0.0.0 Safari/537.36" kmu-csr-planer.de
66.248.202.0 - - [26/Aug/2026:10:14:28 +0200] "GET / HTTP/1.1" 200 42981 "https://www.facebook.com/" "Mozilla/5.0 (Windows NT 11.0; Win64; x64) AppleWebKit/537.36 (KHTML, like Gecko) Chrome/121.0.0.0 Safari/537.36" kmu-hofmann.de
66.248.203.0 - - [26/Aug/2026:10:14:33 +0200] "GET /?sucurianticache=97404637 HTTP/1.1" 301 6995 "-" "Sucuri Uptime Monitor" www.kmu-hofmann.de
185.93.231.0 - - [26/Aug/2026:10:14:46 +0200] "POST /wp-cron.php?doing_wp_cron=1787732086.1687960624694824218750 HTTP/1.1" 200 6615 "-" "89Vfmj8rANOd" kmu-hofmann.de
66.248.203.0 - - [26/Aug/2026:10:14:36 +0200] "GET /?sucurianticache=97404637 HTTP/1.1" 200 195057 "-" "Sucuri Uptime Monitor" kmu-hofmann.de
66.248.203.0 - - [26/Aug/2026:10:14:48 +0200] "GET /?sucurianticache=101914693 HTTP/1.1" 301 6996 "-" "Sucuri Uptime Monitor" www.kmu-hofmann.de
66.248.203.0 - - [26/Aug/2026:10:14:53 +0200] "GET /?sucurianticache=101914693 HTTP/1.1" 200 195057 "-" "Sucuri Uptime Monitor" kmu-hofmann.de
66.248.202.0 - - [26/Aug/2026:10:15:06 +0200] "GET /wp-admin/index.php HTTP/1.1" 302 6598 "http://www.kmu-hofmann.de/wp-login.php" "Mozilla/5.0 (Windows NT 11.0; Win64; x64; rv:120.0) Gecko/20100101 Firefox/120.0" www.kmu-hofmann.de
190.92.174.0 - - [26/Aug/2026:10:15:14 +0200] "GET /wp-json/tutor/v1/students HTTP/2.0" 301 429 "-" "Mozilla/5.0 (Windows NT 10.0; Win64; x64) AppleWebKit/537.36 (KHTML, like Gecko) Chrome/151.0.0.0 Safari/537.36" kmu-csr-planer.de
66.248.202.0 - - [26/Aug/2026:10:15:23 +0200] "GET /404/ HTTP/1.1" 301 7051 "http://www.kmu-hofmann.de/wp-login.php" "Mozilla/5.0 (Windows NT 11.0; Win64; x64; rv:120.0) Gecko/20100101 Firefox/120.0" kmu-hofmann.de
185.93.231.0 - - [26/Aug/2026:10:15:46 +0200] "POST /wp-cron.php?doing_wp_cron=1787732146.5736711025238037109375 HTTP/1.1" 200 6615 "-" "8L9iY7chT2O2" kmu-hofmann.de
66.248.202.0 - - [26/Aug/2026:10:15:45 +0200] "GET / HTTP/1.1" 301 6977 "http://www.kmu-hofmann.de/wp-login.php" "Mozilla/5.0 (Windows NT 11.0; Win64; x64; rv:120.0) Gecko/20100101 Firefox/120.0" www.kmu-hofmann.de
66.248.202.0 - - [26/Aug/2026:10:16:02 +0200] "GET / HTTP/1.1" 200 42981 "http://www.kmu-hofmann.de/wp-login.php" "Mozilla/5.0 (Windows NT 11.0; Win64; x64; rv:120.0) Gecko/20100101 Firefox/120.0" kmu-hofmann.de
66.248.202.0 - - [26/Aug/2026:10:16:12 +0200] "GET /wp-admin/profile.php HTTP/1.1" 302 6598 "http://www.kmu-hofmann.de/wp-login.php" "Mozilla/5.0 (Windows NT 11.0; Win64; x64; rv:120.0) Gecko/20100101 Firefox/120.0" www.kmu-hofmann.de
185.93.231.0 - - [26/Aug/2026:10:16:21 +0200] "POST /wp-cron.php?doing_wp_cron=1787732181.6143391132354736328125 HTTP/1.1" 200 6615 "-" "rD2Q70ewYocA" kmu-hofmann.de
66.248.202.0 - - [26/Aug/2026:10:16:21 +0200] "GET /404/ HTTP/1.1" 301 7051 "http://www.kmu-hofmann.de/wp-login.php" "Mozilla/5.0 (Windows NT 11.0; Win64; x64; rv:120.0) Gecko/20100101 Firefox/120.0" kmu-hofmann.de
66.248.202.0 - - [26/Aug/2026:10:16:39 +0200] "GET / HTTP/1.1" 301 6970 "http://www.kmu-hofmann.de/wp-login.php" "Mozilla/5.0 (Windows NT 11.0; Win64; x64; rv:120.0) Gecko/20100101 Firefox/120.0" www.kmu-hofmann.de
185.93.231.0 - - [26/Aug/2026:10:17:04 +0200] "POST /wp-cron.php?doing_wp_cron=1787732224.5982289314270019531250 HTTP/1.1" 200 6615 "-" "XXGCFrWk0Kvr" kmu-hofmann.de
66.248.202.0 - - [26/Aug/2026:10:16:57 +0200] "GET / HTTP/1.1" 200 42980 "http://www.kmu-hofmann.de/wp-login.php" "Mozilla/5.0 (Windows NT 11.0; Win64; x64; rv:120.0) Gecko/20100101 Firefox/120.0" kmu-hofmann.de
66.248.202.0 - - [26/Aug/2026:10:17:13 +0200] "GET /wp-admin/edit.php HTTP/1.1" 302 6598 "http://www.kmu-hofmann.de/wp-login.php" "Mozilla/5.0 (Windows NT 11.0; Win64; x64; rv:120.0) Gecko/20100101 Firefox/120.0" www.kmu-hofmann.de
185.93.231.0 - - [26/Aug/2026:10:17:30 +0200] "GET /2014/04/first-kiss-eine-modemarke-die-beruehrt/ HTTP/1.1" 200 42194 "https://www.google.com/" "Mozilla/5.0 (iPhone; CPU iPhone OS 18_7 like Mac OS X) AppleWebKit/605.1.15 (KHTML, like Gecko) Version/26.6 Mobile/15E148 Safari/604.1" kmu-hofmann.de
185.93.231.0 - - [26/Aug/2026:10:17:33 +0200] "GET /wp-content/plugins/contact-form-7/includes/css/styles.css?ver=6.1.7 HTTP/1.1" 200 9583 "https://kmu-hofmann.de/2014/04/first-kiss-eine-modemarke-die-beruehrt/" "Mozilla/5.0 (iPhone; CPU iPhone OS 18_7 like Mac OS X) AppleWebKit/605.1.15 (KHTML, like Gecko) Version/26.6 Mobile/15E148 Safari/604.1" kmu-hofmann.de
185.93.231.0 - - [26/Aug/2026:10:17:33 +0200] "GET /wp-includes/js/jquery/jquery.min.js?ver=3.7.1 HTTP/1.1" 200 94387 "https://kmu-hofmann.de/2014/04/first-kiss-eine-modemarke-die-beruehrt/" "Mozilla/5.0 (iPhone; CPU iPhone OS 18_7 like Mac OS X) AppleWebKit/605.1.15 (KHTML, like Gecko) Version/26.6 Mobile/15E148 Safari/604.1" kmu-hofmann.de
185.93.231.0 - - [26/Aug/2026:10:17:33 +0200] "GET /wp-includes/css/dashicons.min.css?ver=7.0.4 HTTP/1.1" 200 65764 "https://kmu-hofmann.de/2014/04/first-kiss-eine-modemarke-die-beruehrt/" "Mozilla/5.0 (iPhone; CPU iPhone OS 18_7 like Mac OS X) AppleWebKit/605.1.15 (KHTML, like Gecko) Version/26.6 Mobile/15E148 Safari/604.1" kmu-hofmann.de
185.93.231.0 - - [26/Aug/2026:10:17:33 +0200] "GET /wp-content/plugins/cookie-notice/js/front.min.js?ver=3.1.8 HTTP/1.1" 200 15778 "https://kmu-hofmann.de/2014/04/first-kiss-eine-modemarke-die-beruehrt/" "Mozilla/5.0 (iPhone; CPU iPhone OS 18_7 like Mac OS X) AppleWebKit/605.1.15 (KHTML, like Gecko) Version/26.6 Mobile/15E148 Safari/604.1" kmu-hofmann.de
185.93.231.0 - - [26/Aug/2026:10:17:33 +0200] "GET /wp-includes/js/jquery/jquery-migrate.min.js?ver=3.4.1 HTTP/1.1" 200 20212 "https://kmu-hofmann.de/2014/04/first-kiss-eine-modemarke-die-beruehrt/" "Mozilla/5.0 (iPhone; CPU iPhone OS 18_7 like Mac OS X) AppleWebKit/605.1.15 (KHTML, like Gecko) Version/26.6 Mobile/15E148 Safari/604.1" kmu-hofmann.de
185.93.231.0 - - [26/Aug/2026:10:17:33 +0200] "GET /wp-content/plugins/wp-gdpr-compliance/Assets/js/front.min.js?ver=1688557669 HTTP/1.1" 200 65892 "https://kmu-hofmann.de/2014/04/first-kiss-eine-modemarke-die-beruehrt/" "Mozilla/5.0 (iPhone; CPU iPhone OS 18_7 like Mac OS X) AppleWebKit/605.1.15 (KHTML, like Gecko) Version/26.6 Mobile/15E148 Safari/604.1" kmu-hofmann.de
185.93.231.0 - - [26/Aug/2026:10:17:33 +0200] "GET /wp-includes/css/admin-bar.min.css?ver=7.0.4 HTTP/1.1" 200 27431 "https://kmu-hofmann.de/2014/04/first-kiss-eine-modemarke-die-beruehrt/" "Mozilla/5.0 (iPhone; CPU iPhone OS 18_7 like Mac OS X) AppleWebKit/605.1.15 (KHTML, like Gecko) Version/26.6 Mobile/15E148 Safari/604.1" kmu-hofmann.de
185.93.231.0 - - [26/Aug/2026:10:17:33 +0200] "GET /wp-content/plugins/optin-forms/css/optinforms.css?ver=1.3.7.2 HTTP/1.1" 200 22065 "https://kmu-hofmann.de/2014/04/first-kiss-eine-modemarke-die-beruehrt/" "Mozilla/5.0 (iPhone; CPU iPhone OS 18_7 like Mac OS X) AppleWebKit/605.1.15 (KHTML, like Gecko) Version/26.6 Mobile/15E148 Safari/604.1" kmu-hofmann.de
185.93.231.0 - - [26/Aug/2026:10:17:33 +0200] "GET /wp-content/plugins/cookie-notice/css/front.min.css?ver=3.1.8 HTTP/1.1" 200 12435 "https://kmu-hofmann.de/2014/04/first-kiss-eine-modemarke-die-beruehrt/" "Mozilla/5.0 (iPhone; CPU iPhone OS 18_7 like Mac OS X) AppleWebKit/605.1.15 (KHTML, like Gecko) Version/26.6 Mobile/15E148 Safari/604.1" kmu-hofmann.de
185.93.231.0 - - [26/Aug/2026:10:17:33 +0200] "GET /wp-content/et-cache/global/et-divi-customizer-global.min.css?ver=1785845087 HTTP/1.1" 200 11392 "https://kmu-hofmann.de/2014/04/first-kiss-eine-modemarke-die-beruehrt/" "Mozilla/5.0 (iPhone; CPU iPhone OS 18_7 like Mac OS X) AppleWebKit/605.1.15 (KHTML, like Gecko) Version/26.6 Mobile/15E148 Safari/604.1" kmu-hofmann.de
185.93.231.0 - - [26/Aug/2026:10:17:33 +0200] "GET /wp-content/plugins/wp-gdpr-compliance/Assets/css/front.css?ver=1688557669 HTTP/1.1" 200 32992 "https://kmu-hofmann.de/2014/04/first-kiss-eine-modemarke-die-beruehrt/" "Mozilla/5.0 (iPhone; CPU iPhone OS 18_7 like Mac OS X) AppleWebKit/605.1.15 (KHTML, like Gecko) Version/26.6 Mobile/15E148 Safari/604.1" kmu-hofmann.de
185.93.231.0 - - [26/Aug/2026:10:17:33 +0200] "GET /wp-includes/js/dist/hooks.min.js?ver=7496969728ca0f95732d HTTP/1.1" 200 11662 "https://kmu-hofmann.de/2014/04/first-kiss-eine-modemarke-die-beruehrt/" "Mozilla/5.0 (iPhone; CPU iPhone OS 18_7 like Mac OS X) AppleWebKit/605.1.15 (KHTML, like Gecko) Version/26.6 Mobile/15E148 Safari/604.1" kmu-hofmann.de
185.93.231.0 - - [26/Aug/2026:10:17:33 +0200] "GET /wp-content/plugins/knews/includes/knews_subscribe.js?ver=1.8.7 HTTP/1.1" 200 7631 "https://kmu-hofmann.de/2014/04/first-kiss-eine-modemarke-die-beruehrt/" "Mozilla/5.0 (iPhone; CPU iPhone OS 18_7 like Mac OS X) AppleWebKit/605.1.15 (KHTML, like Gecko) Version/26.6 Mobile/15E148 Safari/604.1" kmu-hofmann.de
185.93.231.0 - - [26/Aug/2026:10:17:33 +0200] "GET /wp-content/plugins/contact-form-7/includes/js/index.js?ver=6.1.7 HTTP/1.1" 200 20087 "https://kmu-hofmann.de/2014/04/first-kiss-eine-modemarke-die-beruehrt/" "Mozilla/5.0 (iPhone; CPU iPhone OS 18_7 like Mac OS X) AppleWebKit/605.1.15 (KHTML, like Gecko) Version/26.6 Mobile/15E148 Safari/604.1" kmu-hofmann.de
185.93.231.0 - - [26/Aug/2026:10:17:33 +0200] "GET /wp-content/plugins/contact-form-7/includes/swv/js/index.js?ver=6.1.7 HTTP/1.1" 200 19147 "https://kmu-hofmann.de/2014/04/first-kiss-eine-modemarke-die-beruehrt/" "Mozilla/5.0 (iPhone; CPU iPhone OS 18_7 like Mac OS X) AppleWebKit/605.1.15 (KHTML, like Gecko) Version/26.6 Mobile/15E148 Safari/604.1" kmu-hofmann.de
185.93.231.0 - - [26/Aug/2026:10:17:33 +0200] "GET /wp-content/themes/Divi/includes/builder/feature/dynamic-assets/assets/js/jquery.fitvids.js?ver=4.27.4 HTTP/1.1" 200 9960 "https://kmu-hofmann.de/2014/04/first-kiss-eine-modemarke-die-beruehrt/" "Mozilla/5.0 (iPhone; CPU iPhone OS 18_7 like Mac OS X) AppleWebKit/605.1.15 (KHTML, like Gecko) Version/26.6 Mobile/15E148 Safari/604.1" kmu-hofmann.de
185.93.231.0 - - [26/Aug/2026:10:17:33 +0200] "GET /wp-includes/js/dist/i18n.min.js?ver=781d11515ad3d91786ec HTTP/1.1" 200 12344 "https://kmu-hofmann.de/2014/04/first-kiss-eine-modemarke-die-beruehrt/" "Mozilla/5.0 (iPhone; CPU iPhone OS 18_7 like Mac OS X) AppleWebKit/605.1.15 (KHTML, like Gecko) Version/26.6 Mobile/15E148 Safari/604.1" kmu-hofmann.de
185.93.231.0 - - [26/Aug/2026:10:17:33 +0200] "GET /wp-content/plugins/optin-forms/js/placeholder.js?ver=1.3.7.2 HTTP/1.1" 200 8791 "https://kmu-hofmann.de/2014/04/first-kiss-eine-modemarke-die-beruehrt/" "Mozilla/5.0 (iPhone; CPU iPhone OS 18_7 like Mac OS X) AppleWebKit/605.1.15 (KHTML, like Gecko) Version/26.6 Mobile/15E148 Safari/604.1" kmu-hofmann.de
185.93.231.0 - - [26/Aug/2026:10:17:33 +0200] "GET /wp-content/themes/Divi/core/admin/js/common.js?ver=4.27.4 HTTP/1.1" 200 7954 "https://kmu-hofmann.de/2014/04/first-kiss-eine-modemarke-die-beruehrt/" "Mozilla/5.0 (iPhone; CPU iPhone OS 18_7 like Mac OS X) AppleWebKit/605.1.15 (KHTML, like Gecko) Version/26.6 Mobile/15E148 Safari/604.1" kmu-hofmann.de
185.93.231.0 - - [26/Aug/2026:10:17:33 +0200] "GET /wp-content/themes/Divi/js/scripts.min.js?ver=4.27.4 HTTP/1.1" 200 281698 "https://kmu-hofmann.de/2014/04/first-kiss-eine-modemarke-die-beruehrt/" "Mozilla/5.0 (iPhone; CPU iPhone OS 18_7 like Mac OS X) AppleWebKit/605.1.15 (KHTML, like Gecko) Version/26.6 Mobile/15E148 Safari/604.1" kmu-hofmann.de
185.93.231.0 - - [26/Aug/2026:10:17:33 +0200] "GET /wp-includes/js/comment-reply.min.js?ver=7.0.4 HTTP/1.1" 200 9637 "https://kmu-hofmann.de/2014/04/first-kiss-eine-modemarke-die-beruehrt/" "Mozilla/5.0 (iPhone; CPU iPhone OS 18_7 like Mac OS X) AppleWebKit/605.1.15 (KHTML, like Gecko) Version/26.6 Mobile/15E148 Safari/604.1" kmu-hofmann.de
185.93.231.0 - - [26/Aug/2026:10:17:33 +0200] "GET /wp-content/themes/Divi/core/admin/fonts/modules/base/modules.woff HTTP/1.1" 200 12758 "https://kmu-hofmann.de/2014/04/first-kiss-eine-modemarke-die-beruehrt/" "Mozilla/5.0 (iPhone; CPU iPhone OS 18_7 like Mac OS X) AppleWebKit/605.1.15 (KHTML, like Gecko) Version/26.6 Mobile/15E148 Safari/604.1" kmu-hofmann.de
185.93.231.0 - - [26/Aug/2026:10:17:33 +0200] "GET /wp-content/uploads/2014/01/Unbenannt.png HTTP/1.1" 200 10272 "https://kmu-hofmann.de/" "Mozilla/5.0 (iPhone; CPU iPhone OS 18_7 like Mac OS X) AppleWebKit/605.1.15 (KHTML, like Gecko) Version/26.6 Mobile/15E148 Safari/604.1" www.kmu-hofmann.de
185.93.231.0 - - [26/Aug/2026:10:18:02 +0200] "POST /wp-cron.php?doing_wp_cron=1787732282.8200860023498535156250 HTTP/1.1" 200 6615 "-" "t49TgXi4JmUi" kmu-hofmann.de
66.248.202.0 - - [26/Aug/2026:10:18:01 +0200] "GET /wp-admin/plugins.php HTTP/1.1" 302 6598 "http://www.kmu-hofmann.de/wp-login.php" "Mozilla/5.0 (Windows NT 11.0; Win64; x64; rv:120.0) Gecko/20100101 Firefox/120.0" www.kmu-hofmann.de
185.93.231.0 - - [26/Aug/2026:10:18:40 +0200] "GET /wp-content/uploads/2014/01/Kontakt-aufnehmen.png HTTP/1.1" 200 350028 "-" "Mozilla/5.0 (compatible; SeznamBot/4.0; +https://o-seznam.cz/napoveda/vyhledavani/en/seznambot-crawler/)" www.kmu-hofmann.de
66.248.203.0 - - [26/Aug/2026:10:18:40 +0200] "GET /?rnd=1787732319219 HTTP/1.1" 301 6988 "-" "Sucuri-UptimeMonitoring" www.kmu-hofmann.de
185.93.231.0 - - [26/Aug/2026:10:18:43 +0200] "POST /wp-cron.php?doing_wp_cron=1787732322.9557569026947021484375 HTTP/1.1" 200 6615 "-" "PNDzS9xKDL8Y" kmu-hofmann.de
66.248.203.0 - - [26/Aug/2026:10:18:41 +0200] "GET /?rnd=1787732319219 HTTP/1.1" 200 42405 "https://www.kmu-hofmann.de/?rnd=1787732319219" "Sucuri-UptimeMonitoring" kmu-hofmann.de
185.93.231.0 - - [26/Aug/2026:10:18:48 +0200] "GET /feed/ HTTP/1.1" 304 6569 "-" "Mozilla/5.0 (iPhone; CPU iPhone OS 18_3 like Mac OS X) AppleWebKit/605.1.15 (KHTML, like Gecko) GSA/346.1.704810410 Mobile/15E148 Safari/604.1" www.kmu-hofmann.de
66.248.202.0 - - [26/Aug/2026:10:19:07 +0200] "GET /wp-admin/index.php HTTP/1.1" 302 6598 "http://www.kmu-hofmann.de/wp-login.php" "Mozilla/5.0 (Macintosh; Intel Mac OS X 10_15_7) AppleWebKit/537.36 (KHTML, like Gecko) Chrome/121.0.0.0 Safari/537.36" www.kmu-hofmann.de
66.248.202.0 - - [26/Aug/2026:10:19:18 +0200] "GET /404/ HTTP/1.1" 301 7051 "http://www.kmu-hofmann.de/wp-login.php" "Mozilla/5.0 (Macintosh; Intel Mac OS X 10_15_7) AppleWebKit/537.36 (KHTML, like Gecko) Chrome/121.0.0.0 Safari/537.36" kmu-hofmann.de
66.248.202.0 - - [26/Aug/2026:10:19:36 +0200] "GET / HTTP/1.1" 301 6970 "http://www.kmu-hofmann.de/wp-login.php" "Mozilla/5.0 (Macintosh; Intel Mac OS X 10_15_7) AppleWebKit/537.36 (KHTML, like Gecko) Chrome/121.0.0.0 Safari/537.36" www.kmu-hofmann.de
185.93.231.0 - - [26/Aug/2026:10:20:12 +0200] "POST /wp-cron.php?doing_wp_cron=1787732412.5491929054260253906250 HTTP/1.1" 200 6615 "-" "D2NO5r7wnp4M" kmu-hofmann.de
66.248.202.0 - - [26/Aug/2026:10:20:08 +0200] "GET / HTTP/1.1" 200 42977 "http://www.kmu-hofmann.de/wp-login.php" "Mozilla/5.0 (Macintosh; Intel Mac OS X 10_15_7) AppleWebKit/537.36 (KHTML, like Gecko) Chrome/121.0.0.0 Safari/537.36" kmu-hofmann.de
66.248.202.0 - - [26/Aug/2026:10:20:21 +0200] "GET /wp-admin/profile.php HTTP/1.1" 302 6598 "http://www.kmu-hofmann.de/wp-login.php" "Mozilla/5.0 (Macintosh; Intel Mac OS X 10_15_7) AppleWebKit/537.36 (KHTML, like Gecko) Chrome/121.0.0.0 Safari/537.36" www.kmu-hofmann.de
66.248.202.0 - - [26/Aug/2026:10:20:30 +0200] "GET /404/ HTTP/1.1" 301 7051 "http://www.kmu-hofmann.de/wp-login.php" "Mozilla/5.0 (Macintosh; Intel Mac OS X 10_15_7) AppleWebKit/537.36 (KHTML, like Gecko) Chrome/121.0.0.0 Safari/537.36" kmu-hofmann.de
208.109.3.0 - - [26/Aug/2026:10:20:35 +0200] "GET /wp-content/uploads/2015/02/Pressebericht-und-Anzeige-Jubilumsaktion.jpg HTTP/1.1" 301 7059 "https://kmu-hofmann.de/" "Mozilla/5.0 (Windows NT 10.0; Win64; x64) AppleWebKit/537.36 (KHTML, like Gecko) Chrome/133.0.0.0 Safari/537.36" www.kmu-hofmann.de
208.109.3.0 - - [26/Aug/2026:10:20:38 +0200] "GET / HTTP/1.1" 301 6970 "https://kmu-hofmann.de/" "Mozilla/5.0 (Windows NT 10.0; Win64; x64) AppleWebKit/537.36 (KHTML, like Gecko) Chrome/133.0.0.0 Safari/537.36" www.kmu-hofmann.de
66.248.202.0 - - [26/Aug/2026:10:20:44 +0200] "GET / HTTP/1.1" 301 6970 "http://www.kmu-hofmann.de/wp-login.php" "Mozilla/5.0 (Macintosh; Intel Mac OS X 10_15_7) AppleWebKit/537.36 (KHTML, like Gecko) Chrome/121.0.0.0 Safari/537.36" www.kmu-hofmann.de
208.109.3.0 - - [26/Aug/2026:10:20:43 +0200] "GET / HTTP/1.1" 200 43001 "https://kmu-hofmann.de/" "Mozilla/5.0 (Windows NT 10.0; Win64; x64) AppleWebKit/537.36 (KHTML, like Gecko) Chrome/133.0.0.0 Safari/537.36" kmu-hofmann.de
66.248.203.0 - - [26/Aug/2026:10:20:50 +0200] "GET /?sucurianticache=273070984 HTTP/1.1" 301 6996 "-" "Sucuri Uptime Monitor" www.kmu-hofmann.de
66.248.201.0 - - [26/Aug/2026:10:20:52 +0200] "GET /wp-content/uploads/2015/02/Pressebericht-und-Anzeige-Jubilumsaktion.jpg HTTP/1.1" 301 7059 "https://kmu-hofmann.de/" "Mozilla/5.0 (Windows NT 10.0; Win64; x64) AppleWebKit/537.36 (KHTML, like Gecko) Chrome/133.0.0.0 Safari/537.36" www.kmu-hofmann.de
66.248.203.0 - - [26/Aug/2026:10:20:53 +0200] "GET /?sucurianticache=273070984 HTTP/1.1" 200 195071 "-" "Sucuri Uptime Monitor" kmu-hofmann.de
208.109.1.0 - - [26/Aug/2026:10:20:56 +0200] "GET / HTTP/1.1" 301 6970 "https://kmu-hofmann.de/" "Mozilla/5.0 (Windows NT 10.0; Win64; x64) AppleWebKit/537.36 (KHTML, like Gecko) Chrome/133.0.0.0 Safari/537.36" www.kmu-hofmann.de
66.248.203.0 - - [26/Aug/2026:10:20:59 +0200] "GET /?sucurianticache=1612812820 HTTP/1.1" 301 6997 "-" "Sucuri Uptime Monitor" www.kmu-hofmann.de
66.248.202.0 - - [26/Aug/2026:10:20:58 +0200] "GET / HTTP/1.1" 200 42998 "http://www.kmu-hofmann.de/wp-login.php" "Mozilla/5.0 (Macintosh; Intel Mac OS X 10_15_7) AppleWebKit/537.36 (KHTML, like Gecko) Chrome/121.0.0.0 Safari/537.36" kmu-hofmann.de
66.248.203.0 - - [26/Aug/2026:10:21:01 +0200] "GET /?sucurianticache=1612812820 HTTP/1.1" 200 195071 "-" "Sucuri Uptime Monitor" kmu-hofmann.de
208.109.2.0 - - [26/Aug/2026:10:21:07 +0200] "GET /robots.txt HTTP/1.1" 304 6575 "-" "Mozilla/5.0 (compatible; Googlebot/2.1; +http://www.google.com/bot.html)" www.kmu-hofmann.de
208.109.0.0 - - [26/Aug/2026:10:21:01 +0200] "GET / HTTP/1.1" 200 43001 "https://kmu-hofmann.de/" "Mozilla/5.0 (Windows NT 10.0; Win64; x64) AppleWebKit/537.36 (KHTML, like Gecko) Chrome/133.0.0.0 Safari/537.36" kmu-hofmann.de
185.93.231.0 - - [26/Aug/2026:10:21:14 +0200] "POST /wp-cron.php?doing_wp_cron=1787732474.8150579929351806640625 HTTP/1.1" 200 6636 "-" "EaRC2cOFBoxb" kmu-hofmann.de
66.248.202.0 - - [26/Aug/2026:10:21:13 +0200] "GET /wp-admin/edit.php HTTP/1.1" 302 6598 "http://www.kmu-hofmann.de/wp-login.php" "Mozilla/5.0 (Macintosh; Intel Mac OS X 10_15_7) AppleWebKit/537.36 (KHTML, like Gecko) Chrome/121.0.0.0 Safari/537.36" www.kmu-hofmann.de
208.109.0.0 - - [26/Aug/2026:10:21:15 +0200] "GET /2011/08/katja-hofmann-neue-vorsitzende-des-bds-kreisverband-esslingen/feed/ HTTP/1.1" 301 7143 "-" "Mozilla/5.0 (X11; Linux i686) AppleWebKit/537.36 (KHTML, like Gecko) Chrome/30.0.1599.66 Safari/537.36" www.kmu-hofmann.de
208.109.0.0 - - [26/Aug/2026:10:21:17 +0200] "GET /2011/08/katja-hofmann-neue-vorsitzende-des-bds-kreisverband-esslingen/feed/ HTTP/1.1" 200 8352 "-" "Mozilla/5.0 (X11; Linux i686) AppleWebKit/537.36 (KHTML, like Gecko) Chrome/30.0.1599.66 Safari/537.36" kmu-hofmann.de
185.93.231.0 - - [26/Aug/2026:10:21:58 +0200] "POST /wp-cron.php?doing_wp_cron=1787732518.7118740081787109375000 HTTP/1.1" 200 6615 "-" "hLYTC9nDv9wu" kmu-hofmann.de
66.248.202.0 - - [26/Aug/2026:10:21:57 +0200] "GET /wp-admin/plugins.php HTTP/1.1" 302 6598 "http://www.kmu-hofmann.de/wp-login.php" "Mozilla/5.0 (Macintosh; Intel Mac OS X 10_15_7) AppleWebKit/537.36 (KHTML, like Gecko) Chrome/121.0.0.0 Safari/537.36" www.kmu-hofmann.de
137.184.110.0 - - [26/Aug/2026:10:22:01 +0200] "GET /wp-content/uploads/2022/03/Bildschirmfoto-2022-03-28-um-11.23.07.png HTTP/1.1" 200 581900 "https://www.kmu-csr-planer.de/" "Mozilla/5.0 (Windows NT 10.0; Win64; x64) AppleWebKit/537.36 (KHTML, like Gecko) Chrome/124.0.0.0 Safari/537.36" www.kmu-csr-planer.de
185.93.231.0 - - [26/Aug/2026:10:22:28 +0200] "GET /2014/12/der-kampf-gegen-den-online-handel-osianders-buecherpartys/ HTTP/1.1" 200 195166 "https://kmu-hofmann.de/2014/12/der-kampf-gegen-den-online-handel-osianders-buecherpartys/" "Mozilla/5.0 (Windows NT 10.0; Win64; x64) AppleWebKit/537.36 (KHTML, like Gecko) Chrome/131.0.0.0 Safari/537.36" kmu-hofmann.de
185.93.231.0 - - [26/Aug/2026:10:22:56 +0200] "POST /wp-cron.php?doing_wp_cron=1787732576.6802248954772949218750 HTTP/1.1" 200 6615 "-" "OoUshdqQDT3h" kmu-hofmann.de
66.248.202.0 - - [26/Aug/2026:10:22:54 +0200] "GET /wp-admin/index.php HTTP/1.1" 302 6598 "http://www.kmu-hofmann.de/wp-login.php" "Mozilla/5.0 (Windows NT 11.0; Win64; x64) AppleWebKit/537.36 (KHTML, like Gecko) Chrome/119.0.0.0 Safari/537.36" www.kmu-hofmann.de
66.248.202.0 - - [26/Aug/2026:10:23:04 +0200] "GET /404/ HTTP/1.1" 301 7051 "http://www.kmu-hofmann.de/wp-login.php" "Mozilla/5.0 (Windows NT 11.0; Win64; x64) AppleWebKit/537.36 (KHTML, like Gecko) Chrome/119.0.0.0 Safari/537.36" kmu-hofmann.de
66.248.202.0 - - [26/Aug/2026:10:23:20 +0200] "GET / HTTP/1.1" 301 6970 "http://www.kmu-hofmann.de/wp-login.php" "Mozilla/5.0 (Windows NT 11.0; Win64; x64) AppleWebKit/537.36 (KHTML, like Gecko) Chrome/119.0.0.0 Safari/537.36" www.kmu-hofmann.de
66.248.202.0 - - [26/Aug/2026:10:23:36 +0200] "GET / HTTP/1.1" 200 42982 "http://www.kmu-hofmann.de/wp-login.php" "Mozilla/5.0 (Windows NT 11.0; Win64; x64) AppleWebKit/537.36 (KHTML, like Gecko) Chrome/119.0.0.0 Safari/537.36" kmu-hofmann.de
185.93.231.0 - - [26/Aug/2026:10:23:41 +0200] "POST /wp-cron.php?doing_wp_cron=1787732621.7902479171752929687500 HTTP/1.1" 200 6615 "-" "D9vJYokJO5r9" kmu-hofmann.de
66.248.203.0 - - [26/Aug/2026:10:23:40 +0200] "GET /?rnd=1787732619630 HTTP/1.1" 301 6988 "-" "Sucuri-UptimeMonitoring" www.kmu-hofmann.de
66.248.203.0 - - [26/Aug/2026:10:23:42 +0200] "GET /?rnd=1787732619630 HTTP/1.1" 200 42405 "https://www.kmu-hofmann.de/?rnd=1787732619630" "Sucuri-UptimeMonitoring" kmu-hofmann.de
66.248.202.0 - - [26/Aug/2026:10:23:46 +0200] "GET /wp-admin/profile.php HTTP/1.1" 302 6598 "http://www.kmu-hofmann.de/wp-login.php" "Mozilla/5.0 (Windows NT 11.0; Win64; x64) AppleWebKit/537.36 (KHTML, like Gecko) Chrome/119.0.0.0 Safari/537.36" www.kmu-hofmann.de
66.248.202.0 - - [26/Aug/2026:10:23:54 +0200] "GET /404/ HTTP/1.1" 301 7051 "http://www.kmu-hofmann.de/wp-login.php" "Mozilla/5.0 (Windows NT 11.0; Win64; x64) AppleWebKit/537.36 (KHTML, like Gecko) Chrome/119.0.0.0 Safari/537.36" kmu-hofmann.de
66.248.202.0 - - [26/Aug/2026:10:24:10 +0200] "GET / HTTP/1.1" 301 6970 "http://www.kmu-hofmann.de/wp-login.php" "Mozilla/5.0 (Windows NT 11.0; Win64; x64) AppleWebKit/537.36 (KHTML, like Gecko) Chrome/119.0.0.0 Safari/537.36" www.kmu-hofmann.de
66.248.202.0 - - [26/Aug/2026:10:24:24 +0200] "GET / HTTP/1.1" 200 42981 "http://www.kmu-hofmann.de/wp-login.php" "Mozilla/5.0 (Windows NT 11.0; Win64; x64) AppleWebKit/537.36 (KHTML, like Gecko) Chrome/119.0.0.0 Safari/537.36" kmu-hofmann.de
66.248.202.0 - - [26/Aug/2026:10:24:36 +0200] "GET /wp-admin/edit.php HTTP/1.1" 302 6598 "http://www.kmu-hofmann.de/wp-login.php" "Mozilla/5.0 (Windows NT 11.0; Win64; x64) AppleWebKit/537.36 (KHTML, like Gecko) Chrome/119.0.0.0 Safari/537.36" www.kmu-hofmann.de
185.93.231.0 - - [26/Aug/2026:10:25:23 +0200] "POST /wp-cron.php?doing_wp_cron=1787732723.8704988956451416015625 HTTP/1.1" 200 6615 "-" "jixyO8ooJxix" kmu-hofmann.de
66.248.202.0 - - [26/Aug/2026:10:25:23 +0200] "GET /wp-admin/plugins.php HTTP/1.1" 302 6598 "http://www.kmu-hofmann.de/wp-login.php" "Mozilla/5.0 (Windows NT 11.0; Win64; x64) AppleWebKit/537.36 (KHTML, like Gecko) Chrome/119.0.0.0 Safari/537.36" www.kmu-hofmann.de
208.109.0.0 - - [26/Aug/2026:10:25:30 +0200] "GET /wp-content/uploads/2014/01/2_klein-300x199.png HTTP/1.1" 200 103530 "https://kmu-hofmann.de/2015/07/kmu-gehoert-zu-den-fuenf-beispielhaften-unternehmen-in-baden-wuerttemberg/" "Mozilla/5.0 (Macintosh; Intel Mac OS X 10_15_7) AppleWebKit/537.36 (KHTML, like Gecko) Chrome/130.0.0.0 Safari/537.36" kmu-hofmann.de
66.248.202.0 - - [26/Aug/2026:10:25:55 +0200] "GET /wp-content/uploads/2014/01/Neu.png HTTP/1.1" 200 1183565 "https://kmu-hofmann.de/" "Mozilla/5.0 (Windows NT 10.0; Win64; x64) AppleWebKit/537.36 (KHTML, like Gecko) Chrome/104.0.5112.81 Safari/537.36" kmu-hofmann.de
185.93.231.0 - - [26/Aug/2026:10:26:36 +0200] "POST /wp-cron.php?doing_wp_cron=1787732796.5709059238433837890625 HTTP/1.1" 200 6636 "-" "hwdTaQyeeMh0" kmu-hofmann.de
66.248.203.0 - - [26/Aug/2026:10:26:35 +0200] "GET /?sucurianticache=838455120 HTTP/1.1" 301 6996 "-" "Sucuri Uptime Monitor" www.kmu-hofmann.de
66.248.203.0 - - [26/Aug/2026:10:26:37 +0200] "GET /?sucurianticache=838455120 HTTP/1.1" 200 195071 "-" "Sucuri Uptime Monitor" kmu-hofmann.de
185.93.231.0 - - [26/Aug/2026:10:26:41 +0200] "POST /wp-cron.php?doing_wp_cron=1787732801.2395110130310058593750 HTTP/1.1" 200 6636 "-" "xECvr1Xy4yEW" kmu-hofmann.de
66.248.203.0 - - [26/Aug/2026:10:26:40 +0200] "GET /?sucurianticache=936425424 HTTP/1.1" 301 6996 "-" "Sucuri Uptime Monitor" www.kmu-hofmann.de
66.248.203.0 - - [26/Aug/2026:10:26:41 +0200] "GET /?sucurianticache=936425424 HTTP/1.1" 200 195071 "-" "Sucuri Uptime Monitor" kmu-hofmann.de
185.93.231.0 - - [26/Aug/2026:10:28:43 +0200] "POST /wp-cron.php?doing_wp_cron=1787732922.7873580455780029296875 HTTP/1.1" 200 6615 "-" "n5ZzaMUwWqj8" kmu-hofmann.de
66.248.203.0 - - [26/Aug/2026:10:28:41 +0200] "GET /?rnd=1787732920930 HTTP/1.1" 301 6995 "-" "Sucuri-UptimeMonitoring" www.kmu-hofmann.de
66.248.203.0 - - [26/Aug/2026:10:28:44 +0200] "GET /?rnd=1787732920930 HTTP/1.1" 200 42405 "https://www.kmu-hofmann.de/?rnd=1787732920930" "Sucuri-UptimeMonitoring" kmu-hofmann.de
66.248.203.0 - - [26/Aug/2026:10:29:22 +0200] "GET /robots.txt HTTP/1.1" 304 6575 "http://www.kmu-hofmann.de/robots.txt" "Mozilla/5.0 (Windows NT 10.0; Win64; x64) AppleWebKit/537.36 (KHTML, like Gecko) Chrome/148.0.5081.156 Safari/537.36" www.kmu-hofmann.de
31.220.124.0 - - [26/Aug/2026:10:31:56 +0200] "POST /wp-cron.php?doing_wp_cron=1787733116.8122410774230957031250 HTTP/1.1" 200 4620 "-" "WordPress/6.9.4; https://www.kmu-csr-planer.de" www.kmu-csr-planer.de
216.73.216.0 - - [26/Aug/2026:10:31:55 +0200] "GET /sitemap.xml HTTP/2.0" 301 103 "-" "Mozilla/5.0 AppleWebKit/537.36 (KHTML, like Gecko; compatible; ClaudeBot/1.0; +claudebot@anthropic.com)" www.kmu-csr-planer.de
