167.71.220.0 - - [26/Aug/2026:08:32:47 +0200] "POST /wp-login.php HTTP/1.1" 200 8010 "https://www.kmu-csr-planer.de/wp-login.php" "Mozilla/5.0 (X11; Ubuntu; Linux x86_64) AppleWebKit/537.36 (KHTML, like Gecko) Chrome/118.0.0.0 Safari/537.36" www.kmu-csr-planer.de
185.93.231.0 - - [26/Aug/2026:08:32:48 +0200] "POST /wp-cron.php?doing_wp_cron=1787725968.7476789951324462890625 HTTP/1.1" 200 6636 "-" "ArlGkVBjL4nA" kmu-hofmann.de
66.248.203.0 - - [26/Aug/2026:08:32:47 +0200] "GET /?sucurianticache=171143059 HTTP/1.1" 301 6996 "-" "Sucuri Uptime Monitor" www.kmu-hofmann.de
66.248.202.0 - - [26/Aug/2026:08:32:48 +0200] "GET /wp-includes/js/jquery/jquery-migrate.min.js?ver=3.4.1 HTTP/1.1" 200 20212 "https://kmu-hofmann.de/2019/01/wie-s-m-a-r-t-sind-ihre-ziele/" "Mozilla/5.0 (Macintosh; Intel Mac OS X 10_15_7) AppleWebKit/605.1.15 (KHTML, like Gecko) Version/17.4 Safari/605.1.15 (Applebot/0.1; +http://www.apple.com/go/applebot)" kmu-hofmann.de
66.248.202.0 - - [26/Aug/2026:08:32:50 +0200] "GET /wp-content/plugins/cookie-notice/js/front.min.js?ver=3.1.8 HTTP/1.1" 200 15778 "https://kmu-hofmann.de/2019/01/wie-s-m-a-r-t-sind-ihre-ziele/" "Mozilla/5.0 (Macintosh; Intel Mac OS X 10_15_7) AppleWebKit/605.1.15 (KHTML, like Gecko) Version/17.4 Safari/605.1.15 (Applebot/0.1; +http://www.apple.com/go/applebot)" kmu-hofmann.de
66.248.203.0 - - [26/Aug/2026:08:32:49 +0200] "GET /?sucurianticache=171143059 HTTP/1.1" 200 195071 "-" "Sucuri Uptime Monitor" kmu-hofmann.de
66.248.202.0 - - [26/Aug/2026:08:32:52 +0200] "GET /wp-content/plugins/wp-gdpr-compliance/Assets/js/front.min.js?ver=1688557669 HTTP/1.1" 200 65892 "https://kmu-hofmann.de/2019/01/wie-s-m-a-r-t-sind-ihre-ziele/" "Mozilla/5.0 (Macintosh; Intel Mac OS X 10_15_7) AppleWebKit/605.1.15 (KHTML, like Gecko) Version/17.4 Safari/605.1.15 (Applebot/0.1; +http://www.apple.com/go/applebot)" kmu-hofmann.de
66.248.202.0 - - [26/Aug/2026:08:32:53 +0200] "GET /wp-content/et-cache/global/et-divi-customizer-global.min.css?ver=1785845087 HTTP/1.1" 200 11392 "https://kmu-hofmann.de/2019/01/wie-s-m-a-r-t-sind-ihre-ziele/" "Mozilla/5.0 (Macintosh; Intel Mac OS X 10_15_7) AppleWebKit/605.1.15 (KHTML, like Gecko) Version/17.4 Safari/605.1.15 (Applebot/0.1; +http://www.apple.com/go/applebot)" kmu-hofmann.de
66.248.203.0 - - [26/Aug/2026:08:32:52 +0200] "GET /?sucurianticache=1656729533 HTTP/1.1" 301 6997 "-" "Sucuri Uptime Monitor" www.kmu-hofmann.de
66.248.202.0 - - [26/Aug/2026:08:32:55 +0200] "GET /wp-includes/js/dist/hooks.min.js?ver=7496969728ca0f95732d HTTP/1.1" 200 11662 "https://kmu-hofmann.de/2019/01/wie-s-m-a-r-t-sind-ihre-ziele/" "Mozilla/5.0 (Macintosh; Intel Mac OS X 10_15_7) AppleWebKit/605.1.15 (KHTML, like Gecko) Version/17.4 Safari/605.1.15 (Applebot/0.1; +http://www.apple.com/go/applebot)" kmu-hofmann.de
66.248.203.0 - - [26/Aug/2026:08:32:53 +0200] "GET /?sucurianticache=1656729533 HTTP/1.1" 200 195071 "-" "Sucuri Uptime Monitor" kmu-hofmann.de
66.248.202.0 - - [26/Aug/2026:08:32:56 +0200] "GET /wp-includes/js/dist/i18n.min.js?ver=781d11515ad3d91786ec HTTP/1.1" 200 12344 "https://kmu-hofmann.de/2019/01/wie-s-m-a-r-t-sind-ihre-ziele/" "Mozilla/5.0 (Macintosh; Intel Mac OS X 10_15_7) AppleWebKit/605.1.15 (KHTML, like Gecko) Version/17.4 Safari/605.1.15 (Applebot/0.1; +http://www.apple.com/go/applebot)" kmu-hofmann.de
167.71.220.0 - - [26/Aug/2026:08:32:55 +0200] "GET /wp-admin/index.php HTTP/1.1" 302 4818 "https://www.kmu-csr-planer.de/wp-login.php" "Mozilla/5.0 (X11; Ubuntu; Linux x86_64) AppleWebKit/537.36 (KHTML, like Gecko) Chrome/118.0.0.0 Safari/537.36" www.kmu-csr-planer.de
66.248.202.0 - - [26/Aug/2026:08:32:58 +0200] "GET /wp-content/plugins/contact-form-7/includes/swv/js/index.js?ver=6.1.7 HTTP/1.1" 200 19147 "https://kmu-hofmann.de/2019/01/wie-s-m-a-r-t-sind-ihre-ziele/" "Mozilla/5.0 (Macintosh; Intel Mac OS X 10_15_7) AppleWebKit/605.1.15 (KHTML, like Gecko) Version/17.4 Safari/605.1.15 (Applebot/0.1; +http://www.apple.com/go/applebot)" kmu-hofmann.de
66.248.202.0 - - [26/Aug/2026:08:32:59 +0200] "GET /wp-content/plugins/contact-form-7/includes/js/index.js?ver=6.1.7 HTTP/1.1" 200 20087 "https://kmu-hofmann.de/2019/01/wie-s-m-a-r-t-sind-ihre-ziele/" "Mozilla/5.0 (Macintosh; Intel Mac OS X 10_15_7) AppleWebKit/605.1.15 (KHTML, like Gecko) Version/17.4 Safari/605.1.15 (Applebot/0.1; +http://www.apple.com/go/applebot)" kmu-hofmann.de
66.248.202.0 - - [26/Aug/2026:08:33:01 +0200] "GET /wp-content/plugins/optin-forms/js/placeholder.js?ver=1.3.7.2 HTTP/1.1" 200 8791 "https://kmu-hofmann.de/2019/01/wie-s-m-a-r-t-sind-ihre-ziele/" "Mozilla/5.0 (Macintosh; Intel Mac OS X 10_15_7) AppleWebKit/605.1.15 (KHTML, like Gecko) Version/17.4 Safari/605.1.15 (Applebot/0.1; +http://www.apple.com/go/applebot)" kmu-hofmann.de
66.248.202.0 - - [26/Aug/2026:08:33:02 +0200] "GET /wp-content/themes/Divi/js/scripts.min.js?ver=4.27.4 HTTP/1.1" 200 281698 "https://kmu-hofmann.de/2019/01/wie-s-m-a-r-t-sind-ihre-ziele/" "Mozilla/5.0 (Macintosh; Intel Mac OS X 10_15_7) AppleWebKit/605.1.15 (KHTML, like Gecko) Version/17.4 Safari/605.1.15 (Applebot/0.1; +http://www.apple.com/go/applebot)" kmu-hofmann.de
66.248.202.0 - - [26/Aug/2026:08:33:03 +0200] "GET /wp-content/themes/Divi/includes/builder/feature/dynamic-assets/assets/js/jquery.fitvids.js?ver=4.27.4 HTTP/1.1" 200 9960 "https://kmu-hofmann.de/2019/01/wie-s-m-a-r-t-sind-ihre-ziele/" "Mozilla/5.0 (Macintosh; Intel Mac OS X 10_15_7) AppleWebKit/605.1.15 (KHTML, like Gecko) Version/17.4 Safari/605.1.15 (Applebot/0.1; +http://www.apple.com/go/applebot)" kmu-hofmann.de
66.248.202.0 - - [26/Aug/2026:08:33:05 +0200] "GET /wp-content/themes/Divi/core/admin/js/common.js?ver=4.27.4 HTTP/1.1" 200 7954 "https://kmu-hofmann.de/2019/01/wie-s-m-a-r-t-sind-ihre-ziele/" "Mozilla/5.0 (Macintosh; Intel Mac OS X 10_15_7) AppleWebKit/605.1.15 (KHTML, like Gecko) Version/17.4 Safari/605.1.15 (Applebot/0.1; +http://www.apple.com/go/applebot)" kmu-hofmann.de
66.248.202.0 - - [26/Aug/2026:08:33:07 +0200] "GET /wp-content/plugins/knews/includes/knews_subscribe.js?ver=1.8.7 HTTP/1.1" 200 7631 "https://kmu-hofmann.de/2019/01/wie-s-m-a-r-t-sind-ihre-ziele/" "Mozilla/5.0 (Macintosh; Intel Mac OS X 10_15_7) AppleWebKit/605.1.15 (KHTML, like Gecko) Version/17.4 Safari/605.1.15 (Applebot/0.1; +http://www.apple.com/go/applebot)" kmu-hofmann.de
167.71.220.0 - - [26/Aug/2026:08:33:06 +0200] "GET /wp-login.php?redirect_to=https%3A%2F%2Fwww.kmu-csr-planer.de%2Fwp-admin%2Findex.php&reauth=1 HTTP/1.1" 200 9962 "https://www.kmu-csr-planer.de/wp-login.php" "Mozilla/5.0 (X11; Ubuntu; Linux x86_64) AppleWebKit/537.36 (KHTML, like Gecko) Chrome/118.0.0.0 Safari/537.36" www.kmu-csr-planer.de
66.248.202.0 - - [26/Aug/2026:08:33:08 +0200] "GET /wp-includes/js/comment-reply.min.js?ver=7.0.4 HTTP/1.1" 200 9637 "https://kmu-hofmann.de/2019/01/wie-s-m-a-r-t-sind-ihre-ziele/" "Mozilla/5.0 (Macintosh; Intel Mac OS X 10_15_7) AppleWebKit/605.1.15 (KHTML, like Gecko) Version/17.4 Safari/605.1.15 (Applebot/0.1; +http://www.apple.com/go/applebot)" kmu-hofmann.de
167.71.220.0 - - [26/Aug/2026:08:33:16 +0200] "POST /wp-login.php HTTP/1.1" 200 8075 "https://www.kmu-csr-planer.de/wp-login.php" "Mozilla/5.0 (Macintosh; Intel Mac OS X 13_6_1; rv:119.0) Gecko/20100101 Firefox/119.0" www.kmu-csr-planer.de
167.71.220.0 - - [26/Aug/2026:08:33:26 +0200] "GET /wp-admin/index.php HTTP/1.1" 302 4818 "https://www.kmu-csr-planer.de/wp-login.php" "Mozilla/5.0 (Macintosh; Intel Mac OS X 13_6_1) AppleWebKit/537.36 (KHTML, like Gecko) Chrome/119.0.0.0 Safari/537.36" www.kmu-csr-planer.de
66.248.203.0 - - [26/Aug/2026:08:33:29 +0200] "GET /?rnd=1787726008781 HTTP/1.1" 301 6988 "-" "Sucuri-UptimeMonitoring" www.kmu-hofmann.de
66.248.203.0 - - [26/Aug/2026:08:33:30 +0200] "GET /?rnd=1787726008781 HTTP/1.1" 200 42427 "https://www.kmu-hofmann.de/?rnd=1787726008781" "Sucuri-UptimeMonitoring" kmu-hofmann.de
167.71.220.0 - - [26/Aug/2026:08:33:38 +0200] "GET /wp-login.php?redirect_to=https%3A%2F%2Fwww.kmu-csr-planer.de%2Fwp-admin%2Findex.php&reauth=1 HTTP/1.1" 200 9962 "https://www.kmu-csr-planer.de/wp-login.php" "Mozilla/5.0 (Macintosh; Intel Mac OS X 13_6_1) AppleWebKit/537.36 (KHTML, like Gecko) Chrome/119.0.0.0 Safari/537.36" www.kmu-csr-planer.de
167.71.220.0 - - [26/Aug/2026:08:33:48 +0200] "POST /wp-login.php HTTP/1.1" 200 8068 "https://www.kmu-csr-planer.de/wp-login.php" "Mozilla/5.0 (Macintosh; Intel Mac OS X 13_6_1) AppleWebKit/605.1.15 (KHTML, like Gecko) Version/17.2 Safari/605.1.15" www.kmu-csr-planer.de
167.71.220.0 - - [26/Aug/2026:08:33:58 +0200] "GET /wp-admin/index.php HTTP/1.1" 302 4818 "https://www.kmu-csr-planer.de/wp-login.php" "Mozilla/5.0 (Macintosh; Intel Mac OS X 10_15_7) AppleWebKit/537.36 (KHTML, like Gecko) Chrome/118.0.0.0 Safari/537.36" www.kmu-csr-planer.de
167.71.220.0 - - [26/Aug/2026:08:34:09 +0200] "GET /wp-login.php?redirect_to=https%3A%2F%2Fwww.kmu-csr-planer.de%2Fwp-admin%2Findex.php&reauth=1 HTTP/1.1" 200 9962 "https://www.kmu-csr-planer.de/wp-login.php" "Mozilla/5.0 (Macintosh; Intel Mac OS X 10_15_7) AppleWebKit/537.36 (KHTML, like Gecko) Chrome/118.0.0.0 Safari/537.36" www.kmu-csr-planer.de
167.71.220.0 - - [26/Aug/2026:08:34:32 +0200] "POST /wp-login.php HTTP/1.1" 200 8068 "https://www.kmu-csr-planer.de/wp-login.php" "Mozilla/5.0 (X11; Ubuntu; Linux x86_64) AppleWebKit/537.36 (KHTML, like Gecko) Chrome/119.0.0.0 Safari/537.36" www.kmu-csr-planer.de
167.71.220.0 - - [26/Aug/2026:08:34:42 +0200] "GET /wp-admin/index.php HTTP/1.1" 302 4818 "https://www.kmu-csr-planer.de/wp-login.php" "Mozilla/5.0 (Macintosh; Intel Mac OS X 13_6_1) AppleWebKit/605.1.15 (KHTML, like Gecko) Version/16.6 Safari/605.1.15" www.kmu-csr-planer.de
167.71.220.0 - - [26/Aug/2026:08:34:51 +0200] "GET /wp-login.php?redirect_to=https%3A%2F%2Fwww.kmu-csr-planer.de%2Fwp-admin%2Findex.php&reauth=1 HTTP/1.1" 200 9962 "https://www.kmu-csr-planer.de/wp-login.php" "Mozilla/5.0 (Macintosh; Intel Mac OS X 13_6_1) AppleWebKit/605.1.15 (KHTML, like Gecko) Version/16.6 Safari/605.1.15" www.kmu-csr-planer.de
167.71.220.0 - - [26/Aug/2026:08:35:00 +0200] "POST /wp-login.php HTTP/1.1" 200 8034 "https://www.kmu-csr-planer.de/wp-login.php" "Mozilla/5.0 (X11; Linux x86_64) AppleWebKit/537.36 (KHTML, like Gecko) Chrome/119.0.0.0 Safari/537.36" www.kmu-csr-planer.de
167.71.220.0 - - [26/Aug/2026:08:35:16 +0200] "GET /wp-admin/index.php HTTP/1.1" 302 4818 "https://www.kmu-csr-planer.de/wp-login.php" "Mozilla/5.0 (Windows NT 10.0; Win64; x64; rv:119.0) Gecko/20100101 Firefox/119.0" www.kmu-csr-planer.de
167.71.220.0 - - [26/Aug/2026:08:35:29 +0200] "GET /wp-login.php?redirect_to=https%3A%2F%2Fwww.kmu-csr-planer.de%2Fwp-admin%2Findex.php&reauth=1 HTTP/1.1" 200 9962 "https://www.kmu-csr-planer.de/wp-login.php" "Mozilla/5.0 (Windows NT 10.0; Win64; x64; rv:119.0) Gecko/20100101 Firefox/119.0" www.kmu-csr-planer.de
167.71.220.0 - - [26/Aug/2026:08:35:38 +0200] "POST /wp-login.php HTTP/1.1" 200 8034 "https://www.kmu-csr-planer.de/wp-login.php" "Mozilla/5.0 (Macintosh; Intel Mac OS X 10_15_7) AppleWebKit/605.1.15 (KHTML, like Gecko) Version/17.1 Safari/605.1.15" www.kmu-csr-planer.de
167.71.220.0 - - [26/Aug/2026:08:35:48 +0200] "GET /wp-admin/index.php HTTP/1.1" 302 4818 "https://www.kmu-csr-planer.de/wp-login.php" "Mozilla/5.0 (X11; Linux x86_64) AppleWebKit/537.36 (KHTML, like Gecko) Chrome/121.0.0.0 Safari/537.36" www.kmu-csr-planer.de
66.248.203.0 - - [26/Aug/2026:08:35:50 +0200] "GET /2011/08/dozentin-katja-hofmann-gibt-ihk-seminar-sponsoring-fur-schulen-wie-funktionierts-wirklich-erfolgreich/ HTTP/1.1" 403 6838 "-" "Mozilla/5.0 AppleWebKit/537.36 (KHTML, like Gecko; compatible; Amazonbot/0.1; +https://developer.amazon.com/support/amazonbot) Chrome/119.0.6045.214 Safari/537.36" kmu-hofmann.de
167.71.220.0 - - [26/Aug/2026:08:35:58 +0200] "GET /wp-login.php?redirect_to=https%3A%2F%2Fwww.kmu-csr-planer.de%2Fwp-admin%2Findex.php&reauth=1 HTTP/1.1" 200 9962 "https://www.kmu-csr-planer.de/wp-login.php" "Mozilla/5.0 (X11; Linux x86_64) AppleWebKit/537.36 (KHTML, like Gecko) Chrome/121.0.0.0 Safari/537.36" www.kmu-csr-planer.de
167.71.220.0 - - [26/Aug/2026:08:36:10 +0200] "POST /wp-login.php HTTP/1.1" 200 8034 "https://www.kmu-csr-planer.de/wp-login.php" "Mozilla/5.0 (Macintosh; Intel Mac OS X 10_15_7; rv:119.0) Gecko/20100101 Firefox/119.0" www.kmu-csr-planer.de
167.71.220.0 - - [26/Aug/2026:08:36:20 +0200] "GET /wp-admin/index.php HTTP/1.1" 302 4818 "https://www.kmu-csr-planer.de/wp-login.php" "Mozilla/5.0 (Windows NT 10.0; Win64; x64) AppleWebKit/537.36 (KHTML, like Gecko) Chrome/121.0.0.0 Safari/537.36" www.kmu-csr-planer.de
167.71.220.0 - - [26/Aug/2026:08:36:29 +0200] "GET /wp-login.php?redirect_to=https%3A%2F%2Fwww.kmu-csr-planer.de%2Fwp-admin%2Findex.php&reauth=1 HTTP/1.1" 200 9962 "https://www.kmu-csr-planer.de/wp-login.php" "Mozilla/5.0 (Windows NT 10.0; Win64; x64) AppleWebKit/537.36 (KHTML, like Gecko) Chrome/121.0.0.0 Safari/537.36" www.kmu-csr-planer.de
167.71.220.0 - - [26/Aug/2026:08:36:39 +0200] "POST /wp-login.php HTTP/1.1" 200 8034 "https://www.kmu-csr-planer.de/wp-login.php" "Mozilla/5.0 (Windows NT 11.0; Win64; x64) AppleWebKit/537.36 (KHTML, like Gecko) Chrome/120.0.0.0 Safari/537.36" www.kmu-csr-planer.de
167.71.220.0 - - [26/Aug/2026:08:36:50 +0200] "GET /wp-admin/index.php HTTP/1.1" 302 4818 "https://www.kmu-csr-planer.de/wp-login.php" "Mozilla/5.0 (Windows NT 11.0; Win64; x64; rv:121.0) Gecko/20100101 Firefox/121.0" www.kmu-csr-planer.de
167.71.220.0 - - [26/Aug/2026:08:37:02 +0200] "GET /wp-login.php?redirect_to=https%3A%2F%2Fwww.kmu-csr-planer.de%2Fwp-admin%2Findex.php&reauth=1 HTTP/1.1" 200 9962 "https://www.kmu-csr-planer.de/wp-login.php" "Mozilla/5.0 (Windows NT 11.0; Win64; x64; rv:121.0) Gecko/20100101 Firefox/121.0" www.kmu-csr-planer.de
167.71.220.0 - - [26/Aug/2026:08:37:14 +0200] "POST /wp-login.php HTTP/1.1" 200 8034 "https://www.kmu-csr-planer.de/wp-login.php" "Mozilla/5.0 (Macintosh; Intel Mac OS X 10_15_7) AppleWebKit/605.1.15 (KHTML, like Gecko) Version/17.0 Safari/605.1.15" www.kmu-csr-planer.de
167.71.220.0 - - [26/Aug/2026:08:37:26 +0200] "GET /wp-admin/index.php HTTP/1.1" 302 4818 "https://www.kmu-csr-planer.de/wp-login.php" "Mozilla/5.0 (Macintosh; Intel Mac OS X 13_6_1) AppleWebKit/605.1.15 (KHTML, like Gecko) Version/17.1 Safari/605.1.15" www.kmu-csr-planer.de
167.71.220.0 - - [26/Aug/2026:08:37:36 +0200] "GET /wp-login.php?redirect_to=https%3A%2F%2Fwww.kmu-csr-planer.de%2Fwp-admin%2Findex.php&reauth=1 HTTP/1.1" 200 9962 "https://www.kmu-csr-planer.de/wp-login.php" "Mozilla/5.0 (Macintosh; Intel Mac OS X 13_6_1) AppleWebKit/605.1.15 (KHTML, like Gecko) Version/17.1 Safari/605.1.15" www.kmu-csr-planer.de
167.71.220.0 - - [26/Aug/2026:08:37:45 +0200] "POST /wp-login.php HTTP/1.1" 200 8034 "https://www.kmu-csr-planer.de/wp-login.php" "Mozilla/5.0 (Windows NT 10.0; Win64; x64) AppleWebKit/537.36 (KHTML, like Gecko) Chrome/120.0.0.0 Safari/537.36" www.kmu-csr-planer.de
167.71.220.0 - - [26/Aug/2026:08:37:54 +0200] "GET /wp-admin/index.php HTTP/1.1" 302 4818 "https://www.kmu-csr-planer.de/wp-login.php" "Mozilla/5.0 (Macintosh; Intel Mac OS X 13_6_1) AppleWebKit/605.1.15 (KHTML, like Gecko) Version/16.6 Safari/605.1.15" www.kmu-csr-planer.de
167.71.220.0 - - [26/Aug/2026:08:38:04 +0200] "GET /wp-login.php?redirect_to=https%3A%2F%2Fwww.kmu-csr-planer.de%2Fwp-admin%2Findex.php&reauth=1 HTTP/1.1" 200 9962 "https://www.kmu-csr-planer.de/wp-login.php" "Mozilla/5.0 (Macintosh; Intel Mac OS X 13_6_1) AppleWebKit/605.1.15 (KHTML, like Gecko) Version/16.6 Safari/605.1.15" www.kmu-csr-planer.de
167.71.220.0 - - [26/Aug/2026:08:38:14 +0200] "POST /wp-login.php HTTP/1.1" 200 8034 "https://www.kmu-csr-planer.de/wp-login.php" "Mozilla/5.0 (Macintosh; Intel Mac OS X 10_15_7) AppleWebKit/605.1.15 (KHTML, like Gecko) Version/17.1 Safari/605.1.15" www.kmu-csr-planer.de
167.71.220.0 - - [26/Aug/2026:08:38:22 +0200] "GET /wp-admin/index.php HTTP/1.1" 302 4818 "https://www.kmu-csr-planer.de/wp-login.php" "Mozilla/5.0 (X11; Ubuntu; Linux x86_64) AppleWebKit/537.36 (KHTML, like Gecko) Chrome/118.0.0.0 Safari/537.36" www.kmu-csr-planer.de
185.93.231.0 - - [26/Aug/2026:08:38:31 +0200] "POST /wp-cron.php?doing_wp_cron=1787726310.9308359622955322265625 HTTP/1.1" 200 6636 "-" "CnmjBRolTn4i" kmu-hofmann.de
66.248.203.0 - - [26/Aug/2026:08:38:30 +0200] "GET /?rnd=1787726309276 HTTP/1.1" 301 6988 "-" "Sucuri-UptimeMonitoring" www.kmu-hofmann.de
167.71.220.0 - - [26/Aug/2026:08:38:32 +0200] "GET /wp-login.php?redirect_to=https%3A%2F%2Fwww.kmu-csr-planer.de%2Fwp-admin%2Findex.php&reauth=1 HTTP/1.1" 200 9962 "https://www.kmu-csr-planer.de/wp-login.php" "Mozilla/5.0 (X11; Ubuntu; Linux x86_64) AppleWebKit/537.36 (KHTML, like Gecko) Chrome/118.0.0.0 Safari/537.36" www.kmu-csr-planer.de
66.248.203.0 - - [26/Aug/2026:08:38:31 +0200] "GET /?rnd=1787726309276 HTTP/1.1" 200 42427 "https://www.kmu-hofmann.de/?rnd=1787726309276" "Sucuri-UptimeMonitoring" kmu-hofmann.de
167.71.220.0 - - [26/Aug/2026:08:38:43 +0200] "POST /wp-login.php HTTP/1.1" 200 8034 "https://www.kmu-csr-planer.de/wp-login.php" "Mozilla/5.0 (Macintosh; Intel Mac OS X 10_15_7) AppleWebKit/605.1.15 (KHTML, like Gecko) Version/17.2 Safari/605.1.15" www.kmu-csr-planer.de
167.71.220.0 - - [26/Aug/2026:08:38:53 +0200] "GET /wp-admin/index.php HTTP/1.1" 302 4818 "https://www.kmu-csr-planer.de/wp-login.php" "Mozilla/5.0 (X11; Linux x86_64) AppleWebKit/537.36 (KHTML, like Gecko) Chrome/119.0.0.0 Safari/537.36" www.kmu-csr-planer.de
167.71.220.0 - - [26/Aug/2026:08:39:04 +0200] "GET /wp-login.php?redirect_to=https%3A%2F%2Fwww.kmu-csr-planer.de%2Fwp-admin%2Findex.php&reauth=1 HTTP/1.1" 200 9941 "https://www.kmu-csr-planer.de/wp-login.php" "Mozilla/5.0 (X11; Linux x86_64) AppleWebKit/537.36 (KHTML, like Gecko) Chrome/119.0.0.0 Safari/537.36" www.kmu-csr-planer.de
185.93.231.0 - - [26/Aug/2026:08:39:17 +0200] "POST /wp-cron.php?doing_wp_cron=1787726357.4261310100555419921875 HTTP/1.1" 200 6615 "-" "XGu0wyPuXmuV" kmu-hofmann.de
66.248.203.0 - - [26/Aug/2026:08:39:16 +0200] "GET /?sucurianticache=1316932328 HTTP/1.1" 301 6997 "-" "Sucuri Uptime Monitor" www.kmu-hofmann.de
66.248.203.0 - - [26/Aug/2026:08:39:18 +0200] "GET /?sucurianticache=1316932328 HTTP/1.1" 200 195050 "-" "Sucuri Uptime Monitor" kmu-hofmann.de
66.248.203.0 - - [26/Aug/2026:08:39:24 +0200] "GET /?sucurianticache=569901418 HTTP/1.1" 301 6996 "-" "Sucuri Uptime Monitor" www.kmu-hofmann.de
66.248.203.0 - - [26/Aug/2026:08:39:25 +0200] "GET /?sucurianticache=569901418 HTTP/1.1" 200 195050 "-" "Sucuri Uptime Monitor" kmu-hofmann.de
167.71.220.0 - - [26/Aug/2026:08:39:26 +0200] "POST /wp-login.php HTTP/1.1" 200 8013 "https://www.kmu-csr-planer.de/wp-login.php" "Mozilla/5.0 (Windows NT 10.0; Win64; x64) AppleWebKit/537.36 (KHTML, like Gecko) Chrome/119.0.0.0 Safari/537.36" www.kmu-csr-planer.de
167.71.220.0 - - [26/Aug/2026:08:39:37 +0200] "GET /wp-admin/index.php HTTP/1.1" 302 4818 "https://www.kmu-csr-planer.de/wp-login.php" "Mozilla/5.0 (Macintosh; Intel Mac OS X 10_15_7) AppleWebKit/605.1.15 (KHTML, like Gecko) Version/17.0 Safari/605.1.15" www.kmu-csr-planer.de
167.71.220.0 - - [26/Aug/2026:08:39:46 +0200] "GET /wp-login.php?redirect_to=https%3A%2F%2Fwww.kmu-csr-planer.de%2Fwp-admin%2Findex.php&reauth=1 HTTP/1.1" 200 9941 "https://www.kmu-csr-planer.de/wp-login.php" "Mozilla/5.0 (Macintosh; Intel Mac OS X 10_15_7) AppleWebKit/605.1.15 (KHTML, like Gecko) Version/17.0 Safari/605.1.15" www.kmu-csr-planer.de
167.71.220.0 - - [26/Aug/2026:08:39:54 +0200] "POST /wp-login.php HTTP/1.1" 200 8013 "https://www.kmu-csr-planer.de/wp-login.php" "Mozilla/5.0 (Macintosh; Intel Mac OS X 10_15_7) AppleWebKit/605.1.15 (KHTML, like Gecko) Version/17.0 Safari/605.1.15" www.kmu-csr-planer.de
185.93.231.0 - - [26/Aug/2026:08:40:03 +0200] "GET /robots.txt HTTP/1.1" 403 6838 "-" "Mozilla/5.0 (compatible; AhrefsBot/7.0; +http://ahrefs.com/robot/)" kmu-hofmann.de
167.71.220.0 - - [26/Aug/2026:08:40:03 +0200] "GET /wp-admin/index.php HTTP/1.1" 302 4818 "https://www.kmu-csr-planer.de/wp-login.php" "Mozilla/5.0 (Macintosh; Intel Mac OS X 13_6_1; rv:120.0) Gecko/20100101 Firefox/120.0" www.kmu-csr-planer.de
167.71.220.0 - - [26/Aug/2026:08:40:13 +0200] "GET /wp-login.php?redirect_to=https%3A%2F%2Fwww.kmu-csr-planer.de%2Fwp-admin%2Findex.php&reauth=1 HTTP/1.1" 200 9941 "https://www.kmu-csr-planer.de/wp-login.php" "Mozilla/5.0 (Macintosh; Intel Mac OS X 13_6_1; rv:120.0) Gecko/20100101 Firefox/120.0" www.kmu-csr-planer.de
167.71.220.0 - - [26/Aug/2026:08:40:25 +0200] "POST /wp-login.php HTTP/1.1" 200 8014 "https://www.kmu-csr-planer.de/wp-login.php" "Mozilla/5.0 (Macintosh; Intel Mac OS X 13_6_1) AppleWebKit/537.36 (KHTML, like Gecko) Chrome/118.0.0.0 Safari/537.36" www.kmu-csr-planer.de
167.71.220.0 - - [26/Aug/2026:08:40:35 +0200] "GET /wp-admin/index.php HTTP/1.1" 302 4818 "https://www.kmu-csr-planer.de/wp-login.php" "Mozilla/5.0 (Macintosh; Intel Mac OS X 10_15_7) AppleWebKit/605.1.15 (KHTML, like Gecko) Version/17.1 Safari/605.1.15" www.kmu-csr-planer.de
31.220.124.0 - - [26/Aug/2026:08:40:45 +0200] "POST /wp-cron.php?doing_wp_cron=1787726445.2370979785919189453125 HTTP/1.1" 200 4599 "-" "WordPress/6.9.4; https://www.kmu-csr-planer.de" www.kmu-csr-planer.de
167.71.220.0 - - [26/Aug/2026:08:40:43 +0200] "GET /wp-login.php?redirect_to=https%3A%2F%2Fwww.kmu-csr-planer.de%2Fwp-admin%2Findex.php&reauth=1 HTTP/1.1" 200 9941 "https://www.kmu-csr-planer.de/wp-login.php" "Mozilla/5.0 (Macintosh; Intel Mac OS X 10_15_7) AppleWebKit/605.1.15 (KHTML, like Gecko) Version/17.1 Safari/605.1.15" www.kmu-csr-planer.de
167.71.220.0 - - [26/Aug/2026:08:40:52 +0200] "POST /wp-login.php HTTP/1.1" 200 8014 "https://www.kmu-csr-planer.de/wp-login.php" "Mozilla/5.0 (Macintosh; Intel Mac OS X 10_15_7; rv:121.0) Gecko/20100101 Firefox/121.0" www.kmu-csr-planer.de
167.71.220.0 - - [26/Aug/2026:08:41:01 +0200] "GET /wp-admin/index.php HTTP/1.1" 302 4818 "https://www.kmu-csr-planer.de/wp-login.php" "Mozilla/5.0 (Macintosh; Intel Mac OS X 13_6_1; rv:118.0) Gecko/20100101 Firefox/118.0" www.kmu-csr-planer.de
167.71.220.0 - - [26/Aug/2026:08:41:12 +0200] "GET /wp-login.php?redirect_to=https%3A%2F%2Fwww.kmu-csr-planer.de%2Fwp-admin%2Findex.php&reauth=1 HTTP/1.1" 200 9941 "https://www.kmu-csr-planer.de/wp-login.php" "Mozilla/5.0 (Macintosh; Intel Mac OS X 13_6_1; rv:118.0) Gecko/20100101 Firefox/118.0" www.kmu-csr-planer.de
167.71.220.0 - - [26/Aug/2026:08:41:21 +0200] "POST /wp-login.php HTTP/1.1" 200 8014 "https://www.kmu-csr-planer.de/wp-login.php" "Mozilla/5.0 (Windows NT 11.0; Win64; x64) AppleWebKit/537.36 (KHTML, like Gecko) Chrome/121.0.0.0 Safari/537.36" www.kmu-csr-planer.de
167.71.220.0 - - [26/Aug/2026:08:41:29 +0200] "GET /wp-admin/index.php HTTP/1.1" 302 4818 "https://www.kmu-csr-planer.de/wp-login.php" "Mozilla/5.0 (Windows NT 10.0; Win64; x64) AppleWebKit/537.36 (KHTML, like Gecko) Chrome/120.0.0.0 Safari/537.36" www.kmu-csr-planer.de
167.71.220.0 - - [26/Aug/2026:08:41:39 +0200] "GET /wp-login.php?redirect_to=https%3A%2F%2Fwww.kmu-csr-planer.de%2Fwp-admin%2Findex.php&reauth=1 HTTP/1.1" 200 9941 "https://www.kmu-csr-planer.de/wp-login.php" "Mozilla/5.0 (Windows NT 10.0; Win64; x64) AppleWebKit/537.36 (KHTML, like Gecko) Chrome/120.0.0.0 Safari/537.36" www.kmu-csr-planer.de
167.71.220.0 - - [26/Aug/2026:08:41:47 +0200] "POST /wp-login.php HTTP/1.1" 200 8014 "https://www.kmu-csr-planer.de/wp-login.php" "Mozilla/5.0 (Windows NT 11.0; Win64; x64) AppleWebKit/537.36 (KHTML, like Gecko) Chrome/118.0.0.0 Safari/537.36" www.kmu-csr-planer.de
167.71.220.0 - - [26/Aug/2026:08:41:52 +0200] "GET /wp-admin/index.php HTTP/1.1" 302 501 "https://www.kmu-csr-planer.de/wp-login.php" "Mozilla/5.0 (Macintosh; Intel Mac OS X 13_6_1) AppleWebKit/605.1.15 (KHTML, like Gecko) Version/17.0 Safari/605.1.15" www.kmu-csr-planer.de
167.71.220.0 - - [26/Aug/2026:08:42:03 +0200] "GET /wp-login.php?redirect_to=https%3A%2F%2Fwww.kmu-csr-planer.de%2Fwp-admin%2Findex.php&reauth=1 HTTP/1.1" 200 9941 "https://www.kmu-csr-planer.de/wp-login.php" "Mozilla/5.0 (Macintosh; Intel Mac OS X 13_6_1) AppleWebKit/605.1.15 (KHTML, like Gecko) Version/17.0 Safari/605.1.15" www.kmu-csr-planer.de
167.71.220.0 - - [26/Aug/2026:08:42:13 +0200] "POST /wp-login.php HTTP/1.1" 200 8014 "https://www.kmu-csr-planer.de/wp-login.php" "Mozilla/5.0 (Macintosh; Intel Mac OS X 13_6_1; rv:119.0) Gecko/20100101 Firefox/119.0" www.kmu-csr-planer.de
167.71.220.0 - - [26/Aug/2026:08:42:23 +0200] "GET /wp-admin/index.php HTTP/1.1" 302 4818 "https://www.kmu-csr-planer.de/wp-login.php" "Mozilla/5.0 (Macintosh; Intel Mac OS X 10_15_7) AppleWebKit/537.36 (KHTML, like Gecko) Chrome/119.0.0.0 Safari/537.36" www.kmu-csr-planer.de
185.93.231.0 - - [26/Aug/2026:08:42:33 +0200] "POST /wp-cron.php?doing_wp_cron=1787726552.9742479324340820312500 HTTP/1.1" 200 6615 "-" "Q810hGYG8a4L" kmu-hofmann.de
66.248.203.0 - - [26/Aug/2026:08:42:32 +0200] "GET /2019/01/pr-award-fuer-die-kmu-das-kompetenznetz-mittelstand-und-der-medizin-technische-dialog-berichten/ HTTP/1.1" 301 7121 "-" "Mozilla/5.0 (Macintosh; Intel Mac OS X 10_15_7) AppleWebKit/605.1.15 (KHTML, like Gecko) Chrome/139.0.0.0 Safari/605.1.15" www.kmu-hofmann.de
66.248.203.0 - - [26/Aug/2026:08:42:33 +0200] "GET /2019/01/pr-award-fuer-die-kmu-das-kompetenznetz-mittelstand-und-der-medizin-technische-dialog-berichten/ HTTP/1.1" 200 41368 "-" "Mozilla/5.0 (Macintosh; Intel Mac OS X 10_15_7) AppleWebKit/605.1.15 (KHTML, like Gecko) Chrome/139.0.0.0 Safari/605.1.15" kmu-hofmann.de
167.71.220.0 - - [26/Aug/2026:08:42:38 +0200] "GET /wp-login.php?redirect_to=https%3A%2F%2Fwww.kmu-csr-planer.de%2Fwp-admin%2Findex.php&reauth=1 HTTP/1.1" 200 9941 "https://www.kmu-csr-planer.de/wp-login.php" "Mozilla/5.0 (Macintosh; Intel Mac OS X 10_15_7) AppleWebKit/537.36 (KHTML, like Gecko) Chrome/119.0.0.0 Safari/537.36" www.kmu-csr-planer.de
167.71.220.0 - - [26/Aug/2026:08:42:46 +0200] "POST /wp-login.php HTTP/1.1" 200 8014 "https://www.kmu-csr-planer.de/wp-login.php" "Mozilla/5.0 (Windows NT 11.0; Win64; x64; rv:121.0) Gecko/20100101 Firefox/121.0" www.kmu-csr-planer.de
167.71.220.0 - - [26/Aug/2026:08:42:54 +0200] "GET /wp-admin/index.php HTTP/1.1" 302 4818 "https://www.kmu-csr-planer.de/wp-login.php" "Mozilla/5.0 (X11; Linux x86_64) AppleWebKit/537.36 (KHTML, like Gecko) Chrome/119.0.0.0 Safari/537.36" www.kmu-csr-planer.de
167.71.220.0 - - [26/Aug/2026:08:43:03 +0200] "GET /wp-login.php?redirect_to=https%3A%2F%2Fwww.kmu-csr-planer.de%2Fwp-admin%2Findex.php&reauth=1 HTTP/1.1" 200 9941 "https://www.kmu-csr-planer.de/wp-login.php" "Mozilla/5.0 (X11; Linux x86_64) AppleWebKit/537.36 (KHTML, like Gecko) Chrome/119.0.0.0 Safari/537.36" www.kmu-csr-planer.de
167.71.220.0 - - [26/Aug/2026:08:43:14 +0200] "POST /wp-login.php HTTP/1.1" 200 8014 "https://www.kmu-csr-planer.de/wp-login.php" "Mozilla/5.0 (Macintosh; Intel Mac OS X 10_15_7) AppleWebKit/537.36 (KHTML, like Gecko) Chrome/118.0.0.0 Safari/537.36" www.kmu-csr-planer.de
167.71.220.0 - - [26/Aug/2026:08:43:26 +0200] "GET /wp-admin/index.php HTTP/1.1" 302 4818 "https://www.kmu-csr-planer.de/wp-login.php" "Mozilla/5.0 (Windows NT 11.0; Win64; x64; rv:118.0) Gecko/20100101 Firefox/118.0" www.kmu-csr-planer.de
66.248.203.0 - - [26/Aug/2026:08:43:30 +0200] "GET /?rnd=1787726609456 HTTP/1.1" 301 6988 "-" "Sucuri-UptimeMonitoring" www.kmu-hofmann.de
185.93.231.0 - - [26/Aug/2026:08:43:34 +0200] "POST /wp-cron.php?doing_wp_cron=1787726614.6598470211029052734375 HTTP/1.1" 200 6615 "-" "6dkHQxMSFVuQ" kmu-hofmann.de
66.248.203.0 - - [26/Aug/2026:08:43:32 +0200] "GET /?rnd=1787726609456 HTTP/1.1" 200 42405 "https://www.kmu-hofmann.de/?rnd=1787726609456" "Sucuri-UptimeMonitoring" kmu-hofmann.de
167.71.220.0 - - [26/Aug/2026:08:43:35 +0200] "GET /wp-login.php?redirect_to=https%3A%2F%2Fwww.kmu-csr-planer.de%2Fwp-admin%2Findex.php&reauth=1 HTTP/1.1" 200 9941 "https://www.kmu-csr-planer.de/wp-login.php" "Mozilla/5.0 (Windows NT 11.0; Win64; x64; rv:118.0) Gecko/20100101 Firefox/118.0" www.kmu-csr-planer.de
167.71.220.0 - - [26/Aug/2026:08:43:44 +0200] "POST /wp-login.php HTTP/1.1" 200 8014 "https://www.kmu-csr-planer.de/wp-login.php" "Mozilla/5.0 (Windows NT 11.0; Win64; x64) AppleWebKit/537.36 (KHTML, like Gecko) Chrome/120.0.0.0 Safari/537.36" www.kmu-csr-planer.de
167.71.220.0 - - [26/Aug/2026:08:43:54 +0200] "GET /wp-admin/index.php HTTP/1.1" 302 4818 "https://www.kmu-csr-planer.de/wp-login.php" "Mozilla/5.0 (Macintosh; Intel Mac OS X 13_6_1) AppleWebKit/605.1.15 (KHTML, like Gecko) Version/17.1 Safari/605.1.15" www.kmu-csr-planer.de
167.71.220.0 - - [26/Aug/2026:08:44:06 +0200] "GET /wp-login.php?redirect_to=https%3A%2F%2Fwww.kmu-csr-planer.de%2Fwp-admin%2Findex.php&reauth=1 HTTP/1.1" 200 9941 "https://www.kmu-csr-planer.de/wp-login.php" "Mozilla/5.0 (Macintosh; Intel Mac OS X 13_6_1) AppleWebKit/605.1.15 (KHTML, like Gecko) Version/17.1 Safari/605.1.15" www.kmu-csr-planer.de
167.71.220.0 - - [26/Aug/2026:08:44:16 +0200] "POST /wp-login.php HTTP/1.1" 200 8014 "https://www.kmu-csr-planer.de/wp-login.php" "Mozilla/5.0 (X11; Ubuntu; Linux x86_64) AppleWebKit/537.36 (KHTML, like Gecko) Chrome/121.0.0.0 Safari/537.36" www.kmu-csr-planer.de
167.71.220.0 - - [26/Aug/2026:08:44:29 +0200] "GET /wp-admin/index.php HTTP/1.1" 302 4818 "https://www.kmu-csr-planer.de/wp-login.php" "Mozilla/5.0 (Macintosh; Intel Mac OS X 13_6_1) AppleWebKit/537.36 (KHTML, like Gecko) Chrome/118.0.0.0 Safari/537.36" www.kmu-csr-planer.de
167.71.220.0 - - [26/Aug/2026:08:44:41 +0200] "GET /wp-login.php?redirect_to=https%3A%2F%2Fwww.kmu-csr-planer.de%2Fwp-admin%2Findex.php&reauth=1 HTTP/1.1" 200 9941 "https://www.kmu-csr-planer.de/wp-login.php" "Mozilla/5.0 (Macintosh; Intel Mac OS X 13_6_1) AppleWebKit/537.36 (KHTML, like Gecko) Chrome/118.0.0.0 Safari/537.36" www.kmu-csr-planer.de
167.71.220.0 - - [26/Aug/2026:08:44:51 +0200] "POST /wp-login.php HTTP/1.1" 200 8014 "https://www.kmu-csr-planer.de/wp-login.php" "Mozilla/5.0 (Macintosh; Intel Mac OS X 13_6_1) AppleWebKit/605.1.15 (KHTML, like Gecko) Version/17.1 Safari/605.1.15" www.kmu-csr-planer.de
167.71.220.0 - - [26/Aug/2026:08:45:02 +0200] "GET /wp-admin/index.php HTTP/1.1" 302 4818 "https://www.kmu-csr-planer.de/wp-login.php" "Mozilla/5.0 (Macintosh; Intel Mac OS X 10_15_7) AppleWebKit/605.1.15 (KHTML, like Gecko) Version/17.2 Safari/605.1.15" www.kmu-csr-planer.de
167.71.220.0 - - [26/Aug/2026:08:45:15 +0200] "GET /wp-login.php?redirect_to=https%3A%2F%2Fwww.kmu-csr-planer.de%2Fwp-admin%2Findex.php&reauth=1 HTTP/1.1" 200 9941 "https://www.kmu-csr-planer.de/wp-login.php" "Mozilla/5.0 (Macintosh; Intel Mac OS X 10_15_7) AppleWebKit/605.1.15 (KHTML, like Gecko) Version/17.2 Safari/605.1.15" www.kmu-csr-planer.de
167.71.220.0 - - [26/Aug/2026:08:45:25 +0200] "POST /wp-login.php HTTP/1.1" 200 8047 "https://www.kmu-csr-planer.de/wp-login.php" "Mozilla/5.0 (Windows NT 10.0; Win64; x64; rv:119.0) Gecko/20100101 Firefox/119.0" www.kmu-csr-planer.de
185.93.231.0 - - [26/Aug/2026:08:45:26 +0200] "POST /wp-cron.php?doing_wp_cron=1787726726.5724740028381347656250 HTTP/1.1" 200 6615 "-" "RuVvkr3UVpo4" kmu-hofmann.de
66.248.203.0 - - [26/Aug/2026:08:45:25 +0200] "GET /?sucurianticache=1239572794 HTTP/1.1" 301 6997 "-" "Sucuri Uptime Monitor" www.kmu-hofmann.de
66.248.203.0 - - [26/Aug/2026:08:45:27 +0200] "GET /?sucurianticache=1239572794 HTTP/1.1" 200 195050 "-" "Sucuri Uptime Monitor" kmu-hofmann.de
66.248.201.0 - - [26/Aug/2026:08:45:30 +0200] "GET /?sucurianticache=1779324467 HTTP/1.1" 301 6997 "-" "Sucuri Uptime Monitor" www.kmu-hofmann.de
66.248.201.0 - - [26/Aug/2026:08:45:31 +0200] "GET /?sucurianticache=1779324467 HTTP/1.1" 200 195020 "-" "Sucuri Uptime Monitor" kmu-hofmann.de
167.71.220.0 - - [26/Aug/2026:08:45:39 +0200] "GET /wp-admin/index.php HTTP/1.1" 302 4818 "https://www.kmu-csr-planer.de/wp-login.php" "Mozilla/5.0 (Macintosh; Intel Mac OS X 13_6_1) AppleWebKit/605.1.15 (KHTML, like Gecko) Version/17.0 Safari/605.1.15" www.kmu-csr-planer.de
167.71.220.0 - - [26/Aug/2026:08:45:47 +0200] "GET /wp-login.php?redirect_to=https%3A%2F%2Fwww.kmu-csr-planer.de%2Fwp-admin%2Findex.php&reauth=1 HTTP/1.1" 200 9941 "https://www.kmu-csr-planer.de/wp-login.php" "Mozilla/5.0 (Macintosh; Intel Mac OS X 13_6_1) AppleWebKit/605.1.15 (KHTML, like Gecko) Version/17.0 Safari/605.1.15" www.kmu-csr-planer.de
167.71.220.0 - - [26/Aug/2026:08:45:56 +0200] "POST /wp-login.php HTTP/1.1" 200 8047 "https://www.kmu-csr-planer.de/wp-login.php" "Mozilla/5.0 (Windows NT 11.0; Win64; x64; rv:121.0) Gecko/20100101 Firefox/121.0" www.kmu-csr-planer.de
62.106.66.0 - - [26/Aug/2026:08:46:08 +0200] "GET / HTTP/1.1" 301 5821 "-" "Mozilla/5.0 (Windows NT 10.0; Win64; x64; rv:68.0) Gecko/20100101 Firefox/68.0" kmu-csr-planer.de
167.71.220.0 - - [26/Aug/2026:08:46:07 +0200] "GET /wp-admin/index.php HTTP/1.1" 302 4818 "https://www.kmu-csr-planer.de/wp-login.php" "Mozilla/5.0 (Macintosh; Intel Mac OS X 10_15_7; rv:118.0) Gecko/20100101 Firefox/118.0" www.kmu-csr-planer.de
62.106.66.0 - - [26/Aug/2026:08:46:09 +0200] "GET / HTTP/1.1" 200 47284 "https://kmu-csr-planer.de" "Mozilla/5.0 (Windows NT 10.0; Win64; x64; rv:68.0) Gecko/20100101 Firefox/68.0" www.kmu-csr-planer.de
167.71.220.0 - - [26/Aug/2026:08:46:18 +0200] "GET /wp-login.php?redirect_to=https%3A%2F%2Fwww.kmu-csr-planer.de%2Fwp-admin%2Findex.php&reauth=1 HTTP/1.1" 200 9941 "https://www.kmu-csr-planer.de/wp-login.php" "Mozilla/5.0 (Macintosh; Intel Mac OS X 10_15_7; rv:118.0) Gecko/20100101 Firefox/118.0" www.kmu-csr-planer.de
167.71.220.0 - - [26/Aug/2026:08:46:27 +0200] "POST /wp-login.php HTTP/1.1" 200 8048 "https://www.kmu-csr-planer.de/wp-login.php" "Mozilla/5.0 (Macintosh; Intel Mac OS X 10_15_7) AppleWebKit/537.36 (KHTML, like Gecko) Chrome/119.0.0.0 Safari/537.36" www.kmu-csr-planer.de
167.71.220.0 - - [26/Aug/2026:08:46:35 +0200] "GET /wp-admin/index.php HTTP/1.1" 302 4818 "https://www.kmu-csr-planer.de/wp-login.php" "Mozilla/5.0 (X11; Linux x86_64) AppleWebKit/537.36 (KHTML, like Gecko) Chrome/120.0.0.0 Safari/537.36" www.kmu-csr-planer.de
167.71.220.0 - - [26/Aug/2026:08:46:44 +0200] "GET /wp-login.php?redirect_to=https%3A%2F%2Fwww.kmu-csr-planer.de%2Fwp-admin%2Findex.php&reauth=1 HTTP/1.1" 200 9941 "https://www.kmu-csr-planer.de/wp-login.php" "Mozilla/5.0 (X11; Linux x86_64) AppleWebKit/537.36 (KHTML, like Gecko) Chrome/120.0.0.0 Safari/537.36" www.kmu-csr-planer.de
167.71.220.0 - - [26/Aug/2026:08:46:52 +0200] "POST /wp-login.php HTTP/1.1" 200 8048 "https://www.kmu-csr-planer.de/wp-login.php" "Mozilla/5.0 (Macintosh; Intel Mac OS X 13_6_1) AppleWebKit/537.36 (KHTML, like Gecko) Chrome/120.0.0.0 Safari/537.36" www.kmu-csr-planer.de
167.71.220.0 - - [26/Aug/2026:08:47:02 +0200] "GET /wp-admin/index.php HTTP/1.1" 302 4818 "https://www.kmu-csr-planer.de/wp-login.php" "Mozilla/5.0 (Macintosh; Intel Mac OS X 13_6_1) AppleWebKit/605.1.15 (KHTML, like Gecko) Version/17.1 Safari/605.1.15" www.kmu-csr-planer.de
167.71.220.0 - - [26/Aug/2026:08:47:12 +0200] "GET /wp-login.php?redirect_to=https%3A%2F%2Fwww.kmu-csr-planer.de%2Fwp-admin%2Findex.php&reauth=1 HTTP/1.1" 200 9941 "https://www.kmu-csr-planer.de/wp-login.php" "Mozilla/5.0 (Macintosh; Intel Mac OS X 13_6_1) AppleWebKit/605.1.15 (KHTML, like Gecko) Version/17.1 Safari/605.1.15" www.kmu-csr-planer.de
185.93.231.0 - - [26/Aug/2026:08:48:32 +0200] "POST /wp-cron.php?doing_wp_cron=1787726912.2620921134948730468750 HTTP/1.1" 200 6615 "-" "eqYxtJS6M4ep" kmu-hofmann.de
66.248.203.0 - - [26/Aug/2026:08:48:31 +0200] "GET /?rnd=1787726910422 HTTP/1.1" 301 6988 "-" "Sucuri-UptimeMonitoring" www.kmu-hofmann.de
66.248.203.0 - - [26/Aug/2026:08:48:32 +0200] "GET /?rnd=1787726910422 HTTP/1.1" 200 42406 "https://www.kmu-hofmann.de/?rnd=1787726910422" "Sucuri-UptimeMonitoring" kmu-hofmann.de
74.7.244.0 - - [26/Aug/2026:08:51:06 +0200] "GET /robots.txt HTTP/1.1" 301 4718 "-" "Mozilla/5.0 (Macintosh; Intel Mac OS X 10_15_7) AppleWebKit/537.36 (KHTML, like Gecko) Chrome/131.0.0.0 Safari/537.36; compatible; OAI-SearchBot/1.4; robots.txt; +https://openai.com/searchbot" greenfranchise.de
74.7.244.0 - - [26/Aug/2026:08:51:06 +0200] "GET /robots.txt HTTP/1.1" 301 489 "-" "Mozilla/5.0 (Macintosh; Intel Mac OS X 10_15_7) AppleWebKit/537.36 (KHTML, like Gecko) Chrome/131.0.0.0 Safari/537.36; compatible; OAI-SearchBot/1.4; robots.txt; +https://openai.com/searchbot" greenfranchise.de
66.248.203.0 - - [26/Aug/2026:08:51:13 +0200] "GET /robots.txt HTTP/1.1" 304 6567 "-" "Mozilla/5.0 AppleWebKit/537.36 (KHTML, like Gecko; compatible; ClaudeBot/1.0; +claudebot@anthropic.com)" kmu-hofmann.de
185.93.231.0 - - [26/Aug/2026:08:51:24 +0200] "POST /wp-cron.php?doing_wp_cron=1787727084.7645890712738037109375 HTTP/1.1" 200 6615 "-" "oCDmMYIdmLI8" kmu-hofmann.de
66.248.203.0 - - [26/Aug/2026:08:51:24 +0200] "GET /?sucurianticache=1388901123 HTTP/1.1" 301 6997 "-" "Sucuri Uptime Monitor" www.kmu-hofmann.de
66.248.203.0 - - [26/Aug/2026:08:51:25 +0200] "GET /?sucurianticache=1388901123 HTTP/1.1" 200 195050 "-" "Sucuri Uptime Monitor" kmu-hofmann.de
208.109.3.0 - - [26/Aug/2026:08:51:29 +0200] "GET /?sucurianticache=1366881260 HTTP/1.1" 301 6997 "-" "Sucuri Uptime Monitor" www.kmu-hofmann.de
208.109.3.0 - - [26/Aug/2026:08:51:30 +0200] "GET /?sucurianticache=1366881260 HTTP/1.1" 200 195050 "-" "Sucuri Uptime Monitor" kmu-hofmann.de
208.109.2.0 - - [26/Aug/2026:08:52:19 +0200] "GET / HTTP/1.1" 301 6970 "http://www.kmu-hofmann.de" "Mozilla/5.0 (iPhone; CPU iPhone OS 13_2_3 like Mac OS X) AppleWebKit/605.1.15 (KHTML, like Gecko) Version/13.0.3 Mobile/15E148 Safari/604.1" www.kmu-hofmann.de
208.109.2.0 - - [26/Aug/2026:08:52:21 +0200] "GET / HTTP/1.1" 200 42978 "https://www.kmu-hofmann.de/" "Mozilla/5.0 (iPhone; CPU iPhone OS 13_2_3 like Mac OS X) AppleWebKit/605.1.15 (KHTML, like Gecko) Version/13.0.3 Mobile/15E148 Safari/604.1" kmu-hofmann.de
185.93.231.0 - - [26/Aug/2026:08:53:32 +0200] "POST /wp-cron.php?doing_wp_cron=1787727212.6811640262603759765625 HTTP/1.1" 200 6636 "-" "oeTBxBk84Lui" kmu-hofmann.de
66.248.203.0 - - [26/Aug/2026:08:53:31 +0200] "GET /?rnd=1787727210442 HTTP/1.1" 301 6988 "-" "Sucuri-UptimeMonitoring" www.kmu-hofmann.de
66.248.203.0 - - [26/Aug/2026:08:53:33 +0200] "GET /?rnd=1787727210442 HTTP/1.1" 200 42426 "https://www.kmu-hofmann.de/?rnd=1787727210442" "Sucuri-UptimeMonitoring" kmu-hofmann.de
185.93.231.0 - - [26/Aug/2026:08:53:56 +0200] "POST /wp-cron.php?doing_wp_cron=1787727235.9800450801849365234375 HTTP/1.1" 200 6636 "-" "4TBTgvfSnvJM" kmu-hofmann.de
66.248.203.0 - - [26/Aug/2026:08:53:55 +0200] "GET /2011/08/dozentin-katja-hofmann-gibt-ihk-seminar-sponsoring-fur-schulen-wie-funktionierts-wirklich-erfolgreich/ HTTP/1.1" 200 40464 "-" "Mozilla/5.0 (Macintosh; Intel Mac OS X 10_15_7) AppleWebKit/605.1.15 (KHTML, like Gecko) Chrome/139.0.0.0 Safari/605.1.15" kmu-hofmann.de
46.101.134.0 - - [26/Aug/2026:08:56:53 +0200] "GET / HTTP/1.1" 403 1178 "-" "Mozilla/5.0 (X11; Linux x86_64) AppleWebKit/537.36 (KHTML, like Gecko) Chrome/142.0.0.0 Safari/537.36" kmu-csr-planer.com
46.101.134.0 - - [26/Aug/2026:08:56:53 +0200] "GET /favicon.ico HTTP/1.1" 404 1230 "http://kmu-csr-planer.com/" "Mozilla/5.0 (X11; Linux x86_64) AppleWebKit/537.36 (KHTML, like Gecko) Chrome/142.0.0.0 Safari/537.36" kmu-csr-planer.com
46.101.134.0 - - [26/Aug/2026:08:56:53 +0200] "GET / HTTP/1.1" 403 6504 "-" "Mozilla/5.0 (X11; Linux x86_64; rv:142.0) Gecko/20100101 Firefox/142.0" kmu-csr-planer.com
46.101.134.0 - - [26/Aug/2026:08:56:53 +0200] "GET /favicon.ico HTTP/1.1" 404 6556 "https://kmu-csr-planer.com/" "Mozilla/5.0 (X11; Linux x86_64; rv:142.0) Gecko/20100101 Firefox/142.0" kmu-csr-planer.com
185.93.231.0 - - [26/Aug/2026:08:56:54 +0200] "POST /wp-cron.php?doing_wp_cron=1787727414.1849830150604248046875 HTTP/1.1" 200 6636 "-" "VysJE7OzIRTS" kmu-hofmann.de
66.248.203.0 - - [26/Aug/2026:08:56:52 +0200] "GET /?sucurianticache=115616505 HTTP/1.1" 301 6996 "-" "Sucuri Uptime Monitor" www.kmu-hofmann.de
66.248.203.0 - - [26/Aug/2026:08:56:54 +0200] "GET /?sucurianticache=115616505 HTTP/1.1" 200 195071 "-" "Sucuri Uptime Monitor" kmu-hofmann.de
208.109.3.0 - - [26/Aug/2026:08:56:57 +0200] "GET /?sucurianticache=731499214 HTTP/1.1" 301 6996 "-" "Sucuri Uptime Monitor" www.kmu-hofmann.de
208.109.3.0 - - [26/Aug/2026:08:56:59 +0200] "GET /?sucurianticache=731499214 HTTP/1.1" 200 195041 "-" "Sucuri Uptime Monitor" kmu-hofmann.de
185.93.231.0 - - [26/Aug/2026:08:57:20 +0200] "GET /2014/12/der-kampf-gegen-den-online-handel-osianders-buecherpartys/ HTTP/1.1" 200 195187 "https://kmu-hofmann.de/2014/12/der-kampf-gegen-den-online-handel-osianders-buecherpartys/" "Mozilla/5.0 (Windows NT 10.0; Win64; x64) AppleWebKit/537.36 (KHTML, like Gecko) Chrome/131.0.0.0 Safari/537.36 Avast/131.0.0.0" kmu-hofmann.de
185.93.231.0 - - [26/Aug/2026:08:58:32 +0200] "POST /wp-cron.php?doing_wp_cron=1787727512.2130389213562011718750 HTTP/1.1" 200 6636 "-" "dP3FP0g7XDHT" kmu-hofmann.de
66.248.203.0 - - [26/Aug/2026:08:58:31 +0200] "GET /?rnd=1787727510862 HTTP/1.1" 301 6988 "-" "Sucuri-UptimeMonitoring" www.kmu-hofmann.de
66.248.203.0 - - [26/Aug/2026:08:58:32 +0200] "GET /?rnd=1787727510862 HTTP/1.1" 200 42426 "https://www.kmu-hofmann.de/?rnd=1787727510862" "Sucuri-UptimeMonitoring" kmu-hofmann.de
153.92.206.0 - - [26/Aug/2026:08:59:25 +0200] "GET / HTTP/1.1" 301 490 "-" "Mozilla/5.0 (Linux) Chrome/112.0.0.0 (compatible; mOptimizer/1.0)" www.kmu-csr-planer.com
31.220.124.0 - - [26/Aug/2026:08:59:29 +0200] "POST /wp-cron.php?doing_wp_cron=1787727569.0913879871368408203125 HTTP/1.1" 200 4620 "-" "WordPress/6.9.4; https://www.kmu-csr-planer.de" www.kmu-csr-planer.de
153.92.206.0 - - [26/Aug/2026:08:59:25 +0200] "GET / HTTP/2.0" 200 225423 "http://www.kmu-csr-planer.com/" "Mozilla/5.0 (Linux) Chrome/112.0.0.0 (compatible; mOptimizer/1.0)" www.kmu-csr-planer.de
153.92.206.0 - - [26/Aug/2026:08:59:29 +0200] "GET / HTTP/1.1" 301 490 "-" "Mozilla/5.0 (Linux) Chrome/112.0.0.0 (compatible; mOptimizer/1.0)" www.kmu-csr-planer.com
153.92.206.0 - - [26/Aug/2026:08:59:29 +0200] "GET / HTTP/2.0" 200 225414 "http://www.kmu-csr-planer.com/" "Mozilla/5.0 (Linux) Chrome/112.0.0.0 (compatible; mOptimizer/1.0)" www.kmu-csr-planer.de
153.92.206.0 - - [26/Aug/2026:09:01:17 +0200] "GET / HTTP/1.1" 403 1141 "-" "Mozilla/5.0 (Linux) Chrome/112.0.0.0 (compatible; mOptimizer/1.0)" kmu-csr-planer.com
153.92.206.0 - - [26/Aug/2026:09:01:17 +0200] "GET / HTTP/1.1" 403 1141 "-" "Mozilla/5.0 (Linux) Chrome/112.0.0.0 (compatible; mOptimizer/1.0)" kmu-csr-planer.com
167.99.158.0 - - [26/Aug/2026:09:01:38 +0200] "GET /.git/config HTTP/1.1" 403 1178 "-" "Mozilla/5.0 (X11; Linux x86_64) AppleWebKit/537.36 (KHTML, like Gecko) Chrome/81.0.4044.129 Safari/537.36" csr-planer.de
167.99.158.0 - - [26/Aug/2026:09:01:46 +0200] "GET /.git/config HTTP/1.1" 403 5453 "-" "Mozilla/5.0 (X11; Linux x86_64) AppleWebKit/537.36 (KHTML, like Gecko) Chrome/81.0.4044.129 Safari/537.36" csr-planer.de
185.93.231.0 - - [26/Aug/2026:09:02:21 +0200] "POST /wp-cron.php?doing_wp_cron=1787727741.4072868824005126953125 HTTP/1.1" 200 6636 "-" "JKmD1lenVP79" kmu-hofmann.de
208.109.3.0 - - [26/Aug/2026:09:02:19 +0200] "GET /?sucurianticache=704593282 HTTP/1.1" 301 6996 "-" "Sucuri Uptime Monitor" www.kmu-hofmann.de
208.109.3.0 - - [26/Aug/2026:09:02:22 +0200] "GET /?sucurianticache=704593282 HTTP/1.1" 200 195071 "-" "Sucuri Uptime Monitor" kmu-hofmann.de
208.109.3.0 - - [26/Aug/2026:09:02:27 +0200] "GET /?sucurianticache=260047743 HTTP/1.1" 301 6996 "-" "Sucuri Uptime Monitor" www.kmu-hofmann.de
208.109.3.0 - - [26/Aug/2026:09:02:29 +0200] "GET /?sucurianticache=260047743 HTTP/1.1" 200 195071 "-" "Sucuri Uptime Monitor" kmu-hofmann.de
185.93.231.0 - - [26/Aug/2026:09:03:33 +0200] "POST /wp-cron.php?doing_wp_cron=1787727813.7193849086761474609375 HTTP/1.1" 200 6636 "-" "6OcDPtPyjClo" kmu-hofmann.de
66.248.203.0 - - [26/Aug/2026:09:03:32 +0200] "GET /?rnd=1787727811052 HTTP/1.1" 301 6988 "-" "Sucuri-UptimeMonitoring" www.kmu-hofmann.de
66.248.203.0 - - [26/Aug/2026:09:03:34 +0200] "GET /?rnd=1787727811052 HTTP/1.1" 200 42427 "https://www.kmu-hofmann.de/?rnd=1787727811052" "Sucuri-UptimeMonitoring" kmu-hofmann.de
49.51.178.0 - - [26/Aug/2026:09:04:23 +0200] "GET / HTTP/1.1" 301 277 "-" "Mozilla/5.0 (iPhone; CPU iPhone OS 13_2_3 like Mac OS X) AppleWebKit/605.1.15 (KHTML, like Gecko) Version/13.0.3 Mobile/15E148 Safari/604.1" www.kmu-csr-planer.de
49.51.178.0 - - [26/Aug/2026:09:04:25 +0200] "GET / HTTP/1.1" 200 47307 "http://www.kmu-csr-planer.de" "Mozilla/5.0 (iPhone; CPU iPhone OS 13_2_3 like Mac OS X) AppleWebKit/605.1.15 (KHTML, like Gecko) Version/13.0.3 Mobile/15E148 Safari/604.1" www.kmu-csr-planer.de
185.93.231.0 - - [26/Aug/2026:09:08:32 +0200] "POST /wp-cron.php?doing_wp_cron=1787728112.7030990123748779296875 HTTP/1.1" 200 6636 "-" "onWP307qutUs" kmu-hofmann.de
66.248.203.0 - - [26/Aug/2026:09:08:31 +0200] "GET /?rnd=1787728111064 HTTP/1.1" 301 6988 "-" "Sucuri-UptimeMonitoring" www.kmu-hofmann.de
66.248.203.0 - - [26/Aug/2026:09:08:33 +0200] "GET /?rnd=1787728111064 HTTP/1.1" 200 42426 "https://www.kmu-hofmann.de/?rnd=1787728111064" "Sucuri-UptimeMonitoring" kmu-hofmann.de
185.93.231.0 - - [26/Aug/2026:09:08:52 +0200] "POST /wp-cron.php?doing_wp_cron=1787728132.7318260669708251953125 HTTP/1.1" 200 6615 "-" "WbfXz38vJmjr" kmu-hofmann.de
66.248.203.0 - - [26/Aug/2026:09:08:50 +0200] "GET /?sucurianticache=1496173210 HTTP/1.1" 301 6997 "-" "Sucuri Uptime Monitor" www.kmu-hofmann.de
66.248.203.0 - - [26/Aug/2026:09:08:53 +0200] "GET /?sucurianticache=1496173210 HTTP/1.1" 200 195050 "-" "Sucuri Uptime Monitor" kmu-hofmann.de
66.248.203.0 - - [26/Aug/2026:09:08:58 +0200] "GET /?sucurianticache=561116167 HTTP/1.1" 301 6996 "-" "Sucuri Uptime Monitor" www.kmu-hofmann.de
66.248.203.0 - - [26/Aug/2026:09:09:00 +0200] "GET /?sucurianticache=561116167 HTTP/1.1" 200 195050 "-" "Sucuri Uptime Monitor" kmu-hofmann.de
31.220.124.0 - - [26/Aug/2026:09:11:05 +0200] "POST /wp-cron.php?doing_wp_cron=1787728265.9210259914398193359375 HTTP/1.1" 200 4599 "-" "WordPress/6.9.4; https://www.kmu-csr-planer.de" www.kmu-csr-planer.de
194.187.171.0 - - [26/Aug/2026:09:11:04 +0200] "GET /core-partner/raphael-staebler HTTP/2.0" 301 144 "-" "Mozilla/5.0 (compatible; Qwantbot/1.0_2000521; +https://help.qwant.com/bot/)" www.kmu-csr-planer.de
194.187.171.0 - - [26/Aug/2026:09:11:05 +0200] "GET /core-partner/raphael-staebler/ HTTP/2.0" 200 31275 "https://www.kmu-csr-planer.de/core-partner/raphael-staebler" "Mozilla/5.0 (compatible; Qwantbot/1.0_2000521; +https://help.qwant.com/bot/)" www.kmu-csr-planer.de
82.156.88.0 - - [26/Aug/2026:09:11:44 +0200] "GET / HTTP/1.1" 301 488 "-" "Mozilla/5.0 (iPhone; CPU iPhone OS 13_2_3 like Mac OS X) AppleWebKit/605.1.15 (KHTML, like Gecko) Version/13.0.3 Mobile/15E148 Safari/604.1" greenfranchise.de
82.156.88.0 - - [26/Aug/2026:09:11:49 +0200] "GET / HTTP/1.1" 301 277 "http://greenfranchise.de" "Mozilla/5.0 (iPhone; CPU iPhone OS 13_2_3 like Mac OS X) AppleWebKit/605.1.15 (KHTML, like Gecko) Version/13.0.3 Mobile/15E148 Safari/604.1" www.kmu-csr-planer.de
82.156.88.0 - - [26/Aug/2026:09:11:53 +0200] "GET / HTTP/1.1" 200 47286 "http://www.kmu-csr-planer.de" "Mozilla/5.0 (iPhone; CPU iPhone OS 13_2_3 like Mac OS X) AppleWebKit/605.1.15 (KHTML, like Gecko) Version/13.0.3 Mobile/15E148 Safari/604.1" www.kmu-csr-planer.de
185.93.231.0 - - [26/Aug/2026:09:12:42 +0200] "POST /wp-cron.php?doing_wp_cron=1787728362.4798529148101806640625 HTTP/1.1" 200 6636 "-" "S8uQSbLtuaaD" kmu-hofmann.de
185.93.231.0 - - [26/Aug/2026:09:12:40 +0200] "GET /2014/12/der-kampf-gegen-den-online-handel-osianders-buecherpartys/ HTTP/1.1" 200 195187 "https://kmu-hofmann.de/2014/12/der-kampf-gegen-den-online-handel-osianders-buecherpartys/" "Mozilla/5.0 (Windows NT 10.0; Win64; x64) AppleWebKit/537.36 (KHTML, like Gecko) Chrome/131.0.0.0 Safari/537.36" kmu-hofmann.de
66.248.203.0 - - [26/Aug/2026:09:13:31 +0200] "GET /?rnd=1787728410994 HTTP/1.1" 301 6988 "-" "Sucuri-UptimeMonitoring" www.kmu-hofmann.de
66.248.203.0 - - [26/Aug/2026:09:13:33 +0200] "GET /?rnd=1787728410994 HTTP/1.1" 200 42426 "https://www.kmu-hofmann.de/?rnd=1787728410994" "Sucuri-UptimeMonitoring" kmu-hofmann.de
185.93.231.0 - - [26/Aug/2026:09:14:21 +0200] "POST /wp-cron.php?doing_wp_cron=1787728461.6538040637969970703125 HTTP/1.1" 200 6636 "-" "EKTSk8cjHnOg" kmu-hofmann.de
66.248.201.0 - - [26/Aug/2026:09:14:20 +0200] "GET /?sucurianticache=1233727029 HTTP/1.1" 301 6997 "-" "Sucuri Uptime Monitor" www.kmu-hofmann.de
66.248.201.0 - - [26/Aug/2026:09:14:22 +0200] "GET /?sucurianticache=1233727029 HTTP/1.1" 200 195071 "-" "Sucuri Uptime Monitor" kmu-hofmann.de
66.248.203.0 - - [26/Aug/2026:09:14:25 +0200] "GET /?sucurianticache=698184058 HTTP/1.1" 301 6996 "-" "Sucuri Uptime Monitor" www.kmu-hofmann.de
66.248.203.0 - - [26/Aug/2026:09:14:27 +0200] "GET /?sucurianticache=698184058 HTTP/1.1" 200 195071 "-" "Sucuri Uptime Monitor" kmu-hofmann.de
185.93.231.0 - - [26/Aug/2026:09:18:32 +0200] "POST /wp-cron.php?doing_wp_cron=1787728712.5793299674987792968750 HTTP/1.1" 200 6636 "-" "tRlZc2bUJcXu" kmu-hofmann.de
66.248.203.0 - - [26/Aug/2026:09:18:31 +0200] "GET /?rnd=1787728711115 HTTP/1.1" 301 6988 "-" "Sucuri-UptimeMonitoring" www.kmu-hofmann.de
66.248.203.0 - - [26/Aug/2026:09:18:33 +0200] "GET /?rnd=1787728711115 HTTP/1.1" 200 42426 "https://www.kmu-hofmann.de/?rnd=1787728711115" "Sucuri-UptimeMonitoring" kmu-hofmann.de
24.144.123.0 - - [26/Aug/2026:09:19:48 +0200] "GET /wp-content/uploads/2021/03/Presseleiste-2-2048x447.jpg HTTP/1.1" 200 114397 "https://www.kmu-csr-planer.de/" "Mozilla/5.0 (Windows NT 10.0; Win64; x64) AppleWebKit/537.36 (KHTML, like Gecko) Chrome/111.0.0.0 Safari/537.36" www.kmu-csr-planer.de
153.92.206.0 - - [26/Aug/2026:09:19:52 +0200] "GET / HTTP/1.1" 403 1141 "-" "Mozilla/5.0 (Linux) Chrome/112.0.0.0 (compatible; mOptimizer/1.0)" csr-planer.com
153.92.206.0 - - [26/Aug/2026:09:19:52 +0200] "GET / HTTP/1.1" 403 1141 "-" "Mozilla/5.0 (Linux) Chrome/112.0.0.0 (compatible; mOptimizer/1.0)" csr-planer.com
185.93.231.0 - - [26/Aug/2026:09:20:34 +0200] "POST /wp-cron.php?doing_wp_cron=1787728834.5113248825073242187500 HTTP/1.1" 200 6636 "-" "B44jAkvAmg5g" kmu-hofmann.de
