167.71.220.0 - - [26/Aug/2026:08:13:06 +0200] "GET /wp-login.php?redirect_to=https%3A%2F%2Fwww.kmu-csr-planer.de%2Fwp-admin%2Findex.php&reauth=1 HTTP/1.1" 200 9962 "https://www.kmu-csr-planer.de/wp-login.php" "Mozilla/5.0 (X11; Linux x86_64) AppleWebKit/537.36 (KHTML, like Gecko) Chrome/118.0.0.0 Safari/537.36" www.kmu-csr-planer.de
192.88.135.0 - - [26/Aug/2026:08:13:13 +0200] "GET /wp-content/uploads/2014/01/Bildschirmfoto-2016-02-23-um-17.15.20.png HTTP/1.1" 200 27501 "https://kmu-hofmann.de/" "Mozilla/5.0 (Windows NT 10.0; Win64; x64) AppleWebKit/537.36 (KHTML, like Gecko) Chrome/116.0.0.0 Safari/537.36" kmu-hofmann.de
31.220.124.0 - - [26/Aug/2026:08:13:20 +0200] "POST /wp-cron.php?doing_wp_cron=1787724800.0379381179809570312500 HTTP/1.1" 200 4620 "-" "WordPress/6.9.4; https://www.kmu-csr-planer.de" www.kmu-csr-planer.de
167.71.220.0 - - [26/Aug/2026:08:13:18 +0200] "POST /wp-login.php HTTP/1.1" 200 8073 "https://www.kmu-csr-planer.de/wp-login.php" "Mozilla/5.0 (Windows NT 11.0; Win64; x64; rv:121.0) Gecko/20100101 Firefox/121.0" www.kmu-csr-planer.de
185.93.231.0 - - [26/Aug/2026:08:13:28 +0200] "POST /wp-cron.php?doing_wp_cron=1787724808.9164900779724121093750 HTTP/1.1" 200 6636 "-" "QViwHeVoXvnO" kmu-hofmann.de
66.248.203.0 - - [26/Aug/2026:08:13:28 +0200] "GET /?rnd=1787724807584 HTTP/1.1" 301 6988 "-" "Sucuri-UptimeMonitoring" www.kmu-hofmann.de
66.248.203.0 - - [26/Aug/2026:08:13:29 +0200] "GET /?rnd=1787724807584 HTTP/1.1" 200 42426 "https://www.kmu-hofmann.de/?rnd=1787724807584" "Sucuri-UptimeMonitoring" kmu-hofmann.de
167.71.220.0 - - [26/Aug/2026:08:13:30 +0200] "GET /wp-admin/index.php HTTP/1.1" 302 4818 "https://www.kmu-csr-planer.de/wp-login.php" "Mozilla/5.0 (Windows NT 11.0; Win64; x64; rv:120.0) Gecko/20100101 Firefox/120.0" www.kmu-csr-planer.de
167.71.220.0 - - [26/Aug/2026:08:13:41 +0200] "GET /wp-login.php?redirect_to=https%3A%2F%2Fwww.kmu-csr-planer.de%2Fwp-admin%2Findex.php&reauth=1 HTTP/1.1" 200 9962 "https://www.kmu-csr-planer.de/wp-login.php" "Mozilla/5.0 (Windows NT 11.0; Win64; x64; rv:120.0) Gecko/20100101 Firefox/120.0" www.kmu-csr-planer.de
167.71.220.0 - - [26/Aug/2026:08:13:51 +0200] "POST /wp-login.php HTTP/1.1" 200 8068 "https://www.kmu-csr-planer.de/wp-login.php" "Mozilla/5.0 (Windows NT 10.0; Win64; x64; rv:118.0) Gecko/20100101 Firefox/118.0" www.kmu-csr-planer.de
185.93.231.0 - - [26/Aug/2026:08:14:01 +0200] "POST /wp-cron.php?doing_wp_cron=1787724841.2890150547027587890625 HTTP/1.1" 200 6636 "-" "WjoLnh61cOqC" kmu-hofmann.de
66.248.201.0 - - [26/Aug/2026:08:14:00 +0200] "GET /?sucurianticache=311300146 HTTP/1.1" 301 6996 "-" "Sucuri Uptime Monitor" www.kmu-hofmann.de
167.71.220.0 - - [26/Aug/2026:08:14:01 +0200] "GET /wp-admin/index.php HTTP/1.1" 302 4818 "https://www.kmu-csr-planer.de/wp-login.php" "Mozilla/5.0 (Macintosh; Intel Mac OS X 10_15_7) AppleWebKit/605.1.15 (KHTML, like Gecko) Version/16.6 Safari/605.1.15" www.kmu-csr-planer.de
66.248.201.0 - - [26/Aug/2026:08:14:02 +0200] "GET /?sucurianticache=311300146 HTTP/1.1" 200 195071 "-" "Sucuri Uptime Monitor" kmu-hofmann.de
66.248.203.0 - - [26/Aug/2026:08:14:05 +0200] "GET /?sucurianticache=1750833380 HTTP/1.1" 301 6997 "-" "Sucuri Uptime Monitor" www.kmu-hofmann.de
66.248.203.0 - - [26/Aug/2026:08:14:06 +0200] "GET /?sucurianticache=1750833380 HTTP/1.1" 200 195071 "-" "Sucuri Uptime Monitor" kmu-hofmann.de
167.71.220.0 - - [26/Aug/2026:08:14:11 +0200] "GET /wp-login.php?redirect_to=https%3A%2F%2Fwww.kmu-csr-planer.de%2Fwp-admin%2Findex.php&reauth=1 HTTP/1.1" 200 9962 "https://www.kmu-csr-planer.de/wp-login.php" "Mozilla/5.0 (Macintosh; Intel Mac OS X 10_15_7) AppleWebKit/605.1.15 (KHTML, like Gecko) Version/16.6 Safari/605.1.15" www.kmu-csr-planer.de
167.71.220.0 - - [26/Aug/2026:08:14:20 +0200] "POST /wp-login.php HTTP/1.1" 200 8080 "https://www.kmu-csr-planer.de/wp-login.php" "Mozilla/5.0 (X11; Linux x86_64) AppleWebKit/537.36 (KHTML, like Gecko) Chrome/120.0.0.0 Safari/537.36" www.kmu-csr-planer.de
167.71.220.0 - - [26/Aug/2026:08:14:30 +0200] "GET /wp-admin/index.php HTTP/1.1" 302 4818 "https://www.kmu-csr-planer.de/wp-login.php" "Mozilla/5.0 (Macintosh; Intel Mac OS X 13_6_1) AppleWebKit/605.1.15 (KHTML, like Gecko) Version/17.1 Safari/605.1.15" www.kmu-csr-planer.de
167.71.220.0 - - [26/Aug/2026:08:14:39 +0200] "GET /wp-login.php?redirect_to=https%3A%2F%2Fwww.kmu-csr-planer.de%2Fwp-admin%2Findex.php&reauth=1 HTTP/1.1" 200 9962 "https://www.kmu-csr-planer.de/wp-login.php" "Mozilla/5.0 (Macintosh; Intel Mac OS X 13_6_1) AppleWebKit/605.1.15 (KHTML, like Gecko) Version/17.1 Safari/605.1.15" www.kmu-csr-planer.de
192.104.34.0 - - [26/Aug/2026:08:15:02 +0200] "GET / HTTP/1.1" 301 4792 "-" "Mozilla/5.0 (Windows NT 10.0; Win64; x64) AppleWebKit/537.36 (KHTML, like Gecko) Chrome/134.0.0.0 Safari/537.36" kmu-csr-planer.de
167.71.220.0 - - [26/Aug/2026:08:15:04 +0200] "POST /wp-login.php HTTP/1.1" 200 8073 "https://www.kmu-csr-planer.de/wp-login.php" "Mozilla/5.0 (Macintosh; Intel Mac OS X 10_15_7; rv:119.0) Gecko/20100101 Firefox/119.0" www.kmu-csr-planer.de
192.104.34.0 - - [26/Aug/2026:08:15:03 +0200] "GET / HTTP/1.1" 200 46276 "-" "Mozilla/5.0 (Windows NT 10.0; Win64; x64) AppleWebKit/537.36 (KHTML, like Gecko) Chrome/134.0.0.0 Safari/537.36" www.kmu-csr-planer.de
167.71.220.0 - - [26/Aug/2026:08:15:17 +0200] "GET /wp-admin/index.php HTTP/1.1" 302 4781 "https://www.kmu-csr-planer.de/wp-login.php" "Mozilla/5.0 (X11; Linux x86_64) AppleWebKit/537.36 (KHTML, like Gecko) Chrome/119.0.0.0 Safari/537.36" www.kmu-csr-planer.de
167.71.220.0 - - [26/Aug/2026:08:15:30 +0200] "GET /wp-login.php?redirect_to=https%3A%2F%2Fwww.kmu-csr-planer.de%2Fwp-admin%2Findex.php&reauth=1 HTTP/1.1" 200 9941 "https://www.kmu-csr-planer.de/wp-login.php" "Mozilla/5.0 (X11; Linux x86_64) AppleWebKit/537.36 (KHTML, like Gecko) Chrome/119.0.0.0 Safari/537.36" www.kmu-csr-planer.de
167.71.220.0 - - [26/Aug/2026:08:15:41 +0200] "POST /wp-login.php HTTP/1.1" 200 8057 "https://www.kmu-csr-planer.de/wp-login.php" "Mozilla/5.0 (Macintosh; Intel Mac OS X 10_15_7) AppleWebKit/537.36 (KHTML, like Gecko) Chrome/120.0.0.0 Safari/537.36" www.kmu-csr-planer.de
167.71.220.0 - - [26/Aug/2026:08:15:57 +0200] "GET /wp-admin/index.php HTTP/1.1" 302 4818 "https://www.kmu-csr-planer.de/wp-login.php" "Mozilla/5.0 (Windows NT 11.0; Win64; x64; rv:121.0) Gecko/20100101 Firefox/121.0" www.kmu-csr-planer.de
167.71.220.0 - - [26/Aug/2026:08:16:11 +0200] "GET /wp-admin/profile.php HTTP/1.1" 302 4820 "https://www.kmu-csr-planer.de/wp-login.php" "Mozilla/5.0 (Windows NT 11.0; Win64; x64; rv:121.0) Gecko/20100101 Firefox/121.0" www.kmu-csr-planer.de
167.71.220.0 - - [26/Aug/2026:08:16:24 +0200] "GET /wp-login.php?redirect_to=https%3A%2F%2Fwww.kmu-csr-planer.de%2Fwp-admin%2Fprofile.php&reauth=1 HTTP/1.1" 200 9942 "https://www.kmu-csr-planer.de/wp-login.php" "Mozilla/5.0 (Windows NT 11.0; Win64; x64; rv:121.0) Gecko/20100101 Firefox/121.0" www.kmu-csr-planer.de
167.71.220.0 - - [26/Aug/2026:08:16:36 +0200] "POST /wp-login.php HTTP/1.1" 200 8048 "https://www.kmu-csr-planer.de/wp-login.php" "Mozilla/5.0 (Windows NT 11.0; Win64; x64) AppleWebKit/537.36 (KHTML, like Gecko) Chrome/118.0.0.0 Safari/537.36" www.kmu-csr-planer.de
167.71.220.0 - - [26/Aug/2026:08:16:46 +0200] "GET /wp-admin/index.php HTTP/1.1" 302 4818 "https://www.kmu-csr-planer.de/wp-login.php" "Mozilla/5.0 (Macintosh; Intel Mac OS X 10_15_7; rv:121.0) Gecko/20100101 Firefox/121.0" www.kmu-csr-planer.de
167.71.220.0 - - [26/Aug/2026:08:16:56 +0200] "GET /wp-login.php?redirect_to=https%3A%2F%2Fwww.kmu-csr-planer.de%2Fwp-admin%2Findex.php&reauth=1 HTTP/1.1" 200 9941 "https://www.kmu-csr-planer.de/wp-login.php" "Mozilla/5.0 (Macintosh; Intel Mac OS X 10_15_7; rv:121.0) Gecko/20100101 Firefox/121.0" www.kmu-csr-planer.de
167.71.220.0 - - [26/Aug/2026:08:17:06 +0200] "POST /wp-login.php HTTP/1.1" 200 8052 "https://www.kmu-csr-planer.de/wp-login.php" "Mozilla/5.0 (Macintosh; Intel Mac OS X 10_15_7) AppleWebKit/605.1.15 (KHTML, like Gecko) Version/17.0 Safari/605.1.15" www.kmu-csr-planer.de
167.71.220.0 - - [26/Aug/2026:08:17:17 +0200] "GET /wp-admin/index.php HTTP/1.1" 302 4818 "https://www.kmu-csr-planer.de/wp-login.php" "Mozilla/5.0 (Macintosh; Intel Mac OS X 13_6_1) AppleWebKit/537.36 (KHTML, like Gecko) Chrome/121.0.0.0 Safari/537.36" www.kmu-csr-planer.de
167.71.220.0 - - [26/Aug/2026:08:17:26 +0200] "GET /wp-login.php?redirect_to=https%3A%2F%2Fwww.kmu-csr-planer.de%2Fwp-admin%2Findex.php&reauth=1 HTTP/1.1" 200 9941 "https://www.kmu-csr-planer.de/wp-login.php" "Mozilla/5.0 (Macintosh; Intel Mac OS X 13_6_1) AppleWebKit/537.36 (KHTML, like Gecko) Chrome/121.0.0.0 Safari/537.36" www.kmu-csr-planer.de
167.71.220.0 - - [26/Aug/2026:08:17:36 +0200] "POST /wp-login.php HTTP/1.1" 200 8047 "https://www.kmu-csr-planer.de/wp-login.php" "Mozilla/5.0 (X11; Linux x86_64) AppleWebKit/537.36 (KHTML, like Gecko) Chrome/120.0.0.0 Safari/537.36" www.kmu-csr-planer.de
167.71.220.0 - - [26/Aug/2026:08:17:45 +0200] "GET /wp-admin/index.php HTTP/1.1" 302 4818 "https://www.kmu-csr-planer.de/wp-login.php" "Mozilla/5.0 (Macintosh; Intel Mac OS X 10_15_7) AppleWebKit/537.36 (KHTML, like Gecko) Chrome/119.0.0.0 Safari/537.36" www.kmu-csr-planer.de
167.71.220.0 - - [26/Aug/2026:08:17:55 +0200] "GET /wp-login.php?redirect_to=https%3A%2F%2Fwww.kmu-csr-planer.de%2Fwp-admin%2Findex.php&reauth=1 HTTP/1.1" 200 9941 "https://www.kmu-csr-planer.de/wp-login.php" "Mozilla/5.0 (Macintosh; Intel Mac OS X 10_15_7) AppleWebKit/537.36 (KHTML, like Gecko) Chrome/119.0.0.0 Safari/537.36" www.kmu-csr-planer.de
167.71.220.0 - - [26/Aug/2026:08:18:05 +0200] "POST /wp-login.php HTTP/1.1" 200 8049 "https://www.kmu-csr-planer.de/wp-login.php" "Mozilla/5.0 (X11; Linux x86_64) AppleWebKit/537.36 (KHTML, like Gecko) Chrome/120.0.0.0 Safari/537.36" www.kmu-csr-planer.de
185.93.231.0 - - [26/Aug/2026:08:18:11 +0200] "POST /wp-cron.php?doing_wp_cron=1787725091.7884140014648437500000 HTTP/1.1" 200 6615 "-" "8bCTCvlMmBGM" kmu-hofmann.de
66.248.202.0 - - [26/Aug/2026:08:18:10 +0200] "GET /2012/06/die-aktuellen-presseartikel-und-news-der-kmu-finden-sie-auf-der-presseseite HTTP/1.1" 301 7046 "https://kmu-hofmann.de/2012/06/die-aktuellen-presseartikel-und-news-der-kmu-finden-sie-auf-der-presseseite" "Mozilla/5.0 (Windows NT 10.0; Win64; x64) AppleWebKit/537.36 (KHTML, like Gecko) Chrome/124.0.0.0 Safari/537.36" kmu-hofmann.de
66.248.202.0 - - [26/Aug/2026:08:18:16 +0200] "GET /2012/06/die-aktuellen-presseartikel-und-news-der-kmu-finden-sie-auf-der-presseseite/ HTTP/1.1" 200 39358 "https://kmu-hofmann.de/2012/06/die-aktuellen-presseartikel-und-news-der-kmu-finden-sie-auf-der-presseseite/" "Mozilla/5.0 (Windows NT 10.0; Win64; x64) AppleWebKit/537.36 (KHTML, like Gecko) Chrome/124.0.0.0 Safari/537.36" kmu-hofmann.de
167.71.220.0 - - [26/Aug/2026:08:18:16 +0200] "GET /wp-admin/index.php HTTP/1.1" 302 4818 "https://www.kmu-csr-planer.de/wp-login.php" "Mozilla/5.0 (Macintosh; Intel Mac OS X 13_6_1) AppleWebKit/605.1.15 (KHTML, like Gecko) Version/17.1 Safari/605.1.15" www.kmu-csr-planer.de
66.248.202.0 - - [26/Aug/2026:08:18:19 +0200] "GET /wp-includes/js/jquery/jquery-migrate.min.js?ver=3.4.1 HTTP/1.1" 200 20212 "https://kmu-hofmann.de/2012/06/die-aktuellen-presseartikel-und-news-der-kmu-finden-sie-auf-der-presseseite/" "Mozilla/5.0 (Windows NT 10.0; Win64; x64) AppleWebKit/537.36 (KHTML, like Gecko) Chrome/124.0.0.0 Safari/537.36" kmu-hofmann.de
66.248.202.0 - - [26/Aug/2026:08:18:19 +0200] "GET /wp-includes/js/jquery/jquery.min.js?ver=3.7.1 HTTP/1.1" 200 94387 "https://kmu-hofmann.de/2012/06/die-aktuellen-presseartikel-und-news-der-kmu-finden-sie-auf-der-presseseite/" "Mozilla/5.0 (Windows NT 10.0; Win64; x64) AppleWebKit/537.36 (KHTML, like Gecko) Chrome/124.0.0.0 Safari/537.36" kmu-hofmann.de
66.248.202.0 - - [26/Aug/2026:08:18:19 +0200] "GET /wp-includes/css/dashicons.min.css?ver=7.0.4 HTTP/1.1" 200 65764 "https://kmu-hofmann.de/2012/06/die-aktuellen-presseartikel-und-news-der-kmu-finden-sie-auf-der-presseseite/" "Mozilla/5.0 (Windows NT 10.0; Win64; x64) AppleWebKit/537.36 (KHTML, like Gecko) Chrome/124.0.0.0 Safari/537.36" kmu-hofmann.de
66.248.202.0 - - [26/Aug/2026:08:18:19 +0200] "GET /wp-content/plugins/cookie-notice/js/front.min.js?ver=3.1.8 HTTP/1.1" 200 15778 "https://kmu-hofmann.de/2012/06/die-aktuellen-presseartikel-und-news-der-kmu-finden-sie-auf-der-presseseite/" "Mozilla/5.0 (Windows NT 10.0; Win64; x64) AppleWebKit/537.36 (KHTML, like Gecko) Chrome/124.0.0.0 Safari/537.36" kmu-hofmann.de
66.248.202.0 - - [26/Aug/2026:08:18:19 +0200] "GET /wp-content/et-cache/global/et-divi-customizer-global.min.css?ver=1785845087 HTTP/1.1" 200 11392 "https://kmu-hofmann.de/2012/06/die-aktuellen-presseartikel-und-news-der-kmu-finden-sie-auf-der-presseseite/" "Mozilla/5.0 (Windows NT 10.0; Win64; x64) AppleWebKit/537.36 (KHTML, like Gecko) Chrome/124.0.0.0 Safari/537.36" kmu-hofmann.de
66.248.202.0 - - [26/Aug/2026:08:18:19 +0200] "GET /wp-includes/js/dist/i18n.min.js?ver=781d11515ad3d91786ec HTTP/1.1" 200 12344 "https://kmu-hofmann.de/2012/06/die-aktuellen-presseartikel-und-news-der-kmu-finden-sie-auf-der-presseseite/" "Mozilla/5.0 (Windows NT 10.0; Win64; x64) AppleWebKit/537.36 (KHTML, like Gecko) Chrome/124.0.0.0 Safari/537.36" kmu-hofmann.de
66.248.202.0 - - [26/Aug/2026:08:18:19 +0200] "GET /wp-content/plugins/contact-form-7/includes/css/styles.css?ver=6.1.7 HTTP/1.1" 200 9583 "https://kmu-hofmann.de/2012/06/die-aktuellen-presseartikel-und-news-der-kmu-finden-sie-auf-der-presseseite/" "Mozilla/5.0 (Windows NT 10.0; Win64; x64) AppleWebKit/537.36 (KHTML, like Gecko) Chrome/124.0.0.0 Safari/537.36" kmu-hofmann.de
66.248.202.0 - - [26/Aug/2026:08:18:19 +0200] "GET /wp-content/plugins/wp-gdpr-compliance/Assets/js/front.min.js?ver=1688557669 HTTP/1.1" 200 65892 "https://kmu-hofmann.de/2012/06/die-aktuellen-presseartikel-und-news-der-kmu-finden-sie-auf-der-presseseite/" "Mozilla/5.0 (Windows NT 10.0; Win64; x64) AppleWebKit/537.36 (KHTML, like Gecko) Chrome/124.0.0.0 Safari/537.36" kmu-hofmann.de
66.248.202.0 - - [26/Aug/2026:08:18:19 +0200] "GET /wp-content/plugins/optin-forms/css/optinforms.css?ver=1.3.7.2 HTTP/1.1" 200 22065 "https://kmu-hofmann.de/2012/06/die-aktuellen-presseartikel-und-news-der-kmu-finden-sie-auf-der-presseseite/" "Mozilla/5.0 (Windows NT 10.0; Win64; x64) AppleWebKit/537.36 (KHTML, like Gecko) Chrome/124.0.0.0 Safari/537.36" kmu-hofmann.de
66.248.202.0 - - [26/Aug/2026:08:18:19 +0200] "GET /wp-content/plugins/cookie-notice/css/front.min.css?ver=3.1.8 HTTP/1.1" 200 12435 "https://kmu-hofmann.de/2012/06/die-aktuellen-presseartikel-und-news-der-kmu-finden-sie-auf-der-presseseite/" "Mozilla/5.0 (Windows NT 10.0; Win64; x64) AppleWebKit/537.36 (KHTML, like Gecko) Chrome/124.0.0.0 Safari/537.36" kmu-hofmann.de
66.248.202.0 - - [26/Aug/2026:08:18:19 +0200] "GET /wp-content/plugins/wp-gdpr-compliance/Assets/css/front.css?ver=1688557669 HTTP/1.1" 200 32992 "https://kmu-hofmann.de/2012/06/die-aktuellen-presseartikel-und-news-der-kmu-finden-sie-auf-der-presseseite/" "Mozilla/5.0 (Windows NT 10.0; Win64; x64) AppleWebKit/537.36 (KHTML, like Gecko) Chrome/124.0.0.0 Safari/537.36" kmu-hofmann.de
66.248.202.0 - - [26/Aug/2026:08:18:19 +0200] "GET /wp-includes/js/dist/hooks.min.js?ver=7496969728ca0f95732d HTTP/1.1" 200 11662 "https://kmu-hofmann.de/2012/06/die-aktuellen-presseartikel-und-news-der-kmu-finden-sie-auf-der-presseseite/" "Mozilla/5.0 (Windows NT 10.0; Win64; x64) AppleWebKit/537.36 (KHTML, like Gecko) Chrome/124.0.0.0 Safari/537.36" kmu-hofmann.de
66.248.202.0 - - [26/Aug/2026:08:18:19 +0200] "GET /wp-includes/css/admin-bar.min.css?ver=7.0.4 HTTP/1.1" 200 27431 "https://kmu-hofmann.de/2012/06/die-aktuellen-presseartikel-und-news-der-kmu-finden-sie-auf-der-presseseite/" "Mozilla/5.0 (Windows NT 10.0; Win64; x64) AppleWebKit/537.36 (KHTML, like Gecko) Chrome/124.0.0.0 Safari/537.36" kmu-hofmann.de
66.248.202.0 - - [26/Aug/2026:08:18:20 +0200] "GET /wp-content/plugins/contact-form-7/includes/swv/js/index.js?ver=6.1.7 HTTP/1.1" 200 19147 "https://kmu-hofmann.de/2012/06/die-aktuellen-presseartikel-und-news-der-kmu-finden-sie-auf-der-presseseite/" "Mozilla/5.0 (Windows NT 10.0; Win64; x64) AppleWebKit/537.36 (KHTML, like Gecko) Chrome/124.0.0.0 Safari/537.36" kmu-hofmann.de
66.248.202.0 - - [26/Aug/2026:08:18:20 +0200] "GET /wp-includes/js/comment-reply.min.js?ver=7.0.4 HTTP/1.1" 200 9637 "https://kmu-hofmann.de/2012/06/die-aktuellen-presseartikel-und-news-der-kmu-finden-sie-auf-der-presseseite/" "Mozilla/5.0 (Windows NT 10.0; Win64; x64) AppleWebKit/537.36 (KHTML, like Gecko) Chrome/124.0.0.0 Safari/537.36" kmu-hofmann.de
66.248.202.0 - - [26/Aug/2026:08:18:20 +0200] "GET /wp-content/themes/Divi/core/admin/fonts/modules/base/modules.woff HTTP/1.1" 200 12758 "https://kmu-hofmann.de/2012/06/die-aktuellen-presseartikel-und-news-der-kmu-finden-sie-auf-der-presseseite/" "Mozilla/5.0 (Windows NT 10.0; Win64; x64) AppleWebKit/537.36 (KHTML, like Gecko) Chrome/124.0.0.0 Safari/537.36" kmu-hofmann.de
66.248.202.0 - - [26/Aug/2026:08:18:20 +0200] "GET /wp-content/themes/Divi/core/admin/js/common.js?ver=4.27.4 HTTP/1.1" 200 7954 "https://kmu-hofmann.de/2012/06/die-aktuellen-presseartikel-und-news-der-kmu-finden-sie-auf-der-presseseite/" "Mozilla/5.0 (Windows NT 10.0; Win64; x64) AppleWebKit/537.36 (KHTML, like Gecko) Chrome/124.0.0.0 Safari/537.36" kmu-hofmann.de
66.248.202.0 - - [26/Aug/2026:08:18:21 +0200] "GET /wp-content/plugins/optin-forms/js/placeholder.js?ver=1.3.7.2 HTTP/1.1" 200 8791 "https://kmu-hofmann.de/2012/06/die-aktuellen-presseartikel-und-news-der-kmu-finden-sie-auf-der-presseseite/" "Mozilla/5.0 (Windows NT 10.0; Win64; x64) AppleWebKit/537.36 (KHTML, like Gecko) Chrome/124.0.0.0 Safari/537.36" kmu-hofmann.de
66.248.202.0 - - [26/Aug/2026:08:18:21 +0200] "GET /wp-content/plugins/knews/includes/knews_subscribe.js?ver=1.8.7 HTTP/1.1" 200 7631 "https://kmu-hofmann.de/2012/06/die-aktuellen-presseartikel-und-news-der-kmu-finden-sie-auf-der-presseseite/" "Mozilla/5.0 (Windows NT 10.0; Win64; x64) AppleWebKit/537.36 (KHTML, like Gecko) Chrome/124.0.0.0 Safari/537.36" kmu-hofmann.de
66.248.202.0 - - [26/Aug/2026:08:18:21 +0200] "GET /wp-content/plugins/contact-form-7/includes/js/index.js?ver=6.1.7 HTTP/1.1" 200 20087 "https://kmu-hofmann.de/2012/06/die-aktuellen-presseartikel-und-news-der-kmu-finden-sie-auf-der-presseseite/" "Mozilla/5.0 (Windows NT 10.0; Win64; x64) AppleWebKit/537.36 (KHTML, like Gecko) Chrome/124.0.0.0 Safari/537.36" kmu-hofmann.de
66.248.202.0 - - [26/Aug/2026:08:18:21 +0200] "GET /wp-content/themes/Divi/includes/builder/feature/dynamic-assets/assets/js/jquery.fitvids.js?ver=4.27.4 HTTP/1.1" 200 9960 "https://kmu-hofmann.de/2012/06/die-aktuellen-presseartikel-und-news-der-kmu-finden-sie-auf-der-presseseite/" "Mozilla/5.0 (Windows NT 10.0; Win64; x64) AppleWebKit/537.36 (KHTML, like Gecko) Chrome/124.0.0.0 Safari/537.36" kmu-hofmann.de
66.248.202.0 - - [26/Aug/2026:08:18:21 +0200] "GET /wp-content/themes/Divi/js/scripts.min.js?ver=4.27.4 HTTP/1.1" 200 281698 "https://kmu-hofmann.de/2012/06/die-aktuellen-presseartikel-und-news-der-kmu-finden-sie-auf-der-presseseite/" "Mozilla/5.0 (Windows NT 10.0; Win64; x64) AppleWebKit/537.36 (KHTML, like Gecko) Chrome/124.0.0.0 Safari/537.36" kmu-hofmann.de
167.71.220.0 - - [26/Aug/2026:08:18:27 +0200] "GET /wp-login.php?redirect_to=https%3A%2F%2Fwww.kmu-csr-planer.de%2Fwp-admin%2Findex.php&reauth=1 HTTP/1.1" 200 9941 "https://www.kmu-csr-planer.de/wp-login.php" "Mozilla/5.0 (Macintosh; Intel Mac OS X 13_6_1) AppleWebKit/605.1.15 (KHTML, like Gecko) Version/17.1 Safari/605.1.15" www.kmu-csr-planer.de
66.248.203.0 - - [26/Aug/2026:08:18:29 +0200] "GET /?rnd=1787725108418 HTTP/1.1" 301 6988 "-" "Sucuri-UptimeMonitoring" www.kmu-hofmann.de
66.248.203.0 - - [26/Aug/2026:08:18:31 +0200] "GET /?rnd=1787725108418 HTTP/1.1" 200 42405 "https://www.kmu-hofmann.de/?rnd=1787725108418" "Sucuri-UptimeMonitoring" kmu-hofmann.de
167.71.220.0 - - [26/Aug/2026:08:18:38 +0200] "POST /wp-login.php HTTP/1.1" 200 8052 "https://www.kmu-csr-planer.de/wp-login.php" "Mozilla/5.0 (Macintosh; Intel Mac OS X 13_6_1) AppleWebKit/605.1.15 (KHTML, like Gecko) Version/16.6 Safari/605.1.15" www.kmu-csr-planer.de
167.71.220.0 - - [26/Aug/2026:08:18:47 +0200] "GET /wp-admin/index.php HTTP/1.1" 302 4818 "https://www.kmu-csr-planer.de/wp-login.php" "Mozilla/5.0 (Windows NT 11.0; Win64; x64) AppleWebKit/537.36 (KHTML, like Gecko) Chrome/119.0.0.0 Safari/537.36" www.kmu-csr-planer.de
167.71.220.0 - - [26/Aug/2026:08:18:57 +0200] "GET /wp-login.php?redirect_to=https%3A%2F%2Fwww.kmu-csr-planer.de%2Fwp-admin%2Findex.php&reauth=1 HTTP/1.1" 200 9962 "https://www.kmu-csr-planer.de/wp-login.php" "Mozilla/5.0 (Windows NT 11.0; Win64; x64) AppleWebKit/537.36 (KHTML, like Gecko) Chrome/119.0.0.0 Safari/537.36" www.kmu-csr-planer.de
167.71.220.0 - - [26/Aug/2026:08:19:07 +0200] "POST /wp-login.php HTTP/1.1" 200 8070 "https://www.kmu-csr-planer.de/wp-login.php" "Mozilla/5.0 (Windows NT 10.0; Win64; x64) AppleWebKit/537.36 (KHTML, like Gecko) Chrome/120.0.0.0 Safari/537.36" www.kmu-csr-planer.de
167.71.220.0 - - [26/Aug/2026:08:19:18 +0200] "GET /wp-admin/index.php HTTP/1.1" 302 4818 "https://www.kmu-csr-planer.de/wp-login.php" "Mozilla/5.0 (Macintosh; Intel Mac OS X 10_15_7) AppleWebKit/537.36 (KHTML, like Gecko) Chrome/118.0.0.0 Safari/537.36" www.kmu-csr-planer.de
167.71.220.0 - - [26/Aug/2026:08:19:31 +0200] "GET /wp-login.php?redirect_to=https%3A%2F%2Fwww.kmu-csr-planer.de%2Fwp-admin%2Findex.php&reauth=1 HTTP/1.1" 200 9962 "https://www.kmu-csr-planer.de/wp-login.php" "Mozilla/5.0 (Macintosh; Intel Mac OS X 10_15_7) AppleWebKit/537.36 (KHTML, like Gecko) Chrome/118.0.0.0 Safari/537.36" www.kmu-csr-planer.de
167.71.220.0 - - [26/Aug/2026:08:19:39 +0200] "POST /wp-login.php HTTP/1.1" 200 8070 "https://www.kmu-csr-planer.de/wp-login.php" "Mozilla/5.0 (Macintosh; Intel Mac OS X 13_6_1; rv:121.0) Gecko/20100101 Firefox/121.0" www.kmu-csr-planer.de
167.71.220.0 - - [26/Aug/2026:08:19:47 +0200] "GET /wp-admin/index.php HTTP/1.1" 302 4818 "https://www.kmu-csr-planer.de/wp-login.php" "Mozilla/5.0 (Macintosh; Intel Mac OS X 13_6_1) AppleWebKit/537.36 (KHTML, like Gecko) Chrome/120.0.0.0 Safari/537.36" www.kmu-csr-planer.de
185.93.231.0 - - [26/Aug/2026:08:19:58 +0200] "POST /wp-cron.php?doing_wp_cron=1787725198.2712988853454589843750 HTTP/1.1" 200 6636 "-" "eyAJmuZc2mlL" kmu-hofmann.de
66.248.203.0 - - [26/Aug/2026:08:19:56 +0200] "GET /?sucurianticache=1984851856 HTTP/1.1" 301 6997 "-" "Sucuri Uptime Monitor" www.kmu-hofmann.de
167.71.220.0 - - [26/Aug/2026:08:19:57 +0200] "GET /wp-login.php?redirect_to=https%3A%2F%2Fwww.kmu-csr-planer.de%2Fwp-admin%2Findex.php&reauth=1 HTTP/1.1" 200 9962 "https://www.kmu-csr-planer.de/wp-login.php" "Mozilla/5.0 (Macintosh; Intel Mac OS X 13_6_1) AppleWebKit/537.36 (KHTML, like Gecko) Chrome/120.0.0.0 Safari/537.36" www.kmu-csr-planer.de
66.248.203.0 - - [26/Aug/2026:08:19:58 +0200] "GET /?sucurianticache=1984851856 HTTP/1.1" 200 195071 "-" "Sucuri Uptime Monitor" kmu-hofmann.de
66.248.203.0 - - [26/Aug/2026:08:20:03 +0200] "GET /?sucurianticache=1475828053 HTTP/1.1" 301 6997 "-" "Sucuri Uptime Monitor" www.kmu-hofmann.de
66.248.203.0 - - [26/Aug/2026:08:20:07 +0200] "GET /?sucurianticache=1475828053 HTTP/1.1" 200 195071 "-" "Sucuri Uptime Monitor" kmu-hofmann.de
167.71.220.0 - - [26/Aug/2026:08:20:09 +0200] "POST /wp-login.php HTTP/1.1" 200 8077 "https://www.kmu-csr-planer.de/wp-login.php" "Mozilla/5.0 (Windows NT 10.0; Win64; x64; rv:120.0) Gecko/20100101 Firefox/120.0" www.kmu-csr-planer.de
43.159.62.0 - - [26/Aug/2026:08:20:26 +0200] "GET / HTTP/1.1" 301 490 "-" "Mozilla/5.0 (iPhone; CPU iPhone OS 13_2_3 like Mac OS X) AppleWebKit/605.1.15 (KHTML, like Gecko) Version/13.0.3 Mobile/15E148 Safari/604.1" kmu-csr-planer.de
43.159.62.0 - - [26/Aug/2026:08:20:28 +0200] "GET / HTTP/1.1" 200 47307 "http://kmu-csr-planer.de" "Mozilla/5.0 (iPhone; CPU iPhone OS 13_2_3 like Mac OS X) AppleWebKit/605.1.15 (KHTML, like Gecko) Version/13.0.3 Mobile/15E148 Safari/604.1" www.kmu-csr-planer.de
167.71.220.0 - - [26/Aug/2026:08:20:35 +0200] "GET /wp-admin/index.php HTTP/1.1" 302 4818 "https://www.kmu-csr-planer.de/wp-login.php" "Mozilla/5.0 (Macintosh; Intel Mac OS X 10_15_7; rv:121.0) Gecko/20100101 Firefox/121.0" www.kmu-csr-planer.de
167.71.220.0 - - [26/Aug/2026:08:20:47 +0200] "GET /wp-login.php?redirect_to=https%3A%2F%2Fwww.kmu-csr-planer.de%2Fwp-admin%2Findex.php&reauth=1 HTTP/1.1" 200 9962 "https://www.kmu-csr-planer.de/wp-login.php" "Mozilla/5.0 (Macintosh; Intel Mac OS X 10_15_7; rv:121.0) Gecko/20100101 Firefox/121.0" www.kmu-csr-planer.de
167.71.220.0 - - [26/Aug/2026:08:20:58 +0200] "POST /wp-login.php HTTP/1.1" 200 8072 "https://www.kmu-csr-planer.de/wp-login.php" "Mozilla/5.0 (Macintosh; Intel Mac OS X 10_15_7) AppleWebKit/605.1.15 (KHTML, like Gecko) Version/17.1 Safari/605.1.15" www.kmu-csr-planer.de
167.71.220.0 - - [26/Aug/2026:08:21:11 +0200] "GET /wp-admin/index.php HTTP/1.1" 302 4818 "https://www.kmu-csr-planer.de/wp-login.php" "Mozilla/5.0 (Windows NT 11.0; Win64; x64; rv:121.0) Gecko/20100101 Firefox/121.0" www.kmu-csr-planer.de
167.71.220.0 - - [26/Aug/2026:08:21:25 +0200] "GET /wp-login.php?redirect_to=https%3A%2F%2Fwww.kmu-csr-planer.de%2Fwp-admin%2Findex.php&reauth=1 HTTP/1.1" 200 9962 "https://www.kmu-csr-planer.de/wp-login.php" "Mozilla/5.0 (Windows NT 11.0; Win64; x64; rv:121.0) Gecko/20100101 Firefox/121.0" www.kmu-csr-planer.de
167.71.220.0 - - [26/Aug/2026:08:21:35 +0200] "POST /wp-login.php HTTP/1.1" 200 8068 "https://www.kmu-csr-planer.de/wp-login.php" "Mozilla/5.0 (Windows NT 11.0; Win64; x64; rv:120.0) Gecko/20100101 Firefox/120.0" www.kmu-csr-planer.de
167.71.220.0 - - [26/Aug/2026:08:21:44 +0200] "GET /wp-admin/index.php HTTP/1.1" 302 4818 "https://www.kmu-csr-planer.de/wp-login.php" "Mozilla/5.0 (Macintosh; Intel Mac OS X 13_6_1) AppleWebKit/537.36 (KHTML, like Gecko) Chrome/118.0.0.0 Safari/537.36" www.kmu-csr-planer.de
167.71.220.0 - - [26/Aug/2026:08:21:54 +0200] "GET /wp-login.php?redirect_to=https%3A%2F%2Fwww.kmu-csr-planer.de%2Fwp-admin%2Findex.php&reauth=1 HTTP/1.1" 200 9962 "https://www.kmu-csr-planer.de/wp-login.php" "Mozilla/5.0 (Macintosh; Intel Mac OS X 13_6_1) AppleWebKit/537.36 (KHTML, like Gecko) Chrome/118.0.0.0 Safari/537.36" www.kmu-csr-planer.de
167.71.220.0 - - [26/Aug/2026:08:22:03 +0200] "POST /wp-login.php HTTP/1.1" 200 8070 "https://www.kmu-csr-planer.de/wp-login.php" "Mozilla/5.0 (Windows NT 10.0; Win64; x64) AppleWebKit/537.36 (KHTML, like Gecko) Chrome/121.0.0.0 Safari/537.36" www.kmu-csr-planer.de
167.71.220.0 - - [26/Aug/2026:08:22:13 +0200] "GET /wp-admin/index.php HTTP/1.1" 302 4818 "https://www.kmu-csr-planer.de/wp-login.php" "Mozilla/5.0 (Windows NT 11.0; Win64; x64) AppleWebKit/537.36 (KHTML, like Gecko) Chrome/118.0.0.0 Safari/537.36" www.kmu-csr-planer.de
167.71.220.0 - - [26/Aug/2026:08:22:22 +0200] "GET /wp-login.php?redirect_to=https%3A%2F%2Fwww.kmu-csr-planer.de%2Fwp-admin%2Findex.php&reauth=1 HTTP/1.1" 200 9962 "https://www.kmu-csr-planer.de/wp-login.php" "Mozilla/5.0 (Windows NT 11.0; Win64; x64) AppleWebKit/537.36 (KHTML, like Gecko) Chrome/118.0.0.0 Safari/537.36" www.kmu-csr-planer.de
167.71.220.0 - - [26/Aug/2026:08:22:27 +0200] "POST /wp-json/batch/v1 HTTP/1.1" 207 4826 "-" "wp2shell" www.kmu-csr-planer.de
167.71.220.0 - - [26/Aug/2026:08:22:34 +0200] "POST /?rest_route=/batch/v1 HTTP/1.1" 207 4826 "-" "wp2shell" www.kmu-csr-planer.de
167.71.220.0 - - [26/Aug/2026:08:22:39 +0200] "POST /?rest_route=/batch/v1 HTTP/1.1" 207 5494 "-" "wp2shell" www.kmu-csr-planer.de
167.71.220.0 - - [26/Aug/2026:08:22:43 +0200] "POST /?rest_route=/batch/v1 HTTP/1.1" 207 14668 "-" "wp2shell" www.kmu-csr-planer.de
167.71.220.0 - - [26/Aug/2026:08:22:46 +0200] "POST /?rest_route=/batch/v1 HTTP/1.1" 207 5569 "-" "wp2shell" www.kmu-csr-planer.de
66.248.202.0 - - [26/Aug/2026:08:22:55 +0200] "GET /robots.txt HTTP/1.1" 304 6567 "http://kmu-hofmann.de/robots.txt" "Mozilla/5.0 (Windows NT 10.0; Win64; x64) AppleWebKit/537.36 (KHTML, like Gecko) Chrome/155.0.5661.65 Safari/537.36" kmu-hofmann.de
167.71.220.0 - - [26/Aug/2026:08:22:50 +0200] "POST /?rest_route=/batch/v1 HTTP/1.1" 207 967234 "-" "wp2shell" www.kmu-csr-planer.de
167.71.220.0 - - [26/Aug/2026:08:23:14 +0200] "POST /wp-login.php HTTP/1.1" 200 8072 "https://www.kmu-csr-planer.de/wp-login.php" "Mozilla/5.0 (Macintosh; Intel Mac OS X 10_15_7) AppleWebKit/605.1.15 (KHTML, like Gecko) Version/17.1 Safari/605.1.15" www.kmu-csr-planer.de
167.71.220.0 - - [26/Aug/2026:08:23:27 +0200] "GET /wp-admin/index.php HTTP/1.1" 302 4818 "https://www.kmu-csr-planer.de/wp-login.php" "Mozilla/5.0 (Windows NT 10.0; Win64; x64) AppleWebKit/537.36 (KHTML, like Gecko) Chrome/118.0.0.0 Safari/537.36" www.kmu-csr-planer.de
185.93.231.0 - - [26/Aug/2026:08:23:31 +0200] "POST /wp-cron.php?doing_wp_cron=1787725411.6496639251708984375000 HTTP/1.1" 200 6636 "-" "gyJuaiIqLEwu" kmu-hofmann.de
66.248.203.0 - - [26/Aug/2026:08:23:30 +0200] "GET /?rnd=1787725409120 HTTP/1.1" 301 6988 "-" "Sucuri-UptimeMonitoring" www.kmu-hofmann.de
66.248.203.0 - - [26/Aug/2026:08:23:32 +0200] "GET /?rnd=1787725409120 HTTP/1.1" 200 42426 "https://www.kmu-hofmann.de/?rnd=1787725409120" "Sucuri-UptimeMonitoring" kmu-hofmann.de
167.71.220.0 - - [26/Aug/2026:08:23:39 +0200] "GET /wp-login.php?redirect_to=https%3A%2F%2Fwww.kmu-csr-planer.de%2Fwp-admin%2Findex.php&reauth=1 HTTP/1.1" 200 9962 "https://www.kmu-csr-planer.de/wp-login.php" "Mozilla/5.0 (Windows NT 10.0; Win64; x64) AppleWebKit/537.36 (KHTML, like Gecko) Chrome/118.0.0.0 Safari/537.36" www.kmu-csr-planer.de
167.71.220.0 - - [26/Aug/2026:08:23:51 +0200] "POST /wp-login.php HTTP/1.1" 200 8073 "https://www.kmu-csr-planer.de/wp-login.php" "Mozilla/5.0 (Macintosh; Intel Mac OS X 13_6_1) AppleWebKit/605.1.15 (KHTML, like Gecko) Version/17.2 Safari/605.1.15" www.kmu-csr-planer.de
167.71.220.0 - - [26/Aug/2026:08:24:04 +0200] "GET /wp-admin/index.php HTTP/1.1" 302 4818 "https://www.kmu-csr-planer.de/wp-login.php" "Mozilla/5.0 (X11; Ubuntu; Linux x86_64) AppleWebKit/537.36 (KHTML, like Gecko) Chrome/121.0.0.0 Safari/537.36" www.kmu-csr-planer.de
167.71.220.0 - - [26/Aug/2026:08:24:14 +0200] "GET /wp-login.php?redirect_to=https%3A%2F%2Fwww.kmu-csr-planer.de%2Fwp-admin%2Findex.php&reauth=1 HTTP/1.1" 200 9962 "https://www.kmu-csr-planer.de/wp-login.php" "Mozilla/5.0 (X11; Ubuntu; Linux x86_64) AppleWebKit/537.36 (KHTML, like Gecko) Chrome/121.0.0.0 Safari/537.36" www.kmu-csr-planer.de
167.71.220.0 - - [26/Aug/2026:08:24:24 +0200] "POST /wp-login.php HTTP/1.1" 200 8072 "https://www.kmu-csr-planer.de/wp-login.php" "Mozilla/5.0 (Macintosh; Intel Mac OS X 10_15_7) AppleWebKit/537.36 (KHTML, like Gecko) Chrome/120.0.0.0 Safari/537.36" www.kmu-csr-planer.de
167.71.220.0 - - [26/Aug/2026:08:24:34 +0200] "GET /wp-admin/index.php HTTP/1.1" 302 4818 "https://www.kmu-csr-planer.de/wp-login.php" "Mozilla/5.0 (Windows NT 10.0; Win64; x64) AppleWebKit/537.36 (KHTML, like Gecko) Chrome/121.0.0.0 Safari/537.36" www.kmu-csr-planer.de
167.71.220.0 - - [26/Aug/2026:08:24:46 +0200] "GET /wp-login.php?redirect_to=https%3A%2F%2Fwww.kmu-csr-planer.de%2Fwp-admin%2Findex.php&reauth=1 HTTP/1.1" 200 9962 "https://www.kmu-csr-planer.de/wp-login.php" "Mozilla/5.0 (Windows NT 10.0; Win64; x64) AppleWebKit/537.36 (KHTML, like Gecko) Chrome/121.0.0.0 Safari/537.36" www.kmu-csr-planer.de
167.71.220.0 - - [26/Aug/2026:08:24:59 +0200] "POST /wp-login.php HTTP/1.1" 200 8074 "https://www.kmu-csr-planer.de/wp-login.php" "Mozilla/5.0 (X11; Ubuntu; Linux x86_64) AppleWebKit/537.36 (KHTML, like Gecko) Chrome/118.0.0.0 Safari/537.36" www.kmu-csr-planer.de
167.71.220.0 - - [26/Aug/2026:08:25:17 +0200] "GET /wp-admin/index.php HTTP/1.1" 302 4818 "https://www.kmu-csr-planer.de/wp-login.php" "Mozilla/5.0 (Macintosh; Intel Mac OS X 10_15_7) AppleWebKit/605.1.15 (KHTML, like Gecko) Version/16.6 Safari/605.1.15" www.kmu-csr-planer.de
216.73.216.0 - - [26/Aug/2026:08:25:19 +0200] "GET /sitemap.xml HTTP/2.0" 301 103 "-" "Mozilla/5.0 AppleWebKit/537.36 (KHTML, like Gecko; compatible; ClaudeBot/1.0; +claudebot@anthropic.com)" www.kmu-csr-planer.de
66.248.203.0 - - [26/Aug/2026:08:25:21 +0200] "GET /robots.txt HTTP/1.1" 304 6575 "-" "Mozilla/5.0 (compatible; DataForSeoBot/1.0; +https://dataforseo.com/dataforseo-bot)" www.kmu-hofmann.de
167.71.220.0 - - [26/Aug/2026:08:25:30 +0200] "GET /wp-login.php?redirect_to=https%3A%2F%2Fwww.kmu-csr-planer.de%2Fwp-admin%2Findex.php&reauth=1 HTTP/1.1" 200 9962 "https://www.kmu-csr-planer.de/wp-login.php" "Mozilla/5.0 (Macintosh; Intel Mac OS X 10_15_7) AppleWebKit/605.1.15 (KHTML, like Gecko) Version/16.6 Safari/605.1.15" www.kmu-csr-planer.de
167.71.220.0 - - [26/Aug/2026:08:25:42 +0200] "POST /wp-login.php HTTP/1.1" 200 8075 "https://www.kmu-csr-planer.de/wp-login.php" "Mozilla/5.0 (X11; Ubuntu; Linux x86_64) AppleWebKit/537.36 (KHTML, like Gecko) Chrome/119.0.0.0 Safari/537.36" www.kmu-csr-planer.de
185.93.231.0 - - [26/Aug/2026:08:25:45 +0200] "POST /wp-cron.php?doing_wp_cron=1787725545.5555119514465332031250 HTTP/1.1" 200 6636 "-" "QBGPaWFipLR2" kmu-hofmann.de
66.248.203.0 - - [26/Aug/2026:08:25:44 +0200] "GET /?sucurianticache=229859835 HTTP/1.1" 301 6996 "-" "Sucuri Uptime Monitor" www.kmu-hofmann.de
66.248.203.0 - - [26/Aug/2026:08:25:46 +0200] "GET /?sucurianticache=229859835 HTTP/1.1" 200 195071 "-" "Sucuri Uptime Monitor" kmu-hofmann.de
66.248.203.0 - - [26/Aug/2026:08:25:49 +0200] "GET /?sucurianticache=1673607380 HTTP/1.1" 301 6997 "-" "Sucuri Uptime Monitor" www.kmu-hofmann.de
66.248.202.0 - - [26/Aug/2026:08:25:51 +0200] "GET /wp-content/uploads/2014/01/DSC6537-1024x681.jpg HTTP/1.1" 200 176646 "-" "Mozilla/5.0 (Macintosh; Intel Mac OS X 10_15_7) AppleWebKit/537.36 (KHTML, like Gecko) Chrome/150.0.0.0 Safari/537.36" www.kmu-hofmann.de
66.248.203.0 - - [26/Aug/2026:08:25:50 +0200] "GET /?sucurianticache=1673607380 HTTP/1.1" 200 195071 "-" "Sucuri Uptime Monitor" kmu-hofmann.de
167.71.220.0 - - [26/Aug/2026:08:25:54 +0200] "GET /wp-admin/index.php HTTP/1.1" 302 4818 "https://www.kmu-csr-planer.de/wp-login.php" "Mozilla/5.0 (Macintosh; Intel Mac OS X 13_6_1) AppleWebKit/537.36 (KHTML, like Gecko) Chrome/119.0.0.0 Safari/537.36" www.kmu-csr-planer.de
167.71.220.0 - - [26/Aug/2026:08:26:08 +0200] "GET /wp-login.php?redirect_to=https%3A%2F%2Fwww.kmu-csr-planer.de%2Fwp-admin%2Findex.php&reauth=1 HTTP/1.1" 200 9962 "https://www.kmu-csr-planer.de/wp-login.php" "Mozilla/5.0 (Macintosh; Intel Mac OS X 13_6_1) AppleWebKit/537.36 (KHTML, like Gecko) Chrome/119.0.0.0 Safari/537.36" www.kmu-csr-planer.de
167.71.220.0 - - [26/Aug/2026:08:26:18 +0200] "POST /wp-login.php HTTP/1.1" 200 8072 "https://www.kmu-csr-planer.de/wp-login.php" "Mozilla/5.0 (Macintosh; Intel Mac OS X 10_15_7) AppleWebKit/605.1.15 (KHTML, like Gecko) Version/16.6 Safari/605.1.15" www.kmu-csr-planer.de
167.71.220.0 - - [26/Aug/2026:08:26:27 +0200] "GET /wp-admin/index.php HTTP/1.1" 302 4818 "https://www.kmu-csr-planer.de/wp-login.php" "Mozilla/5.0 (Windows NT 11.0; Win64; x64) AppleWebKit/537.36 (KHTML, like Gecko) Chrome/119.0.0.0 Safari/537.36" www.kmu-csr-planer.de
167.71.220.0 - - [26/Aug/2026:08:26:37 +0200] "GET /wp-login.php?redirect_to=https%3A%2F%2Fwww.kmu-csr-planer.de%2Fwp-admin%2Findex.php&reauth=1 HTTP/1.1" 200 9962 "https://www.kmu-csr-planer.de/wp-login.php" "Mozilla/5.0 (Windows NT 11.0; Win64; x64) AppleWebKit/537.36 (KHTML, like Gecko) Chrome/119.0.0.0 Safari/537.36" www.kmu-csr-planer.de
167.71.220.0 - - [26/Aug/2026:08:26:46 +0200] "POST /wp-login.php HTTP/1.1" 200 8073 "https://www.kmu-csr-planer.de/wp-login.php" "Mozilla/5.0 (Macintosh; Intel Mac OS X 10_15_7) AppleWebKit/537.36 (KHTML, like Gecko) Chrome/120.0.0.0 Safari/537.36" www.kmu-csr-planer.de
167.71.220.0 - - [26/Aug/2026:08:26:57 +0200] "GET /wp-admin/index.php HTTP/1.1" 302 4818 "https://www.kmu-csr-planer.de/wp-login.php" "Mozilla/5.0 (Macintosh; Intel Mac OS X 10_15_7) AppleWebKit/605.1.15 (KHTML, like Gecko) Version/17.0 Safari/605.1.15" www.kmu-csr-planer.de
167.71.220.0 - - [26/Aug/2026:08:27:10 +0200] "GET /wp-login.php?redirect_to=https%3A%2F%2Fwww.kmu-csr-planer.de%2Fwp-admin%2Findex.php&reauth=1 HTTP/1.1" 200 9962 "https://www.kmu-csr-planer.de/wp-login.php" "Mozilla/5.0 (Macintosh; Intel Mac OS X 10_15_7) AppleWebKit/605.1.15 (KHTML, like Gecko) Version/17.0 Safari/605.1.15" www.kmu-csr-planer.de
167.71.220.0 - - [26/Aug/2026:08:27:23 +0200] "GET /wp-admin/profile.php HTTP/1.1" 302 4820 "https://www.kmu-csr-planer.de/wp-login.php" "Mozilla/5.0 (Macintosh; Intel Mac OS X 10_15_7) AppleWebKit/605.1.15 (KHTML, like Gecko) Version/17.0 Safari/605.1.15" www.kmu-csr-planer.de
167.71.220.0 - - [26/Aug/2026:08:27:35 +0200] "GET /wp-login.php?redirect_to=https%3A%2F%2Fwww.kmu-csr-planer.de%2Fwp-admin%2Fprofile.php&reauth=1 HTTP/1.1" 200 9963 "https://www.kmu-csr-planer.de/wp-login.php" "Mozilla/5.0 (Macintosh; Intel Mac OS X 10_15_7) AppleWebKit/605.1.15 (KHTML, like Gecko) Version/17.0 Safari/605.1.15" www.kmu-csr-planer.de
167.71.220.0 - - [26/Aug/2026:08:27:50 +0200] "POST /wp-login.php HTTP/1.1" 200 8077 "https://www.kmu-csr-planer.de/wp-login.php" "Mozilla/5.0 (Macintosh; Intel Mac OS X 13_6_1; rv:118.0) Gecko/20100101 Firefox/118.0" www.kmu-csr-planer.de
201.218.242.0 - - [26/Aug/2026:08:28:01 +0200] "GET / HTTP/1.1" 301 5820 "https://techbumppy.com/all/1242/3.html" "Mozilla/5.0 (Macintosh; Intel Mac OS X 10_15_7) AppleWebKit/605.1.15 (KHTML, like Gecko) Version/17.0 Safari/605.1.15" greenfranchise.de
167.71.220.0 - - [26/Aug/2026:08:28:01 +0200] "GET /wp-admin/index.php HTTP/1.1" 302 4818 "https://www.kmu-csr-planer.de/wp-login.php" "Mozilla/5.0 (X11; Linux x86_64) AppleWebKit/537.36 (KHTML, like Gecko) Chrome/121.0.0.0 Safari/537.36" www.kmu-csr-planer.de
189.12.32.0 - - [26/Aug/2026:08:28:04 +0200] "GET http://greenfranchise.de/ HTTP/1.1" 301 525 "https://techbumppy.com/all/1242/3.html" "Mozilla/5.0 (Macintosh; Intel Mac OS X 10_15_7) AppleWebKit/605.1.15 (KHTML, like Gecko) Version/17.0 Safari/605.1.15" greenfranchise.de
189.12.32.0 - - [26/Aug/2026:08:28:05 +0200] "GET http://www.kmu-csr-planer.de/ HTTP/1.1" 301 372 "https://techbumppy.com/all/1242/3.html" "Mozilla/5.0 (Macintosh; Intel Mac OS X 10_15_7) AppleWebKit/605.1.15 (KHTML, like Gecko) Version/17.0 Safari/605.1.15" www.kmu-csr-planer.de
39.40.28.0 - - [26/Aug/2026:08:28:08 +0200] "GET / HTTP/1.1" 200 47342 "https://techbumppy.com/all/1242/3.html" "Mozilla/5.0 (Macintosh; Intel Mac OS X 10_15_7) AppleWebKit/605.1.15 (KHTML, like Gecko) Version/17.0 Safari/605.1.15" www.kmu-csr-planer.de
167.71.220.0 - - [26/Aug/2026:08:28:13 +0200] "GET /wp-login.php?redirect_to=https%3A%2F%2Fwww.kmu-csr-planer.de%2Fwp-admin%2Findex.php&reauth=1 HTTP/1.1" 200 9962 "https://www.kmu-csr-planer.de/wp-login.php" "Mozilla/5.0 (X11; Linux x86_64) AppleWebKit/537.36 (KHTML, like Gecko) Chrome/121.0.0.0 Safari/537.36" www.kmu-csr-planer.de
167.71.220.0 - - [26/Aug/2026:08:28:24 +0200] "POST /wp-login.php HTTP/1.1" 200 8073 "https://www.kmu-csr-planer.de/wp-login.php" "Mozilla/5.0 (Macintosh; Intel Mac OS X 13_6_1) AppleWebKit/605.1.15 (KHTML, like Gecko) Version/17.2 Safari/605.1.15" www.kmu-csr-planer.de
185.93.231.0 - - [26/Aug/2026:08:28:31 +0200] "POST /wp-cron.php?doing_wp_cron=1787725711.6553640365600585937500 HTTP/1.1" 200 6636 "-" "7SUbabqgdmQB" kmu-hofmann.de
66.248.203.0 - - [26/Aug/2026:08:28:30 +0200] "GET /?rnd=1787725709254 HTTP/1.1" 301 6988 "-" "Sucuri-UptimeMonitoring" www.kmu-hofmann.de
66.248.203.0 - - [26/Aug/2026:08:28:32 +0200] "GET /?rnd=1787725709254 HTTP/1.1" 200 42426 "https://www.kmu-hofmann.de/?rnd=1787725709254" "Sucuri-UptimeMonitoring" kmu-hofmann.de
167.71.220.0 - - [26/Aug/2026:08:28:33 +0200] "GET /wp-admin/index.php HTTP/1.1" 302 4818 "https://www.kmu-csr-planer.de/wp-login.php" "Mozilla/5.0 (Windows NT 11.0; Win64; x64; rv:121.0) Gecko/20100101 Firefox/121.0" www.kmu-csr-planer.de
66.248.203.0 - - [26/Aug/2026:08:28:51 +0200] "GET /robots.txt HTTP/1.1" 304 6567 "-" "Mozilla/5.0 (compatible; DataForSeoBot/1.0; +https://dataforseo.com/dataforseo-bot)" kmu-hofmann.de
167.71.220.0 - - [26/Aug/2026:08:28:54 +0200] "GET /wp-login.php?redirect_to=https%3A%2F%2Fwww.kmu-csr-planer.de%2Fwp-admin%2Findex.php&reauth=1 HTTP/1.1" 200 9962 "https://www.kmu-csr-planer.de/wp-login.php" "Mozilla/5.0 (Windows NT 11.0; Win64; x64; rv:121.0) Gecko/20100101 Firefox/121.0" www.kmu-csr-planer.de
167.71.220.0 - - [26/Aug/2026:08:29:03 +0200] "POST /wp-login.php HTTP/1.1" 200 8078 "https://www.kmu-csr-planer.de/wp-login.php" "Mozilla/5.0 (X11; Linux x86_64) AppleWebKit/537.36 (KHTML, like Gecko) Chrome/121.0.0.0 Safari/537.36" www.kmu-csr-planer.de
167.71.220.0 - - [26/Aug/2026:08:29:13 +0200] "GET /wp-admin/index.php HTTP/1.1" 302 4818 "https://www.kmu-csr-planer.de/wp-login.php" "Mozilla/5.0 (Macintosh; Intel Mac OS X 10_15_7) AppleWebKit/605.1.15 (KHTML, like Gecko) Version/17.1 Safari/605.1.15" www.kmu-csr-planer.de
167.71.220.0 - - [26/Aug/2026:08:29:23 +0200] "GET /wp-login.php?redirect_to=https%3A%2F%2Fwww.kmu-csr-planer.de%2Fwp-admin%2Findex.php&reauth=1 HTTP/1.1" 200 9962 "https://www.kmu-csr-planer.de/wp-login.php" "Mozilla/5.0 (Macintosh; Intel Mac OS X 10_15_7) AppleWebKit/605.1.15 (KHTML, like Gecko) Version/17.1 Safari/605.1.15" www.kmu-csr-planer.de
167.71.220.0 - - [26/Aug/2026:08:29:32 +0200] "POST /wp-login.php HTTP/1.1" 200 8071 "https://www.kmu-csr-planer.de/wp-login.php" "Mozilla/5.0 (Windows NT 10.0; Win64; x64) AppleWebKit/537.36 (KHTML, like Gecko) Chrome/120.0.0.0 Safari/537.36" www.kmu-csr-planer.de
167.71.220.0 - - [26/Aug/2026:08:29:41 +0200] "GET /wp-admin/index.php HTTP/1.1" 302 4818 "https://www.kmu-csr-planer.de/wp-login.php" "Mozilla/5.0 (Macintosh; Intel Mac OS X 13_6_1) AppleWebKit/605.1.15 (KHTML, like Gecko) Version/16.6 Safari/605.1.15" www.kmu-csr-planer.de
167.71.220.0 - - [26/Aug/2026:08:29:50 +0200] "GET /wp-login.php?redirect_to=https%3A%2F%2Fwww.kmu-csr-planer.de%2Fwp-admin%2Findex.php&reauth=1 HTTP/1.1" 200 9962 "https://www.kmu-csr-planer.de/wp-login.php" "Mozilla/5.0 (Macintosh; Intel Mac OS X 13_6_1) AppleWebKit/605.1.15 (KHTML, like Gecko) Version/16.6 Safari/605.1.15" www.kmu-csr-planer.de
167.71.220.0 - - [26/Aug/2026:08:30:01 +0200] "POST /wp-login.php HTTP/1.1" 200 8072 "https://www.kmu-csr-planer.de/wp-login.php" "Mozilla/5.0 (X11; Linux x86_64) AppleWebKit/537.36 (KHTML, like Gecko) Chrome/118.0.0.0 Safari/537.36" www.kmu-csr-planer.de
167.71.220.0 - - [26/Aug/2026:08:30:15 +0200] "GET /wp-admin/index.php HTTP/1.1" 302 4818 "https://www.kmu-csr-planer.de/wp-login.php" "Mozilla/5.0 (Macintosh; Intel Mac OS X 10_15_7) AppleWebKit/537.36 (KHTML, like Gecko) Chrome/120.0.0.0 Safari/537.36" www.kmu-csr-planer.de
167.71.220.0 - - [26/Aug/2026:08:30:26 +0200] "GET /wp-login.php?redirect_to=https%3A%2F%2Fwww.kmu-csr-planer.de%2Fwp-admin%2Findex.php&reauth=1 HTTP/1.1" 200 9962 "https://www.kmu-csr-planer.de/wp-login.php" "Mozilla/5.0 (Macintosh; Intel Mac OS X 10_15_7) AppleWebKit/537.36 (KHTML, like Gecko) Chrome/120.0.0.0 Safari/537.36" www.kmu-csr-planer.de
167.71.220.0 - - [26/Aug/2026:08:30:35 +0200] "POST /wp-login.php HTTP/1.1" 200 8010 "https://www.kmu-csr-planer.de/wp-login.php" "Mozilla/5.0 (Windows NT 11.0; Win64; x64; rv:121.0) Gecko/20100101 Firefox/121.0" www.kmu-csr-planer.de
167.71.220.0 - - [26/Aug/2026:08:30:43 +0200] "GET /wp-admin/index.php HTTP/1.1" 302 4818 "https://www.kmu-csr-planer.de/wp-login.php" "Mozilla/5.0 (X11; Ubuntu; Linux x86_64) AppleWebKit/537.36 (KHTML, like Gecko) Chrome/120.0.0.0 Safari/537.36" www.kmu-csr-planer.de
167.71.220.0 - - [26/Aug/2026:08:30:51 +0200] "GET /wp-login.php?redirect_to=https%3A%2F%2Fwww.kmu-csr-planer.de%2Fwp-admin%2Findex.php&reauth=1 HTTP/1.1" 200 9962 "https://www.kmu-csr-planer.de/wp-login.php" "Mozilla/5.0 (X11; Ubuntu; Linux x86_64) AppleWebKit/537.36 (KHTML, like Gecko) Chrome/120.0.0.0 Safari/537.36" www.kmu-csr-planer.de
167.71.220.0 - - [26/Aug/2026:08:31:02 +0200] "POST /wp-login.php HTTP/1.1" 200 8069 "https://www.kmu-csr-planer.de/wp-login.php" "Mozilla/5.0 (Windows NT 10.0; Win64; x64; rv:119.0) Gecko/20100101 Firefox/119.0" www.kmu-csr-planer.de
167.71.220.0 - - [26/Aug/2026:08:31:13 +0200] "GET /wp-admin/index.php HTTP/1.1" 302 4818 "https://www.kmu-csr-planer.de/wp-login.php" "Mozilla/5.0 (Macintosh; Intel Mac OS X 13_6_1) AppleWebKit/605.1.15 (KHTML, like Gecko) Version/17.0 Safari/605.1.15" www.kmu-csr-planer.de
167.71.220.0 - - [26/Aug/2026:08:31:23 +0200] "GET /wp-login.php?redirect_to=https%3A%2F%2Fwww.kmu-csr-planer.de%2Fwp-admin%2Findex.php&reauth=1 HTTP/1.1" 200 9962 "https://www.kmu-csr-planer.de/wp-login.php" "Mozilla/5.0 (Macintosh; Intel Mac OS X 13_6_1) AppleWebKit/605.1.15 (KHTML, like Gecko) Version/17.0 Safari/605.1.15" www.kmu-csr-planer.de
167.71.220.0 - - [26/Aug/2026:08:31:35 +0200] "POST /wp-login.php HTTP/1.1" 200 8071 "https://www.kmu-csr-planer.de/wp-login.php" "Mozilla/5.0 (Windows NT 11.0; Win64; x64; rv:119.0) Gecko/20100101 Firefox/119.0" www.kmu-csr-planer.de
167.71.220.0 - - [26/Aug/2026:08:31:42 +0200] "GET /wp-admin/index.php HTTP/1.1" 302 4818 "https://www.kmu-csr-planer.de/wp-login.php" "Mozilla/5.0 (Macintosh; Intel Mac OS X 10_15_7; rv:120.0) Gecko/20100101 Firefox/120.0" www.kmu-csr-planer.de
167.71.220.0 - - [26/Aug/2026:08:31:46 +0200] "GET /wp-login.php?redirect_to=https%3A%2F%2Fwww.kmu-csr-planer.de%2Fwp-admin%2Findex.php&reauth=1 HTTP/1.1" 200 5645 "https://www.kmu-csr-planer.de/wp-login.php" "Mozilla/5.0 (Macintosh; Intel Mac OS X 10_15_7; rv:120.0) Gecko/20100101 Firefox/120.0" www.kmu-csr-planer.de
167.71.220.0 - - [26/Aug/2026:08:31:53 +0200] "POST /wp-login.php HTTP/1.1" 200 8069 "https://www.kmu-csr-planer.de/wp-login.php" "Mozilla/5.0 (Macintosh; Intel Mac OS X 10_15_7) AppleWebKit/537.36 (KHTML, like Gecko) Chrome/120.0.0.0 Safari/537.36" www.kmu-csr-planer.de
167.71.220.0 - - [26/Aug/2026:08:32:00 +0200] "GET /wp-admin/index.php HTTP/1.1" 302 4818 "https://www.kmu-csr-planer.de/wp-login.php" "Mozilla/5.0 (Windows NT 11.0; Win64; x64) AppleWebKit/537.36 (KHTML, like Gecko) Chrome/121.0.0.0 Safari/537.36" www.kmu-csr-planer.de
167.71.220.0 - - [26/Aug/2026:08:32:09 +0200] "GET /wp-login.php?redirect_to=https%3A%2F%2Fwww.kmu-csr-planer.de%2Fwp-admin%2Findex.php&reauth=1 HTTP/1.1" 200 9962 "https://www.kmu-csr-planer.de/wp-login.php" "Mozilla/5.0 (Windows NT 11.0; Win64; x64) AppleWebKit/537.36 (KHTML, like Gecko) Chrome/121.0.0.0 Safari/537.36" www.kmu-csr-planer.de
167.71.220.0 - - [26/Aug/2026:08:32:19 +0200] "POST /wp-login.php HTTP/1.1" 200 8010 "https://www.kmu-csr-planer.de/wp-login.php" "Mozilla/5.0 (Macintosh; Intel Mac OS X 13_6_1) AppleWebKit/605.1.15 (KHTML, like Gecko) Version/17.0 Safari/605.1.15" www.kmu-csr-planer.de
167.71.220.0 - - [26/Aug/2026:08:32:32 +0200] "GET /wp-admin/index.php HTTP/1.1" 302 4818 "https://www.kmu-csr-planer.de/wp-login.php" "Mozilla/5.0 (X11; Ubuntu; Linux x86_64) AppleWebKit/537.36 (KHTML, like Gecko) Chrome/119.0.0.0 Safari/537.36" www.kmu-csr-planer.de
66.248.202.0 - - [26/Aug/2026:08:32:39 +0200] "GET /wp-content/plugins/optin-forms/css/optinforms.css?ver=1.3.7.2 HTTP/1.1" 200 22065 "https://kmu-hofmann.de/2019/01/wie-s-m-a-r-t-sind-ihre-ziele/" "Mozilla/5.0 (Macintosh; Intel Mac OS X 10_15_7) AppleWebKit/605.1.15 (KHTML, like Gecko) Version/17.4 Safari/605.1.15 (Applebot/0.1; +http://www.apple.com/go/applebot)" kmu-hofmann.de
66.248.202.0 - - [26/Aug/2026:08:32:39 +0200] "GET /wp-includes/css/admin-bar.min.css?ver=7.0.4 HTTP/1.1" 200 27431 "https://kmu-hofmann.de/2019/01/wie-s-m-a-r-t-sind-ihre-ziele/" "Mozilla/5.0 (Macintosh; Intel Mac OS X 10_15_7) AppleWebKit/605.1.15 (KHTML, like Gecko) Version/17.4 Safari/605.1.15 (Applebot/0.1; +http://www.apple.com/go/applebot)" kmu-hofmann.de
167.71.220.0 - - [26/Aug/2026:08:32:39 +0200] "GET /wp-login.php?redirect_to=https%3A%2F%2Fwww.kmu-csr-planer.de%2Fwp-admin%2Findex.php&reauth=1 HTTP/1.1" 200 9962 "https://www.kmu-csr-planer.de/wp-login.php" "Mozilla/5.0 (X11; Ubuntu; Linux x86_64) AppleWebKit/537.36 (KHTML, like Gecko) Chrome/119.0.0.0 Safari/537.36" www.kmu-csr-planer.de
66.248.202.0 - - [26/Aug/2026:08:32:41 +0200] "GET /wp-content/plugins/contact-form-7/includes/css/styles.css?ver=6.1.7 HTTP/1.1" 200 9583 "https://kmu-hofmann.de/2019/01/wie-s-m-a-r-t-sind-ihre-ziele/" "Mozilla/5.0 (Macintosh; Intel Mac OS X 10_15_7) AppleWebKit/605.1.15 (KHTML, like Gecko) Version/17.4 Safari/605.1.15 (Applebot/0.1; +http://www.apple.com/go/applebot)" kmu-hofmann.de
66.248.202.0 - - [26/Aug/2026:08:32:43 +0200] "GET /wp-content/plugins/cookie-notice/css/front.min.css?ver=3.1.8 HTTP/1.1" 200 12435 "https://kmu-hofmann.de/2019/01/wie-s-m-a-r-t-sind-ihre-ziele/" "Mozilla/5.0 (Macintosh; Intel Mac OS X 10_15_7) AppleWebKit/605.1.15 (KHTML, like Gecko) Version/17.4 Safari/605.1.15 (Applebot/0.1; +http://www.apple.com/go/applebot)" kmu-hofmann.de
66.248.202.0 - - [26/Aug/2026:08:32:44 +0200] "GET /wp-content/plugins/wp-gdpr-compliance/Assets/css/front.css?ver=1688557669 HTTP/1.1" 200 32992 "https://kmu-hofmann.de/2019/01/wie-s-m-a-r-t-sind-ihre-ziele/" "Mozilla/5.0 (Macintosh; Intel Mac OS X 10_15_7) AppleWebKit/605.1.15 (KHTML, like Gecko) Version/17.4 Safari/605.1.15 (Applebot/0.1; +http://www.apple.com/go/applebot)" kmu-hofmann.de
66.248.202.0 - - [26/Aug/2026:08:32:46 +0200] "GET /wp-includes/css/dashicons.min.css?ver=7.0.4 HTTP/1.1" 200 65764 "https://kmu-hofmann.de/2019/01/wie-s-m-a-r-t-sind-ihre-ziele/" "Mozilla/5.0 (Macintosh; Intel Mac OS X 10_15_7) AppleWebKit/605.1.15 (KHTML, like Gecko) Version/17.4 Safari/605.1.15 (Applebot/0.1; +http://www.apple.com/go/applebot)" kmu-hofmann.de
66.248.202.0 - - [26/Aug/2026:08:32:47 +0200] "GET /wp-includes/js/jquery/jquery.min.js?ver=3.7.1 HTTP/1.1" 200 94387 "https://kmu-hofmann.de/2019/01/wie-s-m-a-r-t-sind-ihre-ziele/" "Mozilla/5.0 (Macintosh; Intel Mac OS X 10_15_7) AppleWebKit/605.1.15 (KHTML, like Gecko) Version/17.4 Safari/605.1.15 (Applebot/0.1; +http://www.apple.com/go/applebot)" kmu-hofmann.de
